NOAA-Style Climate Reports

Select a Year or Month report
2017: Gen Feb Mar Apr Mag Giu Lug Ago Set Ott Nov Dic
2016: Gen Feb Mar Apr Mag Giu Lug Ago Set Ott Nov Dic
2015: Gen Feb Mar Apr Mag Giu Lug Ago Set Ott Nov Dic
2014: Gen Feb Mar Apr Mag Giu Lug Ago Set Ott Nov Dic
2013: Gen Feb Mar Apr Mag Giu Lug Ago Set Ott Nov Dic
2012: Gen Feb Mar Apr Mag Giu Lug Ago Set Ott Nov Dic
2011: Gen Feb Mar Apr Mag Giu Lug Ago Set Ott Nov Dic

Report for 2017 Maggio
                   Monthly Climatological Summary for May 2017

Name: AT165-Meteoredipuglia   City: Fogliano Redipuglia   State: Italy
Elevation: 14 m  Lat: N 45 50 39   Lon: E 013 29 22

                  Temperature (°C), Rain (mm), Wind Speed (m/s)

                                      Heat  Cool        Avg
    Mean                              Deg   Deg         Wind                 Dom
Day Temp  High   Time   Low    Time   Days  Days  Rain  Speed High   Time    Dir
----------------------------------------------------------------------------------
01  13.4  20.4   12:44   7.1   04:11   5.0   0.1   5.8   1.9   9.9   20:29    SE
02  13.0  18.4   13:17   7.8   23:37   5.3   0.0   0.0   1.5   6.8   02:10     S
03  13.8  21.2   11:42   6.8   02:35   4.9   0.4   0.0   1.4   5.0   14:13     S
04  12.5  18.8   14:40   7.9   03:49   5.8   0.0   2.0   0.7   3.9   15:25   ESE
05  14.6  20.3   14:47   9.9   23:28   3.9   0.2   1.6   1.3   5.9   14:35   SSW
06  14.4  20.8   09:00   9.3   03:16   4.0   0.1   7.6   0.9   5.9   17:57    SW
07  14.6  21.2   13:11  10.4   23:53   3.9   0.2   1.8   1.0   5.8   15:35    SW
08  14.8  21.2   12:29   9.4   02:22   3.7   0.2   1.1   1.8   5.6   16:00   ENE
09  14.6  20.5   14:46  11.2   23:50   3.7   0.1   2.1   3.3  10.1   22:51   ENE
10  13.7  18.9   14:29   9.5   03:55   4.6   0.0   0.0   1.9   8.7   00:01   ESE
11  14.6  17.7   14:59  10.8   01:17   3.7   0.0   6.1   0.8   4.9   09:38   ENE
12  17.5  21.4   14:28  14.5   00:01   1.4   0.5   0.0   1.8   7.1   07:53     S
13  17.9  22.9   14:53  14.3   21:49   1.4   1.1   0.2   1.6   6.0   09:45   SSE
14  18.9  24.8   12:10  13.6   03:41   1.3   1.9   0.0   1.3   4.8   12:18     S
15  19.4  24.5   11:09  14.1   01:02   1.0   2.1   0.0   1.9  11.6   13:07     E
16  21.1  29.8   12:06  12.2   02:56   1.1   3.9   0.0   1.4   5.4   14:06    NW
17  21.9  27.7   10:35  14.7   04:12   0.4   4.0   0.0   1.7   7.7   20:28   ESE
18  20.9  27.1   13:28  13.8   23:46   0.7   3.3   0.0   1.6   4.8   10:36     S
19  19.4  25.3   13:36  12.5   02:57   1.3   2.5   0.9   1.5   5.5   09:38     S
20  15.3  20.0   07:59  12.5   23:55   3.1   0.1  12.3   1.3   5.9   07:09   SSE
21  19.1  27.0   16:04  11.6   02:47   1.9   2.7   0.0   1.1   6.2   13:55     W
22  20.6  27.3   12:55  13.4   03:05   0.9   3.2   0.0   1.3   5.3   13:47     W
23  21.4  29.0   12:26  14.4   03:48   0.6   3.7   0.0   1.4   7.5   13:54     S
24  21.1  27.5   10:41  16.1   01:34   0.3   3.1   0.0   1.3   5.9   11:35   SSE
25  19.4  25.2   11:34  14.5   04:04   0.9   2.0   0.0   1.7   6.1   03:11    SW
----------------------------------------------------------------------------------
    17.1  29.8    16     6.8     3    64.8  35.4  41.5   1.5  11.6    15     SSE

Max >=  27.0  7
Max <=   0.0  0
Min <=   0.0  0
Min <=  -5.0  0
Max Rain: 12.3 on day 20
Days of Rain: 11 (>= 0.2 mm)  6 (>= 2.0 mm)  0 (>= 20.0 mm)
Heat Base: 18.3  Cool Base: 18.3  Method: Integration