NOAA-Style Climate Reports

Select a Year or Month report
2017: Gen Feb Mar Apr Mag Giu Lug Ago Set Ott Nov Dic
2016: Gen Feb Mar Apr Mag Giu Lug Ago Set Ott Nov Dic
2015: Gen Feb Mar Apr Mag Giu Lug Ago Set Ott Nov Dic
2014: Gen Feb Mar Apr Mag Giu Lug Ago Set Ott Nov Dic
2013: Gen Feb Mar Apr Mag Giu Lug Ago Set Ott Nov Dic
2012: Gen Feb Mar Apr Mag Giu Lug Ago Set Ott Nov Dic
2011: Gen Feb Mar Apr Mag Giu Lug Ago Set Ott Nov Dic

Report for 2017 Luglio
                   Monthly Climatological Summary for Jul 2017

Name: AT165-Meteoredipuglia   City: Fogliano Redipuglia   State: Italy
Elevation: 14 m  Lat: N 45 50 39   Lon: E 013 29 20

                  Temperature (°C), Rain (mm), Wind Speed (m/s)

                                      Heat  Cool        Avg
    Mean                              Deg   Deg         Wind                 Dom
Day Temp  High   Time   Low    Time   Days  Days  Rain  Speed High   Time    Dir
----------------------------------------------------------------------------------
01  20.9  26.1   17:24  15.2   03:58   0.4   3.0   0.0   2.1   8.3   11:09     S
02  22.9  30.6   16:57  15.2   02:44   0.4   5.0   0.0   1.7  10.4   10:54    NE
03  23.6  28.7   13:24  17.3   00:24   0.0   5.4   0.0   2.1  10.4   19:57    NE
04  24.3  30.3   10:09  19.6   23:53   0.0   5.9   0.0   1.4   7.7   12:21   WSW
05  25.6  30.7   13:41  14.5   19:29   0.0   7.2   0.0   1.6   9.5   12:41   WSW
06  26.6  32.2   15:50  18.8   03:02   0.0   8.3   0.0   1.3   8.6   12:27    SW
07  26.5  32.7   12:32  20.5   03:29   0.0   8.2   0.0   1.2   7.7   16:34    SW
08  27.7  34.7   11:39  20.4   00:50   0.0   9.4   0.3   1.5   7.7   23:02     W
09  26.8  33.5   13:57  19.6   01:21   0.0   8.5   3.6   2.1  16.0   02:10   NNW
10  26.5  30.8   13:29  21.5   23:56   0.0   8.1   0.0   2.1   8.3   09:19     S
11  24.6  28.6   14:45  20.1   23:16   0.0   6.3   0.0   3.2  14.2   18:21     S
12  24.7  29.1   17:13  18.8   03:05   0.0   6.4   0.0   2.0   9.0   01:00   SSE
13  25.9  30.9   13:17  21.1   01:28   0.0   7.6   0.0   5.3  19.4   22:57     E
14  22.6  27.6   14:29  17.1   06:30   0.0   4.3   1.5   5.5  18.5   04:46     E
15  22.2  29.7   11:00  16.3   03:11   0.2   4.2   0.0   2.5  13.8   12:41   ENE
16  21.8  28.2   16:30  12.8   03:42   0.8   4.3   0.0   2.2  12.6   10:49   ENE
17  23.2  29.4   15:26  13.7   03:37   0.6   5.5   0.0   2.1   9.5   14:13   NNW
18  24.7  31.9   14:18  16.5   02:40   0.1   6.5   0.0   1.8   7.4   14:32   WSW
19  23.5  30.1   13:32  16.4   02:42   0.2   5.4   0.0   1.6   6.9   11:48   SSW
20  24.1  29.8   13:06  18.4   01:10   0.0   5.8   0.0   1.6   6.5   10:57     S
21  26.6  33.5   14:48  19.4   02:36   0.0   8.3   0.0   1.5   6.9   13:29    NW
22  26.4  30.8   11:51  21.9   00:18   0.0   8.1   0.0   2.0   8.6   14:37     S
23  27.0  32.6   15:19  21.0   04:29   0.0   8.6   0.0   1.8   8.3   01:52     S
24  22.4  30.3   11:02  16.2   23:57   0.2   4.4  24.9   2.7  24.1   14:44   ENE
25  20.9  29.7   14:16  14.5   23:53   0.9   3.5   0.6   1.9  18.5   16:08   NNW
26  20.9  25.6   15:44  13.6   03:13   0.7   3.3   0.0   1.5   9.5   01:50     N
----------------------------------------------------------------------------------
    24.3  34.7     8    12.8    16     4.5 161.5  30.9   2.2  24.1    24     ESE

Max >=  27.0 24
Max <=   0.0  0
Min <=   0.0  0
Min <=  -5.0  0
Max Rain: 24.9 on day 24
Days of Rain: 5 (>= 0.2 mm)  2 (>= 2.0 mm)  1 (>= 20.0 mm)
Heat Base: 18.3  Cool Base: 18.3  Method: Integration