NOAA-Style Climate Reports


Report for 2019 June
                   Monthly Climatological Summary for Jun 2019

Name: AT165-Meteoredipuglia   City: Fogliano Redipuglia   State: Italy
Elevation: 14 m  Lat: N 45 50 39   Lon: E 013 29 20

                  Temperature (°C), Rain (mm), Wind Speed (m/s)

                                      Heat  Cool        Avg
    Mean                              Deg   Deg         Wind                 Dom
Day Temp  High   Time   Low    Time   Days  Days  Rain  Speed High   Time    Dir
----------------------------------------------------------------------------------
01  21.8  29.1   14:20  11.0   03:55   1.3   4.8   0.0   1.9  11.2   14:39   WNW
02  23.1  31.2   12:49  15.7   03:55   0.2   5.0   0.0   1.6  10.8   17:55     N
03  23.8  29.5   14:20  16.6   03:33   0.1   5.6   0.0   1.6   6.9   13:05    SW
04  22.7  29.0   09:26  17.6   23:59   0.0   4.5   0.0   1.6   7.4   02:31   SSE
05  21.7  26.4   13:56  16.1   02:39   0.3   3.8   0.0   1.5   6.1   10:16   WSW
06  22.1  25.9   09:54  18.6   02:20   0.0   3.8   0.0   2.1   8.6   11:19   SSW
07  21.8  25.8   17:01  17.0   02:47   0.1   3.6   0.0   2.3   9.0   12:11     S
08  23.1  27.8   15:18  17.1   02:40   0.1   4.9   0.0   2.1   7.7   00:51   SSE
09  25.7  34.5   13:31  17.2   03:27   0.0   7.5   0.0   1.7   6.9   08:51     E
10  27.2  34.5   12:47  19.5   02:38   0.0   8.9   0.0   1.5   7.7   14:25     S
11  27.3  31.9   10:09  22.1   23:55   0.0   9.0   0.0   1.8  10.4   01:39   SSW
12  26.6  31.0   13:31  21.7   00:15   0.0   8.3   0.0   1.8   7.7   08:34   SSW
13  24.3  28.9   16:11  17.6   23:31   0.0   6.0   0.0   2.3   9.5   10:48   SSE
14  26.0  34.7   14:15  16.2   03:31   0.2   7.9   0.0   1.2   6.9   23:14    SW
15  26.8  33.9   10:26  21.3   00:36   0.0   8.5   0.0   1.9  11.7   06:27   SSE
16  26.7  31.7   14:11  20.1   02:30   0.0   8.4   0.0   2.7  12.6   21:39    SE
17  26.1  31.0   13:43  20.3   03:11   0.0   7.8   0.0   3.7  13.0   11:12     E
18  25.1  31.6   12:21  19.8   03:35   0.0   6.8   0.0   2.4  17.7   16:11     E
19  25.1  30.5   13:58  19.9   01:35   0.0   6.8   0.0   1.9   9.5   15:00    SE
20  25.3  30.5   12:07  19.8   03:44   0.0   7.0   0.0   2.0   8.6   13:34   SSE
21  26.1  32.7   17:15  20.3   00:16   0.0   7.8   0.0   1.9   8.3   01:42     S
22  21.9  28.7   14:44  18.2   21:51   0.0   3.6  23.4   2.1   9.9   16:37   ENE
23  23.1  31.2   14:15  18.0   03:09   0.0   4.8   0.0   1.4  13.0   15:18     S
24  26.6  32.5   15:07  18.1   03:24   0.0   8.3   0.0   1.4   7.4   12:55     W
----------------------------------------------------------------------------------
    24.6  34.7    14    11.0     1     2.3 153.4  23.4   1.9  17.7    18     SSE

Max >=  27.0 21
Max <=   0.0  0
Min <=   0.0  0
Min <=  -5.0  0
Max Rain: 23.4 on day 22
Days of Rain: 1 (>= 0.2 mm)  1 (>= 2.0 mm)  1 (>= 20.0 mm)
Heat Base: 18.3  Cool Base: 18.3  Method: Integration