NOAA-Style Climate Reports
Select a Year or Month report
2024: Gen Feb Mar Apr Mag Giu Lug Ago Set Ott Nov Dic
2023: Gen Feb Mar Apr Mag Giu Lug Ago Set Ott Nov Dic
2022: Gen Feb Mar Apr Mag Giu Lug Ago Set Ott Nov Dic
2021: Gen Feb Mar Apr Mag Giu Lug Ago Set Ott Nov Dic
2020: Gen Feb Mar Apr Mag Giu Lug Ago Set Ott Nov Dic
2019: Gen Feb Mar Apr Mag Giu Lug Ago Set Ott Nov Dic
2018: Gen Feb Mar Apr Mag Giu Lug Ago Set Ott Nov Dic
2017: Gen Feb Mar Apr Mag Giu Lug Ago Set Ott Nov Dic
2016: Gen Feb Mar Apr Mag Giu Lug Ago Set Ott Nov Dic
2015: Gen Feb Mar Apr Mag Giu Lug Ago Set Ott Nov Dic
2014: Gen Feb Mar Apr Mag Giu Lug Ago Set Ott Nov Dic
2013: Gen Feb Mar Apr Mag Giu Lug Ago Set Ott Nov Dic
2012: Gen Feb Mar Apr Mag Giu Lug Ago Set Ott Nov Dic
2011: Gen Feb Mar Apr Mag Giu Lug Ago Set Ott Nov Dic
2024: Gen Feb Mar Apr Mag Giu Lug Ago Set Ott Nov Dic
2023: Gen Feb Mar Apr Mag Giu Lug Ago Set Ott Nov Dic
2022: Gen Feb Mar Apr Mag Giu Lug Ago Set Ott Nov Dic
2021: Gen Feb Mar Apr Mag Giu Lug Ago Set Ott Nov Dic
2020: Gen Feb Mar Apr Mag Giu Lug Ago Set Ott Nov Dic
2019: Gen Feb Mar Apr Mag Giu Lug Ago Set Ott Nov Dic
2018: Gen Feb Mar Apr Mag Giu Lug Ago Set Ott Nov Dic
2017: Gen Feb Mar Apr Mag Giu Lug Ago Set Ott Nov Dic
2016: Gen Feb Mar Apr Mag Giu Lug Ago Set Ott Nov Dic
2015: Gen Feb Mar Apr Mag Giu Lug Ago Set Ott Nov Dic
2014: Gen Feb Mar Apr Mag Giu Lug Ago Set Ott Nov Dic
2013: Gen Feb Mar Apr Mag Giu Lug Ago Set Ott Nov Dic
2012: Gen Feb Mar Apr Mag Giu Lug Ago Set Ott Nov Dic
2011: Gen Feb Mar Apr Mag Giu Lug Ago Set Ott Nov Dic
Report for 2024 Aprile
Monthly Climatological Summary for Apr 2024 Name: MeteoRedipuglia City: Fogliano Redipuglia State: Italy Elevation: 14 m Lat: N 45° 50' 38" Lon: E 013° 29' 20" Temperature (°C), Rain (mm), Wind Speed (m/s) Heat Cool Avg Mean Deg Deg Wind Dom Day Temp High Time Low Time Days Days Rain Speed High Time Dir ---------------------------------------------------------------------------------- 01 13.8 17.1 07:23 9.6 23:29 4.5 0.0 42.0 2.2 12.2 11:59 SE 02 12.5 16.9 11:35 7.5 04:17 5.8 0.0 0.0 1.8 10.2 00:02 SSE 03 12.9 16.8 13:17 9.9 01:28 5.4 0.0 0.0 1.9 8.7 07:47 SSE 04 13.8 17.7 09:43 9.6 04:34 4.5 0.0 0.0 1.5 9.4 11:57 SSE 05 15.0 19.5 12:31 10.7 03:29 3.4 0.1 0.0 1.3 6.1 13:39 S 06 15.4 20.4 14:04 10.9 04:37 3.1 0.3 0.0 1.2 6.7 14:43 S 07 16.7 23.3 15:33 10.3 04:48 2.9 1.3 0.0 0.8 5.4 12:40 SW 08 17.3 24.1 13:18 11.1 02:50 2.4 1.4 0.0 0.9 5.4 09:46 S 09 17.4 24.2 12:49 11.9 02:13 2.2 1.3 0.0 0.8 5.4 14:08 SW 10 18.0 22.6 09:33 13.8 23:56 1.3 1.0 0.0 2.5 19.0 14:04 E 11 18.4 25.2 15:01 10.6 03:11 2.0 2.1 0.0 2.0 14.8 10:39 E 12 19.6 28.1 12:56 11.9 02:52 1.5 2.8 0.0 2.2 14.8 07:14 ESE 13 20.7 29.4 12:43 13.1 04:28 1.2 3.6 0.0 1.3 9.4 10:55 S 14 19.4 25.8 11:54 12.7 04:20 1.6 2.7 0.0 1.2 6.7 12:09 S 15 19.0 23.0 08:47 12.0 04:02 1.2 1.9 0.0 2.4 9.4 10:50 SSE 16 13.7 20.3 12:31 5.9 21:41 4.9 0.3 31.3 3.6 19.6 14:13 SE 17 10.1 17.3 13:19 4.2 01:44 8.2 0.0 0.0 1.2 9.4 15:04 NE 18 10.4 15.5 14:02 5.9 01:10 7.9 0.0 0.0 1.3 14.8 11:05 NE ---------------------------------------------------------------------------------- 15.8 29.4 13 4.2 17 64.0 18.7 73.3 1.7 19.6 16 SE Max >= 33.0 0 Max <= 0.0 0 Min <= 0.0 0 Min <= -5.0 0 Max Rain: 42.0 on day 1 Days of Rain: 2 (>= 0.2 mm) 2 (>= 2.0 mm) 2 (>= 20.0 mm) Heat Base: 18.3 Cool Base: 18.3 Method: Integration