NOAA-Style Climate Reports


Report for 2021 Luglio
                   Monthly Climatological Summary for Jul 2021

Name: AT165-Meteoredipuglia   City: Fogliano Redipuglia   State: Italy
Elevation: 14 m  Lat: N 45° 50' 39"   Lon: E 013° 29' 20"

                  Temperature (°C), Rain (mm), Wind Speed (m/s)

                                      Heat  Cool        Avg
    Mean                              Deg   Deg         Wind                 Dom
Day Temp  High   Time   Low    Time   Days  Days  Rain  Speed High   Time    Dir
----------------------------------------------------------------------------------
01  23.6  30.0   11:05  18.9   23:06   0.0   5.3   0.0   3.1  15.1   12:16   ESE
02  24.5  30.7   13:28  19.2   01:27   0.0   6.2   0.0   1.8  12.6   14:33     S
03  25.7  30.5   07:42  17.7   01:51   0.0   7.4   0.0   1.8   9.9   12:22    SW
04  21.8  28.4   11:29  18.0   04:21   0.0   3.5  54.6   1.8   8.3   20:06   ESE
05  24.2  30.0   16:14  18.3   02:29   0.0   5.9   0.0   1.5   7.4   22:33     W
06  26.4  32.4   16:27  19.2   02:48   0.0   8.1   0.0   1.4   6.9   13:22   WNW
07  27.6  32.8   13:36  19.9   02:53   0.0   9.3   0.0   1.5   6.1   00:13   SSW
08  28.6  35.3   13:07  23.1   03:27   0.0  10.3   0.0   1.6   7.4   14:18    SE
09  24.8  30.0   17:29  19.4   03:51   0.0   6.5   0.0   1.6   9.0   22:42   SSW
10  26.7  32.7   13:55  19.1   01:55   0.0   8.4   0.0   3.3  13.8   09:33     E
11  27.4  33.2   13:45  20.1   03:49   0.0   9.1   0.0   2.1   9.5   22:23   ESE
12  26.8  32.0   09:48  21.2   03:33   0.0   8.5   0.0   1.7   7.4   13:28    SW
13  25.6  32.5   12:42  19.7   23:01   0.0   7.3  21.0   2.5  13.3   17:40   ESE
14  22.8  27.3   15:23  17.9   23:30   0.0   4.5   0.6   2.9   9.9   00:13     S
15  23.0  29.6   14:26  17.2   03:44   0.1   4.8   0.0   1.4   6.5   02:44   SSW
16  21.7  27.4   15:52  17.3   03:40   0.0   3.5   0.3   1.8   9.0   09:25   NNE
17  22.8  30.3   16:13  18.5   02:39   0.0   4.5   0.0   1.3   9.5   09:57     E
18  25.2  32.8   11:42  18.5   01:05   0.0   7.0   0.0   2.6  15.1   13:01     E
19  27.1  33.4   17:15  20.6   04:10   0.0   8.8   0.0   1.8   9.9   01:27   WNW
20  26.6  32.3   09:20  21.1   04:07   0.0   8.3   0.0   1.4   6.9   11:08   WSW
21  26.7  32.1   13:19  21.2   02:28   0.0   8.4   0.0   1.7   6.9   08:56     S
22  25.9  31.2   14:53  19.8   01:42   0.0   7.6   0.0   1.9   9.0   06:22   SSE
23  26.8  32.1   13:46  19.9   03:56   0.0   8.5   0.0   1.7   7.4   12:43   SSW
24  26.5  31.4   12:08  20.6   02:57   0.0   8.2   0.0   1.8   6.9   11:21     S
25  27.3  31.9   10:16  22.0   01:30   0.0   9.0   0.0   2.4   9.0   14:35   SSE
26  26.5  31.4   12:48  20.4   23:58   0.0   8.2   2.1   2.5  10.8   13:32   SSE
27  24.5  32.3   13:43  20.0   01:19   0.0   6.2   1.5   2.0  22.5   17:45     E
28  25.5  31.3   12:12  19.6   03:19   0.0   7.2   0.0   1.9  16.4   18:08   SSW
29  27.3  33.2   13:02  20.6   03:18   0.0   9.0   0.0   1.6   8.3   13:18    NW
30  27.0  32.5   13:26  21.1   04:18   0.0   8.7   0.0   1.9  13.0   18:48   WSW
----------------------------------------------------------------------------------
    25.6  35.3     8    17.2    15     0.1 218.2  80.1   1.9  22.5    27     SSE

Max >=  27.0 30
Max <=   0.0  0
Min <=   0.0  0
Min <=  -5.0  0
Max Rain: 54.6 on day 4
Days of Rain: 6 (>= 0.2 mm)  3 (>= 2.0 mm)  2 (>= 20.0 mm)
Heat Base: 18.3  Cool Base: 18.3  Method: Integration