NOAA-Style Climate Reports


Report for 2013 December
                   Monthly Climatological Summary for dic 2013

Name: IV3ONZ-AT165 / Redipuglia   City: Fogliano Redipuglia   State: Gorizia, Italy
Elevation: -14 m  Lat: N 45° 50' 38"   Lon: E 013° 29' 22"

                  Temperature (°C), Rain (mm), Wind Speed (km/h)

                                      Heat  Cool        Avg
    Mean                              Deg   Deg         Wind                 Dom
Day Temp  High   Time   Low    Time   Days  Days  Rain  Speed High   Time    Dir
----------------------------------------------------------------------------------
 1   8,3  10,8   11.32   5,6   04.55  10,0   0,0   0,0  12,2  42,1   01.30    NE
 2   7,6  11,9   12.30   2,7   20.59  10,7   0,0   0,0  12,7  47,9   09.45   ENE
 3   4,7  12,3   12.30  -0,5   06.33  13,6   0,0   0,0   5,1  28,8   11.00    NE
 4   3,8  11,9   13.20  -0,7   05.21  14,5   0,0   0,0   3,1  13,0   03.23   NNE
 5   5,1  14,0   11.46  -1,9   04.00  13,2   0,0   0,0   4,8  30,2   10.11   ENE
 6   6,9  11,9   12.54   1,0   23.44  11,4   0,0   0,0   7,0  27,7   19.15     E
 7   4,5  12,3   13.34  -1,2   04.12  13,8   0,0   0,0   3,1  14,0   21.03   NNE
 8   5,8  11,3   13.37   2,4   00.00  12,5   0,0   0,0   4,0  25,2   05.22    NE
 9   4,7   7,4   16.06   2,0   22.04  13,6   0,0   0,0   1,7  11,9   20.14   NNE
10   5,6  12,6   13.15   1,6   23.56  12,7   0,0   0,0   2,2   9,7   10.46    NW
11   5,8  12,9   12.28   0,6   04.35  12,5   0,0   0,0   2,4  16,6   23.52   NNW
12   5,4  12,5   12.22  -0,1   23.54  12,9   0,0   0,0   3,1  17,3   06.20     N
13   1,6   4,6   12.33  -1,3   05.06  16,7   0,0   0,0   2,3   8,6   12.01     E
23   3,0   5,3   12.31  -0,7   00.00  14,9   0,0   0,3  ----  17,6   19.09     N
24   0,0   0,0   14.59   0,0   14.59   0,0   0,0   0,0  ----   9,0   23.06   ---
25   0,0   0,0   00.00   0,0   00.00   0,0   0,0  14,4  ----  31,3   12.30   ---
26  14,5  25,3   21.01   0,0   00.00   0,6   0,1  16,0   8,8  41,8   09.10    NE
27   9,3  18,8   14.13   4,3   23.41   9,0   0,0   0,6   3,5  17,6   14.41   NNE
28   4,7   4,7   00.00   4,7   00.00   0,0   0,0   0,6  ----   9,4   00.00   ---
29   9,4  10,3   10.55   0,0   00.46   8,4   0,0  14,3   5,7  34,6   22.03     E
30   7,4  11,1   13.31   5,1   19.09  10,9   0,0   0,0  10,6  48,2   10.27    NE
31   6,3  12,7   14.07   1,6   06.42  12,0   0,0   0,0   5,5  25,6   16.56    NE
----------------------------------------------------------------------------------
     5,7  25,3    26    -1,9     5   223,9   0,1  46,2   5,3  48,2    30      NE

Max >=  27,0:  0
Max <=   0,0:  2
Min <=   0,0: 11
Min <=  -5,0:  0
Max Rain: 16,0 on day 26
Days of Rain: 6 (>= 0,2 mm)  3 (>= 2,0 mm)  0 (>= 20,0 mm)
Heat Base: 18,3  Cool Base: 18,3  Method: Integration