NOAA-Style Climate Reports


Report for 2015 January
                   MONTHLY CLIMATOLOGICAL SUMMARY for JAN 2015


NAME: MeteoRedipuglia       CITY: Fogliano Redipuglia   STATE: Italy               
ELEV:   12.8 m    LAT: 45.8 N    LONG: 13.5 E


                   TEMPERATURE (C), RAIN (mm), WIND SPEED (kph)

                                         HEAT   COOL         AVG
      MEAN                               DEG    DEG          WIND                  DOM
DAY   TEMP   HIGH  TIME    LOW   TIME    DAYS   DAYS   RAIN  SPEED   HIGH  TIME    DIR
---------------------------------------------------------------------------------------
05     5.3   12.5  13:37    2.3  23:26   19.6    0.0     0.0  6.4    22.7  19:15   E
06     5.1   14.3  13:48   -0.6  07:25   20.6    0.0     0.0  5.6    20.9  19:43   ENE
07     6.4    7.7  11:57    4.8  01:06   21.7    0.0     0.0  5.1    20.9  04:44   NE
08     6.0    8.3  13:53    3.6  05:43   22.2    0.0     0.2  1.7    10.1  02:07   NNW
09     5.9    8.3  12:27    3.0  19:07   22.8    0.0     0.0  1.8     9.4  23:22   N
10     7.6   11.3  12:41    4.0  02:09   19.2    0.0     0.0  2.8    10.1  02:08   N
11     7.1    8.8  21:43    1.4  23:40   23.7    0.0     0.0  4.4    24.5  20:18   N
12     4.8   12.9  12:27   -0.3  02:53   21.6    0.0     0.0  4.8    19.4  03:41   E
13     5.7   12.5  12:29    1.3  06:40   20.5    0.0     0.0  3.8    15.8  00:44   E
14     6.5    9.8  14:34    2.2  23:47   22.1    0.0     0.0  2.5     9.7  09:50   NE
15     6.2   10.7  13:24    1.5  03:36   21.9    0.0     0.0  2.6    13.0  07:01   NE
16     9.0   11.1  13:23    5.6  05:12   17.9    0.0     1.8  2.7    11.9  23:09   E
17    11.0   13.1  13:51    7.4  22:49   14.5    0.0     4.7  9.5    31.7  14:04   SE
18     7.8   15.8  13:29    2.0  23:36   16.9    0.0     0.0  3.9    13.0  21:24   E
19     5.0   13.2  11:33    0.4  06:29   20.7    0.0     0.0  3.3    13.7  01:09   NE
20     5.5   13.3  12:19    1.4  02:27   19.7    0.0     0.0  2.7    16.9  10:23   NNW
21     7.3   11.1  11:13    3.8  02:22   19.5    0.0     0.2  4.2    24.8  23:38   NE
22     7.7   10.7  13:51    4.0  22:24   19.7    0.0     2.5  4.1    23.4  02:25   NE
23     8.9   12.7  11:58    3.3  03:39   18.5    0.0     0.0  9.1    41.4  14:28   ENE
24     7.8   11.6  12:11    5.5  23:58   17.5    0.0     0.0  3.1    15.5  17:40   NNE
25     5.6   11.9  11:51    2.2  07:37   20.2    0.0     0.0  2.9    20.5  21:50   N
26     3.1   11.2  13:09   -1.3  06:06   24.0    0.0     0.0  3.0    12.2  12:51   NNW
27     2.9   12.2  12:12   -1.4  03:00   23.2    0.0     0.0  3.2    14.0  11:52   NNW
28     2.2   12.0  13:01   -3.3  05:17   25.1    0.0     0.0  3.6    15.5  12:26   NNW
29     3.2    6.2  14:08   -1.0  01:20   28.2    0.0     3.4  6.3    20.9  20:49   ENE
30     4.0    6.8  10:26    0.5  23:59   26.3    0.0    25.8  5.2    24.5  12:38   NE
31     4.8   12.3  13:12    0.1  00:18   21.8    0.0     0.0  7.2    24.8  18:10   NE
---------------------------------------------------------------------------------------
       6.0   15.8    18    -3.3    28   569.6    0.0    38.6  4.3    41.4    23    NNE

Max >=   32.2:  0
Max <=    0.0:  0
Min <=    0.0:  6
Min <=  -17.8:  0
Max Rain    :   25.8 mm ON 01/30/2015
Days of Rain: 5 (> 0.254 mm) 3 (> 2.54 mm) 1 (> 25.4 mm)