NOAA-Style Climate Reports


Report for 2015 May
                   MONTHLY CLIMATOLOGICAL SUMMARY for MAY 2015


NAME: MeteoRedipuglia       CITY: Fogliano Redipuglia   STATE: Italy               
ELEV:   12.8 m    LAT: 45.8 N    LONG: 13.5 E


                   TEMPERATURE (C), RAIN (mm), WIND SPEED (kph)

                                         HEAT   COOL         AVG
      MEAN                               DEG    DEG          WIND                  DOM
DAY   TEMP   HIGH  TIME    LOW   TIME    DAYS   DAYS   RAIN  SPEED   HIGH  TIME    DIR
---------------------------------------------------------------------------------------
01    14.0   16.7  09:36   12.0  00:00    7.1    0.0    14.6  7.1    24.8  06:59   SE
02    15.9   19.3  13:19   13.3  00:18    3.6    0.0     4.5  5.3    19.8  09:52   SE
03    16.9   20.7  10:57   14.9  04:11    0.9    0.0     0.0  5.0    17.3  01:29   SSE
04    18.1   25.0  12:06   14.1  23:58    0.0    2.3     0.2  3.4    14.0  16:24   NE
05    20.2   29.0  12:10   13.8  01:01    0.0    5.6     0.0  3.7    14.0  14:43   W
06    19.2   26.8  10:19   13.8  03:53    0.0    3.6     0.0  4.7    20.5  11:51   SW
07    21.8   29.9  13:33   14.6  02:47    0.0    7.1     0.0  7.1    37.4  08:34   ENE
08    21.3   29.6  10:58   13.1  02:58    0.0    5.5     0.0  6.2    25.6  07:20   ENE
09    21.0   31.2  09:37   15.1  03:23    0.0    8.8     2.5  5.4    28.4  10:47   NE
10    20.8   29.2  10:29   12.3  04:12    0.0    4.4     0.0  5.7    20.9  12:56   WSW
11    20.6   28.9  09:45   13.1  03:18    0.0    4.9     0.0  5.6    19.8  00:12   WSW
12    19.3   26.7  10:31   12.3  02:07    0.0    2.2     0.0  5.5    19.4  12:17   ENE
13    19.9   27.0  11:47   13.1  02:58    0.0    3.2     0.0  4.4    20.2  14:17   ENE
14    20.9   26.5  11:47   15.6  02:48    0.0    5.0     0.0  5.8    24.5  11:13   ESE
15    18.0   20.2  12:18   16.0  02:36    0.3    0.0     3.1 11.7    37.8  11:41   ENE
16    21.5   26.8  13:41   16.0  23:10    0.0    5.6     0.0  9.6    43.6  10:45   ENE
17    23.1   29.4  12:56   16.1  00:38    0.0    8.0     0.0 12.3    41.0  10:42   ENE
18    23.1   30.7  13:01   16.3  23:56    0.0    9.4     0.0 12.1    42.8  00:59   E
19    21.8   29.8  11:55   15.1  02:13    0.0    7.5     0.0  5.0    20.2  14:01   ENE
20    18.9   25.2  11:31   14.9  19:04    0.0    3.2     5.6  8.6    58.7  16:54   ESE
21    16.5   21.0  14:03   13.6  22:29    1.8    0.0     3.8 14.4    47.9  15:50   ENE
22    14.5   16.4  12:15   12.7  23:40    6.7    0.0     4.0  3.8    23.8  00:50   N
23    13.3   15.6  16:21   11.1  23:58    8.9    0.0     7.2  2.9    16.9  14:24   NE
24    16.8   25.4  11:50    9.2  03:21    1.8    0.0     0.0  4.0    19.4  11:04   NNE
25    18.7   24.6  12:02   12.0  03:09    0.0    0.0     0.0  4.7    20.9  13:00   ENE
26    17.7   24.5  11:41   14.4  03:25    0.0    2.1     2.0  5.5    24.8  12:57   ENE
27    17.5   25.5  12:19   12.4  23:43    0.0    1.2     0.7  4.4    28.4  16:04   NE
28    17.0   23.4  11:29    9.3  02:59    3.5    0.0     0.0  5.3    24.8  11:14   WSW
29    18.8   25.7  12:21   11.5  02:19    0.0    0.6     0.0  4.1    18.0  13:28   ENE
30    20.1   26.6  12:09   12.6  03:48    0.0    2.4     0.0  5.5    18.0  16:18   SSW
31    21.2   28.2  14:03   16.2  02:59    0.0    7.0     0.0  4.4    24.8  12:40   ENE
---------------------------------------------------------------------------------------
      19.0   31.2     9     9.2    24    34.6   99.4    48.3  6.2    58.7    20    ENE

Max >=   32.2:  0
Max <=    0.0:  0
Min <=    0.0:  0
Min <=  -17.8:  0
Max Rain    :   14.6 mm ON 05/01/2015
Days of Rain: 10 (> 0.254 mm) 7 (> 2.54 mm) 0 (> 25.4 mm)