NOAA-Style Climate Reports


Report for 2015 June
                   MONTHLY CLIMATOLOGICAL SUMMARY for JUN 2015


NAME: MeteoRedipuglia       CITY: Fogliano Redipuglia   STATE: Italy               
ELEV:   12.8 m    LAT: 45.8 N    LONG: 13.5 E


                   TEMPERATURE (C), RAIN (mm), WIND SPEED (kph)

                                         HEAT   COOL         AVG
      MEAN                               DEG    DEG          WIND                  DOM
DAY   TEMP   HIGH  TIME    LOW   TIME    DAYS   DAYS   RAIN  SPEED   HIGH  TIME    DIR
---------------------------------------------------------------------------------------
01    21.8   28.9  14:09   15.2  23:56    0.0    6.8     0.0  4.7    17.6  14:13   E
02    22.7   30.0  10:54   15.2  00:00    0.0    7.8     0.0  4.4    18.0  12:46   WSW
03    25.4   34.5  13:20   16.8  03:39    0.0   13.2     0.0  4.8    22.7  14:06   ENE
04    27.2   36.2  13:46   19.8  00:00    0.0   17.5     0.2  5.7    27.7  04:24   NE
05    28.0   36.0  12:51   19.8  03:01    0.0   17.3     0.0  5.6    19.8  07:35   E
06    27.3   35.5  11:44   20.1  02:50    0.0   17.1     0.0  5.3    19.8  13:15   E
07    28.3   34.4  13:43   19.9  03:00    0.0   15.9     0.0 11.9    40.7  11:45   E
08    27.1   34.4  12:59   19.5  23:58    0.0   15.6     0.0  9.8    39.2  07:57   ENE
09    26.2   33.7  12:25   18.2  03:10    0.0   13.8     0.0  6.5    34.2  21:47   SW
10    25.8   33.2  12:52   18.9  23:54    0.0   14.0     0.0  8.4    37.8  07:06   ENE
11    25.9   32.7  11:00   18.5  02:05    0.0   13.2     0.0  4.9    18.0  14:08   S
12    25.7   32.4  10:54   18.8  03:49    0.0   13.2     0.0  5.9    20.9  11:58   S
13    25.3   31.8  12:24   20.8  02:53    0.0   14.4     0.0  7.4    23.4  09:06   SSE
14    21.0   28.4  07:18   17.2  20:15    0.0    8.1     4.5  5.5    20.9  15:58   ENE
15    21.5   27.4  12:25   17.3  19:27    0.0    7.3     2.0  8.0    64.1  18:24   S
16    20.5   26.8  10:21   17.4  01:04    0.0    6.9     0.4  6.6    28.8  15:58   NE
17    20.4   27.4  11:46   15.2  23:37    0.0    5.4     2.5  9.9    32.0  00:45   E
18    21.2   27.7  14:06   13.6  04:04    0.0    4.3     0.0  5.4    23.8  12:48   NNW
19    18.6   24.5  11:50   15.2  23:55    0.0    2.8     8.7  5.5    28.1  15:47   NE
20    17.1   20.6  10:57   12.3  22:19    3.3    0.0     2.1  6.2    25.6  12:16   NE
21    19.5   26.9  12:00   12.4  02:54    0.0    2.5     0.0  4.1    20.5  12:01   NE
22    20.7   27.1  13:09   15.7  00:00    0.0    5.6     0.0  4.8    19.8  15:24   ENE
23    18.3   23.9  08:04   13.2  21:32    0.0    0.5    38.3 13.9    45.0  15:37   E
24    20.7   28.3  14:07   13.5  00:02    0.0    4.7     0.0  7.3    30.2  00:51   ENE
25    21.3   28.2  12:17   15.1  01:42    0.0    6.0     0.0  5.8    20.2  03:50   ENE
26    23.1   29.8  10:46   15.3  01:50    0.0    7.7     0.0  4.8    19.1  12:04   WSW
27    22.8   31.0  14:54   17.0  01:41    0.0   10.3     2.3  4.7    27.7  18:31   NW
28    24.1   31.5  13:59   15.8  03:54    0.0    9.6     0.0  7.1    33.1  22:29   ENE
29    23.7   30.8  15:10   16.7  03:41    0.0    9.8     0.0  3.5    20.5  00:16   N
30    25.6   33.4  12:17   18.7  03:59    0.0   14.0     0.0  5.2    17.3  01:26   ENE
---------------------------------------------------------------------------------------
      23.2   36.2     4    12.3    20     3.3  285.2    60.9  6.5    64.1    15    ENE

Max >=   32.2:  11
Max <=    0.0:  0
Min <=    0.0:  0
Min <=  -17.8:  0
Max Rain    :   38.3 mm ON 06/23/2015
Days of Rain: 8 (> 0.254 mm) 3 (> 2.54 mm) 1 (> 25.4 mm)