NOAA-Style Climate Reports


Report for 2015 July
                   MONTHLY CLIMATOLOGICAL SUMMARY for JUL 2015


NAME: MeteoRedipuglia       CITY: Fogliano Redipuglia   STATE: Italy               
ELEV:   12.8 m    LAT: 45.8 N    LONG: 13.5 E


                   TEMPERATURE (C), RAIN (mm), WIND SPEED (kph)

                                         HEAT   COOL         AVG
      MEAN                               DEG    DEG          WIND                  DOM
DAY   TEMP   HIGH  TIME    LOW   TIME    DAYS   DAYS   RAIN  SPEED   HIGH  TIME    DIR
---------------------------------------------------------------------------------------
01    25.6   32.5  12:58   18.3  02:05    0.0   12.8     0.0  4.4    16.6  11:26   WSW
02    27.0   33.7  13:42   19.3  02:04    0.0   14.8     0.0  4.3    16.9  11:10   WSW
03    27.4   35.4  12:18   20.5  03:22    0.0   17.4     0.2  5.8    43.6  16:33   N
04    27.8   33.7  14:10   20.9  04:12    0.0   16.2     0.0  5.1    17.3  01:31   SE
05    28.7   36.0  11:57   22.1  03:32    0.0   19.4     0.0  4.6    19.1  15:42   WSW
06    28.2   34.4  12:31   22.1  03:17    0.0   17.9     0.0  4.4    16.9  01:46   E
07    29.2   35.7  10:28   22.8  03:58    0.0   19.7     0.0  4.6    18.0  12:44   S
08    28.0   34.5  11:13   19.1  23:25    0.0   15.3    11.1  7.8    49.3  23:19   ENE
09    23.6   28.5  12:52   19.5  00:00    0.0   10.3     0.4 16.8    51.1  07:28   ENE
10    25.2   32.7  13:07   19.4  23:38    0.0   14.0     0.0  9.5    42.8  04:15   ENE
11    25.7   33.8  12:25   18.2  03:11    0.0   13.9     0.0  5.2    20.5  13:30   NE
12    27.6   37.1  13:54   18.2  03:31    0.0   16.8     0.0  3.8    17.3  11:46   N
13    26.5   34.7  13:12   21.3  01:35    0.0   17.5     0.0  7.4    29.2  10:33   ENE
14    27.8   35.6  14:26   19.4  04:03    0.0   16.6     0.0  4.1    18.0  12:39   NE
15    28.4   35.7  12:40   21.4  03:44    0.0   18.5     0.0  5.0    17.6  11:06   ENE
16    29.0   35.6  11:30   22.2  02:28    0.0   19.1     0.0  5.2    17.6  11:35   ESE
17    29.4   36.4  12:10   21.8  03:38    0.0   19.5     0.0  4.9    17.6  13:57   ESE
18    30.1   37.4  13:13   23.6  23:29    0.0   22.0     0.0  5.3    17.6  14:03   SW
19    30.0   37.0  11:02   22.1  03:37    0.0   20.3     0.0  4.9    20.5  12:13   WSW
20    29.9   36.8  11:07   23.0  23:45    0.0   20.8     0.0  5.2    23.4  00:57   SW
21    28.4   36.9  13:23   21.2  03:41    0.0   19.2     0.0  4.1    19.4  12:09   W
22    30.3   37.9  14:17   22.1  00:58    0.0   21.0     0.0  5.4    20.5  15:52   WSW
23    31.3   38.4  12:19   23.4  03:11    0.0   22.7     0.0  7.7    37.4  21:21   E
24    29.5   36.1  11:40   24.7  02:24    0.0   21.7     0.0  6.5    31.7  08:01   E
25    27.0   34.2  11:26   18.8  23:54    0.0   14.6     9.3  7.7    42.8  21:54   ESE
26    22.4   26.8  11:12   18.6  00:37    0.0    7.8     0.0 11.7    50.0  07:49   ENE
27    23.8   29.9  13:51   19.0  23:17    0.0   10.9     2.2  6.7    36.7  23:37   NE
28    22.9   30.1  12:29   18.7  00:59    0.0   10.8     0.0  8.1    31.7  05:33   ENE
29    24.8   31.4  12:17   19.7  22:35    0.0   12.9     0.0 10.3    38.9  15:17   E
30    20.0   22.2  13:42   17.9  11:38    0.0    3.0     5.8 14.4    49.7  10:22   ENE
31    22.2   28.4  12:49   15.5  01:48    0.0    6.4     1.4 14.5    48.2  07:22   ENE
---------------------------------------------------------------------------------------
      27.0   38.4    23    15.5    31     0.0  493.8    30.5  7.0    51.1     9    ENE

Max >=   32.2:  24
Max <=    0.0:  0
Min <=    0.0:  0
Min <=  -17.8:  0
Max Rain    :   11.1 mm ON 07/08/2015
Days of Rain: 6 (> 0.254 mm) 3 (> 2.54 mm) 0 (> 25.4 mm)