NOAA-Style Climate Reports


Report for 2015 August
                   MONTHLY CLIMATOLOGICAL SUMMARY for AUG 2015


NAME: MeteoRedipuglia       CITY: Fogliano Redipuglia   STATE: Italy               
ELEV:   12.8 m    LAT: 45.8 N    LONG: 13.5 E


                   TEMPERATURE (C), RAIN (mm), WIND SPEED (kph)

                                         HEAT   COOL         AVG
      MEAN                               DEG    DEG          WIND                  DOM
DAY   TEMP   HIGH  TIME    LOW   TIME    DAYS   DAYS   RAIN  SPEED   HIGH  TIME    DIR
---------------------------------------------------------------------------------------
01    23.2   31.5  12:46   16.7  04:16    0.0   10.3     6.7  5.0    26.6  01:01   NE
02    22.6   29.4  11:25   18.5  03:43    0.0   10.0     4.9  2.5    13.0  13:02   N
03    26.2   33.7  14:30   18.7  00:48    0.0   14.1     0.0  6.8    26.3  09:47   E
04    27.4   34.2  15:15   20.8  04:10    0.0   16.4     0.0  5.6    21.2  08:46   NNW
05    28.6   36.4  14:11   21.6  04:11    0.0   19.1     0.0  7.4    41.8  09:43   NE
06    29.7   36.4  12:03   21.8  03:19    0.0   19.3     0.0  8.8    31.7  22:13   ENE
07    31.0   37.8  13:19   25.5  23:59    0.0   23.9     0.0 10.9    36.4  08:20   ENE
08    29.1   37.1  11:07   22.1  04:17    0.0   20.2     0.0  4.5    22.7  16:17   NNW
09    28.6   37.3  12:20   21.9  04:12    0.0   20.2     0.0  8.0    37.1  08:22   NE
10    27.8   34.6  11:46   20.1  03:43    0.0   16.2     0.0  9.9    42.8  13:12   ENE
11    26.9   34.6  13:43   20.4  02:47    0.0   16.4     0.0  5.7    42.1  12:02   NE
12    29.2   37.9  13:26   19.9  03:45    0.0   19.0     0.0  4.8    24.8  12:23   N
13    28.7   36.4  14:32   20.9  02:34    0.0   18.5     0.0  5.1    17.6  12:08   NE
14    28.7   35.8  10:39   21.5  02:35    0.0   18.5     0.0  5.5    21.2  01:17   ESE
15    25.4   34.0  13:31   18.9  22:37    0.0   14.5    16.5  6.9    40.3  00:35   N
16    21.9   29.6  09:26   19.0  23:30    0.0   10.7     0.9  5.8    28.1  00:17   E
17    20.4   23.9  15:50   18.3  04:34    0.0    4.9     5.4  1.9    16.2  20:15   NE
18    23.1   28.5  12:33   18.7  03:17    0.0    9.4     0.0  5.8    18.0  21:30   ENE
19    18.9   24.2  09:54   17.1  23:34    0.0    4.1    14.4  4.7    27.4  04:44   NNE
20    20.2   27.6  12:17   15.6  04:05    0.0    5.8     9.0  4.3    40.3  15:09   N
21    19.7   24.5  13:27   16.2  03:42    0.0    3.6     0.0  4.3    28.4  15:03   NE
22    21.1   28.7  12:26   14.2  04:41    0.0    5.5     0.0  3.8    16.9  20:29   NW
23    21.2   28.6  12:03   14.8  03:22    0.0    6.0     0.0  3.9    14.0  11:37   NE
24    19.1   20.9  07:06   17.8  12:45    0.0    1.8    33.1  5.9    24.5  12:05   ENE
25    21.0   27.0  10:19   18.1  03:59    0.0    7.5    17.1  5.9    31.0  22:41   ENE
26    22.8   29.0  15:23   16.9  04:35    0.0    8.2     0.0  7.0    33.1  09:07   E
27    23.2   31.4  12:18   16.8  04:05    0.0   10.3     0.0  4.4    15.5  13:45   NE
28    23.4   30.6  14:23   17.0  03:03    0.0    9.8     0.0  3.2    13.0  12:55   E
29    25.0   33.8  13:14   18.4  04:46    0.0   13.9     0.0  3.5    17.3  13:37   NW
30    25.4   34.6  12:49   18.2  04:32    0.0   14.5     0.0  4.0    18.4  14:39   E
31    24.7   32.6  15:05   18.8  04:07    0.0   13.2     0.0  4.4    17.6  05:40   ENE
---------------------------------------------------------------------------------------
      24.6   37.9    12    14.2    22     0.0  385.8   107.9  5.5    42.8    10    NE

Max >=   32.2:  16
Max <=    0.0:  0
Min <=    0.0:  0
Min <=  -17.8:  0
Max Rain    :   33.1 mm ON 08/24/2015
Days of Rain: 9 (> 0.254 mm) 8 (> 2.54 mm) 1 (> 25.4 mm)