NOAA-Style Climate Reports


Report for 2015 September
                   MONTHLY CLIMATOLOGICAL SUMMARY for SEP 2015


NAME: MeteoRedipuglia       CITY: Fogliano Redipuglia   STATE: Italy               
ELEV:   12.8 m    LAT: 45.8 N    LONG: 13.5 E


                   TEMPERATURE (C), RAIN (mm), WIND SPEED (kph)

                                         HEAT   COOL         AVG
      MEAN                               DEG    DEG          WIND                  DOM
DAY   TEMP   HIGH  TIME    LOW   TIME    DAYS   DAYS   RAIN  SPEED   HIGH  TIME    DIR
---------------------------------------------------------------------------------------
01    23.9   31.0  12:00   17.9  02:21    0.0   10.9     0.0  5.4    17.6  15:54   ESE
02    22.9   29.5  15:25   19.1  04:49    0.0   10.7     2.7  5.3    22.7  11:12   E
03    23.3   27.9  11:33   19.6  01:05    0.0    9.7     0.0  7.7    27.7  08:04   ESE
04    22.6   28.1  14:29   16.8  22:01    0.0    7.3    20.9  9.1    32.0  22:17   SE
05    18.5   25.2  14:03   13.5  23:49    0.0    1.8     9.9  7.4    47.5  18:18   NE
06    18.6   25.4  12:27   12.0  04:27    0.0    0.6     0.0  6.7    34.2  22:41   N
07    19.0   26.2  12:14   11.8  23:45    0.0    1.1     0.0 11.6    38.2  03:55   ENE
08    18.2   26.3  13:21   10.7  04:36    0.0    0.2     0.0  4.4    25.2  19:35   N
09    17.8   23.6  13:04   11.5  04:57    1.5    0.0     0.0  8.7    42.5  15:15   ENE
10    17.4   22.6  12:34   11.1  03:45    2.7    0.0     0.0  9.7    42.1  09:42   ENE
11    17.3   25.7  12:34    9.9  04:10    1.0    0.0     0.0  4.2    14.0  09:32   NE
12    18.3   25.6  14:08   11.6  04:53    0.0    0.4     0.0  4.3    19.4  12:34   ENE
13    20.6   28.2  12:52   14.9  00:11    0.0    5.7     2.7  5.0    20.2  20:07   E
14    21.8   26.7  14:40   17.1  05:11    0.0    6.3     7.9 11.0    39.6  12:41   SE
15    22.7   26.9  12:52   19.6  23:03    0.0    8.8     0.0  8.0    28.1  09:22   SE
16    21.9   26.8  13:44   18.4  02:24    0.0    7.6     6.5  4.2    17.6  11:37   NE
17    24.2   30.3  14:21   20.2  23:08    0.0   12.4     0.0  5.6    20.9  08:09   ESE
18    24.4   29.7  09:11   19.1  04:01    0.0   10.8     0.0  5.0    20.9  13:29   SSE
19    21.6   26.0  10:19   18.2  21:13    0.0    6.7     0.0  4.6    21.2  23:05   ENE
20    21.0   28.5  13:37   14.8  05:29    0.0    5.9     0.0  6.9    24.8  21:28   ENE
21    18.7   26.0  13:28   14.2  04:46    0.0    3.1     0.0  7.1    21.2  18:24   ENE
22    17.4   25.5  12:47   11.3  05:00    0.0    0.1     0.0  4.9    21.2  10:18   NE
23    17.0   22.1  09:02   14.1  22:59    0.5    0.0    44.1  9.3    31.0  07:48   ENE
24    15.5   20.4  15:27   12.6  05:38    3.4    0.0     4.9  3.3    16.2  10:46   N
25    15.9   20.4  14:44   14.0  04:09    2.1    0.0     1.6  1.7    11.5  05:16   NE
26    16.9   20.8  15:53   12.8  22:36    2.8    0.0     0.0  3.3    17.3  18:52   NE
27    15.0   20.5  12:13   10.2  05:32    5.4    0.0     0.0  5.0    24.8  13:15   NE
28    15.7   20.5  11:36   10.1  01:06    5.5    0.0     0.0 10.1    37.4  12:39   ENE
29    16.0   20.2  13:32   12.1  03:40    4.0    0.0     0.0  9.8    40.7  10:20   ENE
30    14.9   17.8  10:52   13.2  19:13    5.2    0.0     0.0 21.8    69.8  23:29   ENE
---------------------------------------------------------------------------------------
      19.3   31.0     1     9.9    11    34.2  110.2   101.3  7.0    69.8    30    ENE

Max >=   32.2:  0
Max <=    0.0:  0
Min <=    0.0:  0
Min <=  -17.8:  0
Max Rain    :   44.1 mm ON 09/23/2015
Days of Rain: 9 (> 0.254 mm) 8 (> 2.54 mm) 1 (> 25.4 mm)