NOAA-Style Climate Reports


Report for 2015 October
                   MONTHLY CLIMATOLOGICAL SUMMARY for OCT 2015


NAME: MeteoRedipuglia       CITY: Fogliano Redipuglia   STATE: Italy               
ELEV:   12.8 m    LAT: 45.8 N    LONG: 13.5 E


                   TEMPERATURE (C), RAIN (mm), WIND SPEED (kph)

                                         HEAT   COOL         AVG
      MEAN                               DEG    DEG          WIND                  DOM
DAY   TEMP   HIGH  TIME    LOW   TIME    DAYS   DAYS   RAIN  SPEED   HIGH  TIME    DIR
---------------------------------------------------------------------------------------
01    15.5   18.1  12:37   13.4  01:17    4.7    0.0     0.0 24.8    62.3  10:26   ENE
02    17.4   21.3  11:47   13.9  23:45    1.4    0.0     1.6 12.6    41.0  06:44   ENE
03    17.3   22.8  12:23   13.9  03:59    0.0    0.0    13.3  4.6    23.0  00:42   S
04    16.8   19.6  11:49   14.5  21:11    2.4    0.0     3.1  7.5    24.5  14:14   ESE
05    16.9   22.8  12:01   13.4  23:12    0.5    0.0     0.0  3.9    14.4  13:14   E
06    16.1   18.3  11:37   13.9  00:20    4.1    0.0     6.5  1.5    13.7  16:38   N
07    18.0   22.4  12:29   15.3  23:34    0.0    0.9     0.2  6.6    24.5  15:15   ENE
08    16.7   23.1  14:13   12.7  23:27    0.8    0.0     1.4  2.2    16.2  00:00   NE
09    16.3   22.4  12:09   11.6  01:10    2.5    0.0     0.0  5.6    27.4  14:21   NE
10    16.2   18.4  09:06   13.9  20:06    4.0    0.0     0.0 10.6    46.8  10:09   NE
11    15.8   22.7  14:24    9.7  22:41    3.9    0.0     0.0  5.8    38.2  05:29   NE
12    14.3   19.4  12:59    9.0  00:47    7.5    0.0     0.0  3.6    14.0  18:08   ENE
13    13.9   15.9  23:47   12.2  06:00    7.8    0.0    48.3  7.8    32.0  21:44   E
14    13.6   14.7  04:45   12.3  20:21    8.8    0.0    49.3 12.1    44.6  23:38   ENE
15    14.7   20.9  14:07   12.0  23:49    3.5    0.0    32.2  5.9    34.2  06:29   ENE
16    11.4   16.0  14:28    7.9  22:32   11.6    0.0     3.4  4.5    29.2  07:31   NE
17    12.0   18.2  14:01    7.3  04:24   10.1    0.0     0.0  4.6    19.4  01:10   ENE
18    13.1   17.8  10:31   10.0  04:46    8.0    0.0     0.0  2.2    10.8  13:11   ENE
19    10.8   17.2  11:05    4.9  23:58   13.2    0.0     9.8  3.9    25.2  12:47   NE
20    10.1   18.4  13:08    3.3  04:59   13.5    0.0     0.3  3.0    20.2  18:18   NNW
21    11.3   19.6  13:28    4.1  05:25   11.7    0.0     0.0  5.1    88.6  19:47   NE
22    12.7   18.7  13:51    7.1  03:45    9.9    0.0     0.0 10.9    39.2  10:18   ENE
23    12.3   20.0  13:53    6.2  04:26    9.5    0.0     0.0  4.4    20.9  18:34   N
24    11.9   21.6  13:03    5.4  05:06    8.8    0.0     0.0  2.9    56.5  11:29   N
25    11.6   19.4  11:24    6.0  04:35   10.2    0.0     0.0  2.8    65.9  11:38   NE
26    14.1   21.0  13:19    8.4  03:27    6.6    0.0     0.0  6.8    43.6  07:59   ENE
27    13.3   21.5  12:32    7.7  05:45    6.8    0.0     0.0  3.6    19.8  22:36   NE
28    13.4   16.8  11:53    9.5  01:55    9.4    0.0     0.6  3.4    22.7  23:46   NE
29    14.3   15.6  23:30   12.3  21:51    8.0    0.0    14.3  6.3    24.8  23:36   NE
30    14.2   22.1  12:57    8.6  05:25    5.4    0.0     0.0  4.2    23.8  19:57   NE
31    14.5   20.3  12:03    7.0  05:52    8.5    0.0     0.0 11.1    57.2  20:27   NE
---------------------------------------------------------------------------------------
      14.2   23.1     8     3.3    20   203.1    0.9   184.3  6.3    88.6    21    NE

Max >=   32.2:  0
Max <=    0.0:  0
Min <=    0.0:  0
Min <=  -17.8:  0
Max Rain    :   49.3 mm ON 10/14/2015
Days of Rain: 13 (> 0.254 mm) 9 (> 2.54 mm) 3 (> 25.4 mm)