NOAA-Style Climate Reports


Report for 2015 November
                   MONTHLY CLIMATOLOGICAL SUMMARY for NOV 2015


NAME: MeteoRedipuglia       CITY: Fogliano Redipuglia   STATE: Italy               
ELEV:   12.8 m    LAT: 45.8 N    LONG: 13.5 E


                   TEMPERATURE (C), RAIN (mm), WIND SPEED (kph)

                                         HEAT   COOL         AVG
      MEAN                               DEG    DEG          WIND                  DOM
DAY   TEMP   HIGH  TIME    LOW   TIME    DAYS   DAYS   RAIN  SPEED   HIGH  TIME    DIR
---------------------------------------------------------------------------------------
01    11.9   22.5  13:04    4.4  23:58    8.9    0.0     0.0  4.2    20.5  14:33   N
02     9.4   19.7  12:30    1.9  05:01   13.6    0.0     0.0  2.8    10.4  21:10   NE
03     8.8   18.8  12:17    1.5  05:26   14.8    0.0     0.0  2.5    14.4  02:36   NE
04    10.5   18.8  13:19    3.9  05:52   12.6    0.0     0.0  1.8    10.4  11:29   S
05    10.9   18.1  12:53    6.4  05:47   11.0    0.0     0.0  2.1    11.2  13:16   N
06    12.1   23.3  14:42    4.8  03:55    7.8    0.0     0.0  2.1    12.6  10:40   NNW
07    14.3   24.0  13:02    7.6  03:01    4.6    0.0     0.0  3.1    20.5  04:42   ENE
08    12.5   22.1  11:03    6.9  05:04    7.0    0.0     0.0  2.1    60.8  12:39   NE
09    11.5   18.2  10:48    5.6  04:31   11.6    0.0     0.0  2.0    11.9  11:53   N
10    10.8   17.6  13:14    7.1  22:23   10.8    0.0     0.0  2.5     9.7  11:48   ENE
11     8.1   11.2  12:40    4.1  05:20   19.3    0.0     0.3  2.2     9.4  09:42   NNW
12     7.7   10.4  13:47    4.2  05:51   19.9    0.0     0.2  1.7     9.7  12:59   NE
13     9.4   12.3  13:03    5.2  04:13   17.3    0.0     0.2  2.2    14.8  18:34   NE
14    12.0   17.0  12:51    6.9  23:09   11.6    0.0     0.0  2.5     9.4  11:18   NE
15     9.9   13.6  12:01    5.9  02:56   15.5    0.0     0.0  0.6     6.1  10:18   N
16    10.2   16.4  13:33    5.0  23:40   13.8    0.0     0.0  1.5    13.0  12:07   NNW
17     9.2   12.3  13:01    4.4  02:01   18.0    0.0     0.0  1.7    10.4  10:00   NNW
18    10.4   11.7  11:52    9.4  03:32   14.1    0.0     0.2  0.5     6.8  19:44   NNW
19    10.8   11.6  11:54   10.0  21:11   13.6    0.0     0.2  2.4    13.0  16:18   E
20    10.4   11.3  13:27    9.6  02:19   14.3    0.0     3.1  1.5    14.0  04:32   NNW
21     8.8   11.7  01:41    5.3  13:46   17.8    0.0    11.0 11.3    59.0  12:15   NE
22     6.4   11.7  11:50    2.8  21:54   20.0    0.0     0.0  6.6    34.2  02:53   ENE
23     5.4    8.3  12:00    2.4  02:18   23.4    0.0     0.0  7.4    28.4  11:26   NE
24     4.3    8.9  12:02    1.7  23:25   26.0    0.0     0.0 12.3    57.6  08:56   NE
25     2.8    8.6  11:07    2.2  04:10   27.1    0.0     0.0  3.5    16.6  11:26   N
26     6.4   10.8  14:20    2.9  06:23   20.7    0.0     0.0  7.1    37.4  16:46   NE
27     6.6   13.7  11:02    0.8  21:23   20.0    0.0     0.0  8.9    34.6  13:33   ENE
28     3.5   10.1  12:18   -1.0  05:03   24.9    0.0     0.0  2.5    14.8  11:09   N
29     4.1   10.9  13:51   -0.4  05:41   23.6    0.0     0.0  2.5    17.3  04:32   NNE
30     5.8   11.0  12:43    0.8  03:10   22.5    0.0     0.0  2.1    11.9  12:13   NNE
---------------------------------------------------------------------------------------
       8.8   24.0     7    -1.0    28   486.3    0.0    15.3  3.5    60.8     8    NNE

Max >=   32.2:  0
Max <=    0.0:  0
Min <=    0.0:  2
Min <=  -17.8:  0
Max Rain    :   11.0 mm ON 11/21/2015
Days of Rain: 3 (> 0.254 mm) 2 (> 2.54 mm) 0 (> 25.4 mm)