NOAA-Style Climate Reports


Report for 2015 December
                   MONTHLY CLIMATOLOGICAL SUMMARY for DEC 2015


NAME: MeteoRedipuglia       CITY: Fogliano Redipuglia   STATE: Italy               
ELEV:   12.8 m    LAT: 45.8 N    LONG: 13.5 E


                   TEMPERATURE (C), RAIN (mm), WIND SPEED (kph)

                                         HEAT   COOL         AVG
      MEAN                               DEG    DEG          WIND                  DOM
DAY   TEMP   HIGH  TIME    LOW   TIME    DAYS   DAYS   RAIN  SPEED   HIGH  TIME    DIR
---------------------------------------------------------------------------------------
01     6.7    9.9  12:44    3.3  06:10   21.2    0.0     0.0  1.6     9.0  23:39   NNW
02     8.9   15.1  11:03    4.0  05:56   15.9    0.0     0.0  2.3    13.7  07:21   NNW
03     8.7   12.6  11:22    5.2  05:43   17.0    0.0     0.0  1.7    17.3  01:36   NW
04     9.1   10.9  12:46    8.1  00:25   16.0    0.0     0.0  2.3     9.4  11:47   NNW
05     8.2   14.8  11:30    2.8  23:39   17.2    0.0     0.0  2.7    17.3  06:13   NNW
06     6.5    9.3  12:12    3.2  00:00   21.8    0.0     0.0  1.5    10.4  10:27   NNW
07     7.2   14.1  12:35    0.4  23:51   20.0    0.0     0.0  2.3    11.5  11:03   NW
08     3.6   10.8  11:57   -0.6  06:33   24.5    0.0     0.0  2.4    13.0  14:17   NNW
09     5.8   12.9  13:14    0.8  00:19   20.7    0.0     0.0  2.0    13.7  12:29   NE
10     6.3   14.8  12:51    1.5  04:59   18.4    0.0     0.0  3.1    14.0  16:53   N
11     4.1   12.4  12:25    0.2  01:08   21.7    0.0     0.0  2.7    13.7  05:57   NE
12     3.9   11.6  12:14    0.6  19:09   29.6    0.0     0.0  1.3    10.1  12:25   NNE
13     5.5   10.6  10:59    0.6  06:31   23.0    0.0     0.0  1.4     9.4  17:22   NNW
14     8.0   11.5  12:51    3.8  23:13   19.3    0.0     0.0  1.8    10.4  06:58   N
15     6.0   12.2  13:25    2.5  01:55   19.8    0.0     0.0  1.4    10.4  21:41   NNE
16     5.6   13.7  14:11    1.5  02:45   19.4    0.0     0.0  1.8    13.0  01:03   NNW
17     7.1   14.6  12:18    2.4  23:58   17.8    0.0     0.0  2.6    16.9  01:24   NE
18     5.2   13.2  11:21    1.7  17:22   26.1    0.0     0.0  1.7    10.4  13:37   NNE
19     5.3   13.9  13:33    0.8  07:05   19.8    0.0     0.0  1.2     8.6  12:17   N
20     5.7   12.7  12:13    0.7  04:17   21.0    0.0     0.0  1.7     9.7  11:11   NE
21     7.9    9.1  09:43    6.4  00:16   19.1    0.0     0.6  0.5     7.6  11:14   NNW
22     7.2    8.1  02:01    6.4  06:11   20.0    0.0     0.0  1.3     8.6  01:42   W
23     7.6    8.5  13:13    6.7  00:50   19.4    0.0     0.0  0.7     9.4  23:23   N
24     8.4   13.3  12:10    5.7  22:18   16.0    0.0     0.2  2.0    10.8  07:32   NNE
25     7.6   11.3  12:05    2.5  23:56   20.6    0.0     0.0  0.9     9.4  13:50   NNE
26     4.1   10.7  13:06   -0.0  06:40   23.4    0.0     0.0  2.1    11.5  13:35   W
27     3.8    5.0  12:26    3.0  07:35   25.9    0.0     0.4  1.6     9.4  19:11   NNW
28     2.9    3.9  12:17    2.1  07:06   27.7    0.0     0.2  1.5     9.4  13:16   W
29     0.9    2.5  00:02   -0.4  20:29   31.2    0.0     0.3  2.4    12.2  20:36   NW
30     4.4   11.2  10:36   -1.8  23:56   24.6    0.0     0.0  6.8    31.3  12:55   NNE
31     1.5    8.3  11:19   -3.9  05:31   29.1    0.0     0.0  4.8    23.0  12:45   ENE
---------------------------------------------------------------------------------------
       5.9   15.1     2    -3.9    31   667.3    0.0     1.8  2.1    31.3    30    N

Max >=   32.2:  0
Max <=    0.0:  0
Min <=    0.0:  5
Min <=  -17.8:  0
Max Rain    :    0.6 mm ON 12/21/2015
Days of Rain: 3 (> 0.254 mm) 0 (> 2.54 mm) 0 (> 25.4 mm)