NOAA-Style Climate Reports


Report for 2016 January
                   MONTHLY CLIMATOLOGICAL SUMMARY for JAN 2016


NAME: MeteoRedipuglia       CITY: Fogliano Redipuglia   STATE: Italy               
ELEV:   12.8 m    LAT: 45.8 N    LONG: 13.5 E


                   TEMPERATURE (C), RAIN (mm), WIND SPEED (kph)

                                         HEAT   COOL         AVG
      MEAN                               DEG    DEG          WIND                  DOM
DAY   TEMP   HIGH  TIME    LOW   TIME    DAYS   DAYS   RAIN  SPEED   HIGH  TIME    DIR
---------------------------------------------------------------------------------------
01     2.3    9.5  12:25   -2.0  23:42   26.3    0.0     0.0  2.9    17.6  02:07   NNE
02     2.2    5.3  19:26   -2.7  00:26   30.7    0.0    11.0  6.0    42.5  20:40   N
03     2.2    5.2  13:45   -0.8  22:38   29.1    0.0     4.5  8.0    43.2  00:49   ENE
04     1.4    3.4  14:20    0.1  00:00   29.9    0.0     6.1  7.3    31.3  10:36   NE
05     3.8    5.4  12:31    1.4  00:11   26.9    0.0     2.2  2.0    19.8  14:29   NNE
06     3.7    6.1  11:28    0.6  23:38   27.0    0.0     0.0  2.0    16.9  05:02   NE
07     4.4   10.1  11:59    0.1  00:58   23.9    0.0     0.0  3.5    19.8  17:41   E
08     5.5    9.2  14:27    0.6  04:50   24.2    0.0     0.0  1.3     9.7  18:24   NNE
09     7.3    9.3  23:36    6.1  04:51   19.2    0.0    20.7  0.9     9.0  00:05   NNW
10     8.5   10.6  23:58    7.0  07:52   17.2    0.0     3.8  1.4    13.7  20:01   ENE
11    12.2   14.9  15:28    9.5  23:57   11.1    0.0     7.4 11.4    47.5  12:01   SSE
12     7.4   11.5  12:02    3.0  23:48   20.0    0.0     0.0  4.3    16.2  17:34   SSE
13     5.6   11.7  13:05    1.7  06:48   21.0    0.0     0.0  3.7    17.6  19:09   NE
14     5.9    9.7  11:23    2.4  00:49   22.2    0.0     3.1  5.5    21.2  21:21   E
15     5.2   10.8  13:19    0.5  23:11   22.9    0.0     1.6  4.3    20.2  03:06   N
16     3.5   11.3  13:23   -1.7  06:58   24.4    0.0     0.0  7.3    27.0  21:17   NE
17     1.2    7.6  14:44   -3.9  23:20   29.7    0.0     0.0  3.8    21.2  05:44   NE
18    -0.2    6.5  13:22   -5.6  05:15   32.3    0.0     0.0  4.8    20.2  23:33   NE
19     0.5    7.2  13:53   -2.9  22:34   29.2    0.0     0.0  5.7    25.9  06:26   ENE
20     0.6    7.7  13:11   -3.8  02:17   29.6    0.0     0.0  2.5    13.7  04:41   NE
21     3.1    9.9  14:54   -2.3  04:59   26.2    0.0     0.0  6.9    38.5  21:55   NE
22     3.2   10.0  13:19    0.3  21:32   23.8    0.0     0.0  4.7    16.9  23:41   ENE
23     2.2    9.1  13:23   -1.9  22:52   26.6    0.0     0.0  3.0    17.6  00:09   NW
24     1.4    8.9  11:50   -2.4  02:59   27.2    0.0     0.0  1.7    15.8  00:18   N
25     2.5    9.4  14:43   -2.0  03:20   26.4    0.0     0.0  2.0    13.7  07:40   NE
26     3.2   10.6  12:42   -3.4  10:21   26.6    0.0     0.0  1.2     7.9  11:09   ENE
27     5.2   11.9  11:55   -0.1  01:34   22.5    0.0     0.0  1.3     9.4  07:00   ENE
28     8.1   10.8  13:30    5.8  00:00   18.1    0.0     0.0  0.9     6.8  11:59   NW
29     7.7   13.1  12:19    3.7  05:10   18.0    0.0     0.0  1.4     9.7  13:54   NNW
30     7.3    9.0  13:10    4.6  06:42   20.8    0.0     0.0  1.2     8.6  05:20   NE
31     8.5   10.9  12:29    5.3  23:58   18.5    0.0     0.0  1.4     9.4  12:48   NNE
---------------------------------------------------------------------------------------
       4.4   14.9    11    -5.6    18   751.8    0.0    60.3  3.7    47.5    11    NE

Max >=   32.2:  0
Max <=    0.0:  0
Min <=    0.0:  14
Min <=  -17.8:  0
Max Rain    :   20.7 mm ON 01/09/2016
Days of Rain: 9 (> 0.254 mm) 7 (> 2.54 mm) 0 (> 25.4 mm)