NOAA-Style Climate Reports


Report for 2016 February
                   MONTHLY CLIMATOLOGICAL SUMMARY for FEB 2016


NAME: MeteoRedipuglia       CITY: Fogliano Redipuglia   STATE: Italy               
ELEV:   12.8 m    LAT: 45.8 N    LONG: 13.5 E


                   TEMPERATURE (C), RAIN (mm), WIND SPEED (kph)

                                         HEAT   COOL         AVG
      MEAN                               DEG    DEG          WIND                  DOM
DAY   TEMP   HIGH  TIME    LOW   TIME    DAYS   DAYS   RAIN  SPEED   HIGH  TIME    DIR
---------------------------------------------------------------------------------------
01     7.8   10.9  13:08    4.7  00:38   19.0    0.0     0.2  0.8     7.6  11:35   NNW
02     7.9    9.0  13:01    6.5  01:54   19.1    0.0     1.4  0.9     6.8  15:51   SSE
03     7.4    9.2  17:00    4.9  19:09   20.4    0.0    49.4  2.1    31.0  18:31   NNW
04     5.8   11.5  12:37    1.5  06:45   21.4    0.0     0.6  3.7    14.4  12:18   ENE
05     6.1   14.5  14:34    0.8  05:23   19.3    0.0     0.0  4.2    18.0  02:38   E
06     6.9   14.5  13:13    0.8  04:05   19.3    0.0     0.0  3.3    13.7  18:11   E
07     8.9   10.0  11:58    6.5  00:52   18.2    0.0     9.2  6.5    19.4  20:29   ESE
08     9.6   11.4  09:28    7.6  20:58   16.0    0.0    27.9  6.1    30.2  08:32   SE
09    10.4   13.2  09:44    8.0  01:25   14.0    0.0    20.0  6.6    32.0  23:22   SE
10     8.0   11.3  02:49    4.1  23:06   19.2    0.0     4.9  8.4    39.6  01:54   ESE
11     7.0   12.9  12:36    3.5  02:23   18.3    0.0     0.0  6.6    23.0  03:03   ESE
12     5.5    7.9  14:06    4.3  00:00   22.1    0.0    15.3  8.0    28.4  06:56   ENE
13     6.0   10.1  13:17    3.7  06:51   20.6    0.0     2.5  5.4    21.2  13:11   N
14     7.0    8.7  18:28    3.9  05:36   21.7    0.0    20.2  3.3    21.2  14:22   N
15     8.2   12.4  12:01    6.4  02:53   16.1    0.0    11.9  8.8    56.9  21:21   NE
16     8.7   11.3  08:40    5.2  23:48   18.2    0.0     8.5 25.6    81.7  21:16   NE
17     7.8    9.9  09:48    5.2  00:37   19.5    0.0     8.5 12.8    81.7  02:22   ENE
18     9.3   14.6  12:43    6.1  22:59   14.4    0.0     0.0  2.6    16.9  01:02   N
19     8.7   12.0  14:28    6.2  23:36   16.7    0.0     1.1  8.1    45.0  22:55   SE
20     8.1   14.1  12:23    3.9  21:45   16.9    0.0     0.0  6.5    50.0  02:27   ENE
21     7.7   11.9  12:50    4.7  03:51   18.1    0.0     0.0  5.9    25.2  09:08   SE
22     9.2   11.1  10:24    6.4  02:26   17.3    0.0     0.2  1.8    13.7  20:44   N
23    10.5   12.4  15:31    9.4  00:41   13.5    0.0     2.7  1.7    20.2  04:27   SE
24     8.6   12.2  12:37    4.7  22:17   17.9    0.0     0.2  9.7    36.0  12:59   ENE
25     6.7   10.3  14:19    3.9  23:35   20.3    0.0     0.0  2.7    15.8  10:30   N
26     6.9   10.9  12:11    3.6  22:30   20.0    0.0     0.0 16.1    49.7  10:51   ENE
27     6.0    8.6  23:37    4.2  00:59   21.5    0.0    18.0  7.4    31.3  21:59   NE
28    11.1   14.7  13:35    7.0  00:36   13.5    0.0     5.8 16.3    58.3  23:39   ENE
29    10.9   15.2  10:28    8.3  21:09   11.9    0.0    19.1 19.3    77.0  05:12   ENE
---------------------------------------------------------------------------------------
       8.0   15.2    29     0.8     5   524.6    0.0   227.7  7.3    81.7    16    E

Max >=   32.2:  0
Max <=    0.0:  0
Min <=    0.0:  0
Min <=  -17.8:  0
Max Rain    :   49.4 mm ON 02/03/2016
Days of Rain: 18 (> 0.254 mm) 14 (> 2.54 mm) 2 (> 25.4 mm)