NOAA-Style Climate Reports


Report for 2016 April
                   MONTHLY CLIMATOLOGICAL SUMMARY for APR 2016


NAME: MeteoRedipuglia       CITY: Fogliano Redipuglia   STATE: Italy               
ELEV:   12.8 m    LAT: 45.8 N    LONG: 13.5 E


                   TEMPERATURE (C), RAIN (mm), WIND SPEED (kph)

                                         HEAT   COOL         AVG
      MEAN                               DEG    DEG          WIND                  DOM
DAY   TEMP   HIGH  TIME    LOW   TIME    DAYS   DAYS   RAIN  SPEED   HIGH  TIME    DIR
---------------------------------------------------------------------------------------
01    14.8   18.2  10:46   11.7  22:27    6.2    0.0     0.0  4.6    17.3  23:39   WSW
02    16.1   21.9  15:16   10.7  23:49    3.7    0.0     0.0  4.5    19.1  11:31   E
03    14.1   19.5  11:39   10.0  05:14    6.5    0.0     0.0  4.5    17.6  03:57   SSW
04    13.0   18.8  15:14    9.9  03:54    7.2    0.0     0.0  2.8    14.0  05:04   NE
05    14.5   22.1  11:35    8.2  04:58    5.8    0.0     0.0  3.7    14.8  11:58   ESE
06    14.1   21.7  13:13    8.0  04:43    6.3    0.0     0.0  3.6    13.7  10:37   SSE
07    15.6   23.5  10:42    8.7  04:57    4.1    0.0     0.0  3.9    17.3  11:35   W
08    15.6   19.8  08:29   12.1  03:04    4.4    0.0     1.4  9.9    40.3  09:44   ENE
09    12.7   14.2  12:51   11.4  03:50   10.0    0.0     6.9  3.4    22.0  05:55   NE
10    14.7   21.8  12:57   10.6  04:13    3.9    0.0     0.0  3.7    17.6  12:04   ENE
11    14.6   20.1  12:53   10.1  23:31    5.9    0.0     0.0  4.9    18.0  12:01   SE
12    14.9   19.9  14:32    9.7  01:50    6.4    0.0     0.0  7.4    24.5  08:58   SE
13    15.5   21.5  10:04   10.4  04:33    4.4    0.0     3.4  4.9    19.8  12:58   SW
14    13.8   20.5  14:08   10.3  09:41    5.3    0.0    10.8  3.5    24.5  10:07   NE
15    15.0   19.8  11:52   10.8  02:53    5.5    0.0     0.0  6.6    27.4  12:25   E
16    15.9   20.9  14:41   10.9  03:03    4.4    0.0     0.0  6.9    24.8  11:58   SSE
17    17.3   21.6  12:55   13.0  00:00    1.9    0.0     0.0  8.0    28.4  08:42   SSE
18    17.0   21.5  12:44   13.4  23:30    1.7    0.0     0.0  7.7    23.8  13:35   SSE
19    15.5   22.1  15:00   11.0  23:54    3.3    0.0     0.4  9.5    49.0  09:28   ENE
20    15.0   21.6  11:08    7.0  04:04    7.3    0.0     0.0  5.8    36.0  10:32   W
21    15.3   22.3  13:43    9.6  03:34    4.4    0.0     0.0  5.7    19.8  11:35   ESE
22    14.5   20.9  12:13    8.8  03:09    6.3    0.0     0.0  4.8    17.6  12:03   E
23    13.2   16.9  08:15   11.6  02:20    7.4    0.0    24.7  5.2    23.8  13:21   E
24    10.1   12.8  09:13    4.8  22:51   17.2    0.0     6.1  2.6    22.0  13:30   NE
25     9.4   16.2  10:50    4.2  02:58   14.7    0.0     0.0  6.0    28.1  16:52   NNE
26    10.8   14.5  10:37    6.5  02:57   14.2    0.0     4.5  9.0    36.4  09:54   SSE
27    11.2   17.6  11:33    5.3  18:09   12.5    0.0     8.5 13.4    44.3  23:45   SE
28     9.7   15.8  12:56    4.6  23:28   14.7    0.0     0.0 11.5    47.2  00:04   NE
29    11.9   18.7  14:00    3.3  03:16   13.3    0.0     0.0  9.7    44.3  09:08   E
30    13.5   22.0  13:00    4.7  04:06    9.0    0.0     0.0  4.3    22.0  13:17   W
---------------------------------------------------------------------------------------
      14.0   23.5     7     3.3    29   218.1    0.0    66.7  6.1    49.0    19    E

Max >=   32.2:  0
Max <=    0.0:  0
Min <=    0.0:  0
Min <=  -17.8:  0
Max Rain    :   24.7 mm ON 04/23/2016
Days of Rain: 9 (> 0.254 mm) 7 (> 2.54 mm) 0 (> 25.4 mm)