NOAA-Style Climate Reports


Report for 2016 May
                   MONTHLY CLIMATOLOGICAL SUMMARY for MAY 2016


NAME: MeteoRedipuglia       CITY: Fogliano Redipuglia   STATE: Italy               
ELEV:   12.8 m    LAT: 45.8 N    LONG: 13.5 E


                   TEMPERATURE (C), RAIN (mm), WIND SPEED (kph)

                                         HEAT   COOL         AVG
      MEAN                               DEG    DEG          WIND                  DOM
DAY   TEMP   HIGH  TIME    LOW   TIME    DAYS   DAYS   RAIN  SPEED   HIGH  TIME    DIR
---------------------------------------------------------------------------------------
01    12.7   16.3  16:04   10.1  07:28    9.3    0.0     6.5  7.2    41.8  03:26   NE
02    14.9   19.6  14:09   10.6  01:50    5.9    0.0     0.2  6.9    42.8  15:27   NE
03    15.0   22.7  13:19    8.4  04:10    5.1    0.0     0.0  5.1    25.6  13:13   W
04    16.6   25.5  12:05    7.5  04:21    3.4    0.0     0.0  4.7    27.4  09:33   NE
05    16.7   22.9  16:02   11.5  22:10    2.1    0.0     0.0  6.3    36.7  10:41   ENE
06    16.1   26.1  12:14   10.0  02:19    0.6    0.0     0.0  5.8    23.8  23:07   E
07    17.7   25.6  11:24   10.7  03:26    0.4    0.0     0.0  5.4    26.6  14:19   ENE
08    17.5   23.2  12:01   12.2  03:43    1.2    0.0     0.0  5.9    20.9  14:24   S
09    17.5   23.8  11:05   12.2  03:38    0.7    0.0     0.0  4.6    18.4  04:48   E
10    16.6   19.3  11:22   14.0  03:53    3.1    0.0     0.0  3.5    17.6  21:08   ENE
11    15.4   20.4  08:16   13.6  03:49    2.5    0.0    14.1  4.5    20.9  21:14   NE
12    16.2   20.5  15:49   14.0  23:59    2.0    0.0    20.0  8.3    28.1  06:05   SE
13    14.9   17.5  11:38   13.0  23:42    5.6    0.0     1.6  7.1    28.8  13:13   SSE
14    15.8   22.5  12:40   12.6  23:51    1.5    0.0     1.8  4.9    21.2  21:36   E
15    14.4   19.4  11:31   11.7  21:57    5.1    0.0     1.6  9.4    31.0  23:02   ENE
16    14.2   21.3  11:15    9.0  23:59    5.8    0.0     0.0  6.9    28.4  00:13   ENE
17    15.2   22.1  13:21    7.9  02:58    6.1    0.0     0.0  5.5    20.5  12:53   E
18    15.1   21.4  09:57   10.0  00:35    4.8    0.0     0.0  5.0    17.6  02:43   S
19    15.2   19.8  12:06   11.6  00:03    4.8    0.0     0.0  7.8    28.4  09:55   E
20    20.3   26.7  14:24   12.6  03:01    0.0    2.3     0.0  5.8    28.4  09:55   ENE
21    22.4   27.9  12:23   14.9  23:51    0.0    5.5     0.0  5.3    20.5  04:32   NW
22    20.1   27.2  12:53   13.1  03:50    0.0    3.2     0.0  5.3    16.9  12:22   ESE
23    16.7   23.8  09:54   12.4  23:31    0.5    0.0     6.8  6.8    32.0  12:24   E
24    15.0   20.4  09:52   10.8  23:44    5.0    0.0     0.4  3.6    17.6  02:37   N
25    17.0   23.7  12:26    9.7  03:32    3.0    0.0     0.0  4.2    16.9  11:16   E
26    18.9   26.3  12:56   12.1  03:28    0.0    1.5     0.0  4.2    19.1  12:28   WSW
27    16.8   23.4  17:38   12.7  03:18    0.6    0.0     0.0  4.1    17.3  11:56   ENE
28    20.7   29.5  12:42   14.4  00:54    0.0    6.4     0.0  4.4    16.2  03:55   WSW
29    19.1   25.4  09:31   14.6  04:05    0.0    2.9    14.7  5.6    40.3  12:58   E
30    18.6   23.2  15:24   15.3  00:34    0.0    1.6    12.0  8.4    27.7  13:29   ESE
31    18.0   22.9  16:04   13.5  19:58    0.3    0.0    17.3  8.2    56.5  18:53   ENE
---------------------------------------------------------------------------------------
      16.8   29.5    28     7.5     4    79.3   23.4    96.9  5.8    56.5    31    E

Max >=   32.2:  0
Max <=    0.0:  0
Min <=    0.0:  0
Min <=  -17.8:  0
Max Rain    :   20.0 mm ON 05/12/2016
Days of Rain: 11 (> 0.254 mm) 7 (> 2.54 mm) 0 (> 25.4 mm)