NOAA-Style Climate Reports


Report for 2016 June
                   MONTHLY CLIMATOLOGICAL SUMMARY for JUN 2016


NAME: MeteoRedipuglia       CITY: Fogliano Redipuglia   STATE: Italy               
ELEV:   12.8 m    LAT: 45.8 N    LONG: 13.5 E


                   TEMPERATURE (C), RAIN (mm), WIND SPEED (kph)

                                         HEAT   COOL         AVG
      MEAN                               DEG    DEG          WIND                  DOM
DAY   TEMP   HIGH  TIME    LOW   TIME    DAYS   DAYS   RAIN  SPEED   HIGH  TIME    DIR
---------------------------------------------------------------------------------------
01    17.2   21.9  10:21   13.1  01:23    1.6    0.0     0.0  3.7    17.6  11:13   NE
02    17.0   21.3  14:03   14.1  23:59    1.2    0.0     3.6  3.9    20.9  10:37   E
03    18.3   23.9  13:21   12.9  01:58    0.0    0.0     0.0  4.6    15.8  12:21   ENE
04    19.6   25.3  15:13   15.0  00:55    0.0    3.2     0.4  4.8    17.6  12:00   E
05    19.9   25.0  15:02   15.1  02:55    0.0    3.0     0.0  4.7    20.2  11:26   E
06    21.3   27.3  11:12   16.2  02:18    0.0    6.1     0.0  4.8    27.4  13:27   NE
07    22.4   31.0  11:34   15.1  03:43    0.0    8.4     0.0  5.6    36.0  17:06   NE
08    20.8   28.1  13:35   17.5  22:33    0.0    8.0     1.1  5.0    17.6  23:05   NE
09    17.6   19.7  12:34   15.9  23:45    1.0    0.0     9.6  4.4    24.8  08:21   N
10    19.4   26.2  12:18   15.6  02:31    0.0    4.5     1.8  5.1    17.6  12:52   ENE
11    19.0   23.3  12:13   15.1  01:18    0.0    1.5    16.5  7.2    26.6  22:17   SE
12    18.6   26.0  10:21   14.4  03:16    0.0    3.3     9.8  5.9    28.8  17:15   NE
13    19.6   27.3  12:03   14.5  03:27    0.0    4.5     0.3  4.0    17.3  12:48   N
14    18.6   21.4  14:14   15.9  03:14    0.0    0.5     3.4  3.1    20.5  23:41   N
15    20.1   24.3  14:22   15.3  04:14    0.0    2.6    19.5  9.5    24.8  16:31   SSE
16    22.1   25.8  16:02   19.1  01:42    0.0    7.3     5.8  5.8    19.8  04:19   E
17    21.9   25.1  13:18   19.2  05:43    0.0    6.8     1.6  9.6    28.8  09:37   S
18    21.0   25.8  15:20   15.6  22:34    0.0    4.2     0.0  7.1    19.8  00:37   ESE
19    20.2   25.5  13:49   14.0  03:43    0.0    2.5     0.0  9.5    47.5  11:00   ENE
20    19.1   23.4  09:52   15.1  03:49    0.0    1.6     3.4  4.1    17.3  10:17   E
21    22.1   28.8  13:37   15.2  02:19    0.0    6.5     0.0  4.2    17.6  10:39   W
22    24.4   32.1  11:33   16.9  02:49    0.0   11.0     0.0  7.5    32.0  08:25   ENE
23    27.9   32.7  13:31   21.5  02:54    0.0   15.7     0.0 13.0    40.7  07:26   ENE
24    29.4   37.8  14:31   23.5  01:29    0.0   22.1     0.0  7.7    24.8  07:09   ENE
25    28.9   36.1  12:12   22.1  02:25    0.0   19.3     0.0  5.2    12.2  09:44   SSW
26    25.9   30.7  15:13   19.2  07:57    0.0   11.8    12.4  8.2    25.9  08:04   E
27    23.0   27.7  09:16   16.6  23:59    0.0    6.8     0.0  6.8    44.3  13:28   E
28    23.0   30.0  12:31   15.3  01:06    0.0    7.7     0.0  5.1    22.3  13:44   W
---------------------------------------------------------------------------------------
      21.4   37.8    24    12.9     3     3.8  169.1    89.3  6.1    47.5    19    NE

Max >=   32.2:  3
Max <=    0.0:  0
Min <=    0.0:  0
Min <=  -17.8:  0
Max Rain    :   19.5 mm ON 06/15/2016
Days of Rain: 14 (> 0.254 mm) 9 (> 2.54 mm) 0 (> 25.4 mm)