NOAA-Style Climate Reports


Report for 2016 July
                   Monthly Climatological Summary for Jul 2016

Name: AT165-Meteoredipuglia   City: Fogliano Redipuglia   State: Italy
Elevation: 14 m  Lat: N 45 50 38   Lon: E 013 29 20

                  Temperature (°C), Rain (mm), Wind Speed (m/s)

                                      Heat  Cool        Avg
    Mean                              Deg   Deg         Wind                 Dom
Day Temp  High   Time   Low    Time   Days  Days  Rain  Speed High   Time    Dir
----------------------------------------------------------------------------------
01  25.5  32.8   13:46  18.8   02:24   0.0   7.2  14.7   1.3   6.6   01:46    NE
02  25.6  32.2   10:49  19.2   03:23   0.0   7.3   0.0   1.3   4.9   12:36    NE
03  21.1  24.1   07:36  18.7   11:56   0.0   2.8  11.5   3.9  12.8   12:06   ENE
04  23.9  31.5   14:34  16.9   03:46   0.0   5.6   0.0   2.1  10.9   06:35   ENE
05  24.1  32.6   12:29  16.0   04:07   0.3   6.1   0.0   1.3   5.5   15:28     S
06  25.8  33.1   13:07  18.4   03:53   0.0   7.3   0.0   1.9   7.9   01:13    SE
07  24.6  31.0   13:22  18.5   03:10   0.0   6.3   0.4   2.7  11.2   06:50   ESE
08  24.9  31.3   13:21  19.2   01:38   0.0   6.6   0.0   1.5   5.7   01:59   SSE
09  26.1  33.5   12:36  19.9   02:56   0.0   7.9   0.0   1.2   4.8   13:03   WSW
10  27.4  34.9   13:00  20.1   03:51   0.0   9.1   0.0   1.3   4.9   13:24    SW
11  26.8  33.8   12:06  20.4   03:41   0.0   8.5   0.0   1.4   4.9   14:03     S
12  26.3  32.0   12:24  21.0   02:32   0.0   8.0   0.0   1.5   5.9   09:24   SSW
13  26.0  30.8   12:59  19.7   20:30   0.0   7.7   0.9   3.1  14.5   20:03   SSE
14  20.4  25.9   12:41  14.0   09:18   0.3   2.4   7.2   1.9  10.8   11:22     E
15  18.8  22.4   10:53  13.8   23:54   0.7   1.2   0.0   2.1   8.1   12:54     E
16  20.0  27.1   12:43  12.3   02:43   1.3   3.1   0.0   1.5   6.4   12:24     W
17  21.5  28.7   16:25  14.6   04:53   0.6   3.9   0.0   1.3   6.2   10:32   SSE
18  24.5  31.5   14:16  16.1   03:40   0.2   6.4   0.0   1.3   4.8   14:28   WSW
19  26.1  32.7   10:47  19.1   00:09   0.0   7.8   0.0   1.6   5.5   11:38    SW
20  25.5  31.9   12:31  19.8   03:00   0.0   7.3   0.0   1.3   4.6   11:33   SSW
21  26.2  33.8   12:10  19.2   01:50   0.0   7.9   0.0   1.4   4.8   03:54   WSW
22  26.0  32.7   12:16  20.2   02:48   0.0   7.7   0.0   1.1   4.5   11:25    SW
23  25.7  32.0   11:14  19.6   04:10   0.0   7.4   0.0   1.4   5.3   12:17   SSE
24  25.6  31.2   10:03  19.6   03:32   0.0   7.3   0.0   1.3   6.6   13:10   WSW
25  26.3  34.7   14:11  21.5   03:30   0.0   8.0   0.4   1.8   9.1   09:12   ENE
26  26.5  35.8   13:26  20.7   01:14   0.0   8.2   0.0   1.5  10.7   14:51    NE
27  24.6  34.0   12:25  20.4   14:54   0.0   6.3  10.9   1.6  11.9   15:16    NE
28  22.1  27.1   09:21  18.7   12:23   0.0   3.8  10.5   1.6  10.6   10:59   NNE
29  25.1  32.2   13:00  17.5   04:23   0.0   6.8   0.0   1.4   4.9   11:57   WNW
30  26.3  33.1   12:07  19.9   03:17   0.0   8.0   0.0   1.4   5.8   23:50     W
31  25.0  33.1   12:42  20.2   03:44   0.0   6.7   0.0   1.5   8.6   13:41     N
----------------------------------------------------------------------------------
    24.7  35.8    26    12.3    16     3.4 200.6  56.5   1.7  14.5    13      SE

Max >=  27.0 28
Max <=   0.0  0
Min <=   0.0  0
Min <=  -5.0  0
Max Rain: 14.7 on day 1
Days of Rain: 8 (>= 0.2 mm)  5 (>= 2.0 mm)  0 (>= 20.0 mm)
Heat Base: 18.3  Cool Base: 18.3  Method: Integration