NOAA-Style Climate Reports


Report for 2016 September
                   Monthly Climatological Summary for Sep 2016

Name: AT165-Meteoredipuglia   City: Fogliano Redipuglia   State: Italy
Elevation: 14 m  Lat: N 45 50 38   Lon: E 013 29 20

                  Temperature (°C), Rain (mm), Wind Speed (m/s)

                                      Heat  Cool        Avg
    Mean                              Deg   Deg         Wind                 Dom
Day Temp  High   Time   Low    Time   Days  Days  Rain  Speed High   Time    Dir
----------------------------------------------------------------------------------
01  24.6  31.9   13:13  16.0   04:07   0.2   6.5   0.0   1.6   6.8   14:28    NW
02  25.3  33.1   13:29  18.4   04:15   0.0   7.0   0.0   1.4   7.6   13:20   WNW
03  25.1  32.4   12:52  19.2   00:29   0.0   6.8   0.0   1.3   5.5   01:30   SSW
04  24.2  30.8   11:31  18.3   22:50   0.0   5.9   4.7   1.5   7.7   20:12    SW
05  21.2  29.5   12:59  16.0   23:58   0.3   3.2   2.5   1.2   4.8   07:09   ESE
06  19.6  24.9   09:07  15.3   02:28   0.7   2.0   0.0   1.7  11.3   16:25   ENE
07  23.0  29.7   10:21  15.4   03:26   0.3   5.0   0.0   2.8  14.4   12:29     E
08  24.5  32.1   11:59  18.3   03:22   0.0   6.2   0.0   3.0  12.3   08:41     E
09  25.6  33.3   13:14  17.4   03:33   0.0   7.3   0.0   2.7  11.6   08:55     E
10  25.2  30.7   15:23  19.2   03:33   0.0   6.9   0.0   1.8   8.6   11:32   ENE
11  25.0  30.8   11:57  19.5   05:25   0.0   6.7   0.2   2.1  10.9   12:48   ENE
12  23.0  33.4   10:16  18.3   04:07   0.0   4.7   0.0   1.1   7.5   13:48    NE
13  24.1  32.3   13:40  17.1   05:01   0.1   5.8   0.0   1.3   4.9   11:33   WSW
14  23.7  31.1   13:44  17.7   02:07   0.0   5.4   0.0   1.5   6.0   12:00   SSE
15  21.1  27.8   09:56  17.4   15:31   0.0   2.8  20.5   1.5   8.8   15:01    SE
16  19.4  24.7   09:29  18.0   23:54   0.0   1.1  22.2   1.2   5.8   22:51     E
17  18.3  22.4   12:04  15.8   23:10   0.7   0.7  12.0   1.2   7.9   00:41    SE
18  17.3  21.0   16:20  14.4   23:44   1.3   0.3   3.6   1.6   7.0   03:33     E
19  18.6  25.3   12:00  14.0   05:26   1.4   1.7   0.0   1.0   4.9   11:41    NW
20  19.3  25.7   13:08  15.7   00:23   0.5   1.5   0.6   1.9   9.8   23:33   ENE
21  17.9  22.4   12:45  14.9   20:48   1.2   0.8   0.0   3.2  12.1   06:14     E
22  18.2  25.2   14:04  12.6   03:44   1.7   1.6   0.0   1.6   5.7   07:05   ENE
23  17.2  25.0   12:57  11.9   03:20   2.6   1.4   0.0   1.3   9.5   16:23   SSE
24  19.0  27.0   11:19  12.7   03:57   1.7   2.4   0.0   1.2   4.7   14:32    SE
25  18.4  26.7   12:50  11.4   02:23   2.2   2.3   0.0   1.2   6.2   13:18   NNW
26  19.1  27.5   13:37  11.9   04:58   1.7   2.5   0.0   1.1   4.4   23:00     S
27  19.1  26.6   13:04  13.8   05:34   1.4   2.2   0.0   1.1   5.3   02:20     S
28  18.6  25.9   12:39  13.6   04:40   1.7   2.0   0.0   1.1   4.7   11:59   NNW
29  17.9  24.2   10:53  12.7   02:22   1.9   1.5   0.0   1.0   4.6   14:05     S
30  18.6  22.0   10:22  15.3   04:22   0.8   1.1   0.0   1.7   4.9   13:51    SE
----------------------------------------------------------------------------------
    21.1  33.4    12    11.4    25    22.4 105.3  66.3   1.6  14.4     7       E

Max >=  27.0 16
Max <=   0.0  0
Min <=   0.0  0
Min <=  -5.0  0
Max Rain: 22.2 on day 16
Days of Rain: 8 (>= 0.2 mm)  6 (>= 2.0 mm)  2 (>= 20.0 mm)
Heat Base: 18.3  Cool Base: 18.3  Method: Integration