NOAA-Style Climate Reports


Report for 2016 December
                   Monthly Climatological Summary for Dec 2016

Name: AT165-Meteoredipuglia   City: Fogliano Redipuglia   State: Italy
Elevation: 14 m  Lat: N 45 50 38   Lon: E 013 29 20

                  Temperature (°C), Rain (mm), Wind Speed (m/s)

                                      Heat  Cool        Avg
    Mean                              Deg   Deg         Wind                 Dom
Day Temp  High   Time   Low    Time   Days  Days  Rain  Speed High   Time    Dir
----------------------------------------------------------------------------------
01   3.7  10.5   12:28  -0.5   00:55  14.6   0.0   0.0   0.6   3.8   19:57   SSE
02   7.3  12.0   12:06   3.1   04:12  11.0   0.0   0.0   1.7  11.6   22:03     E
03   7.0   9.5   11:27   4.0   04:13  11.3   0.0   0.0   2.3  10.2   01:43   ENE
04   6.8  10.8   12:51   3.1   03:55  11.5   0.0   0.0   1.4   5.9   16:34   ENE
05   6.9  13.1   13:13   2.7   23:17  11.4   0.0   0.0   0.9   5.9   06:04    NE
06   5.2  13.8   12:11   0.7   06:02  13.1   0.0   0.0   0.6   2.7   13:08   NNE
07   5.5  12.4   12:39   0.7   01:17  12.8   0.0   0.0   1.2   6.8   11:04     E
08   3.8  11.8   12:32  -1.2   06:38  14.5   0.0   0.0   0.6   4.9   03:18   NNE
09   3.6  11.4   12:05  -0.7   05:33  14.7   0.0   0.0   0.5   2.5   11:18   NNE
10   3.0   9.9   12:30  -1.3   05:43  15.3   0.0   0.0   0.4   2.5   11:46    NW
11   5.6   7.1   13:00   2.5   00:00  12.7   0.0   0.0   0.8   4.9   04:12   ENE
12   7.3  14.4   12:32   2.2   23:54  11.0   0.0   0.0   0.8   4.8   04:53   NNE
13   5.3  12.1   12:02   0.2   02:19  13.0   0.0   0.0   1.2   6.3   22:19     E
14   4.9   9.8   10:29   1.3   05:54  13.4   0.0   0.0   0.8   3.6   01:19   NNE
15   5.6  13.1   12:08   0.7   23:54  12.7   0.0   0.0   1.0   4.2   06:11   ENE
16   3.0   9.1   11:09  -1.1   04:00  15.3   0.0   0.0   1.6   8.0   12:53   ENE
17   1.7  10.5   13:08  -3.1   04:24  16.6   0.0   0.0   0.7   2.9   00:55     N
18   1.1   9.0   12:23  -3.6   06:35  17.2   0.0   0.0   0.4   2.1   12:55    NW
19   5.6  10.4   11:24  -1.5   04:09  12.7   0.0   0.0   2.2   9.1   08:10   ENE
20   6.7  12.9   13:19   2.1   22:38  11.6   0.0   0.0   1.3  10.4   16:24   ENE
21   5.4  15.6   12:34  -4.7   09:06  12.9   0.0   0.0   0.8   5.1   13:57   NNE
22   4.5  14.6   11:33  -1.6   05:47  13.8   0.0   0.0   0.7   4.8   08:07   NNE
23   7.9  19.7   12:26  -1.2   06:32  10.4   0.1   0.0   1.0   7.0   14:14    NE
24   6.7  14.2   12:25   1.5   21:31  11.6   0.0   0.0   0.8   5.8   06:14   ENE
25   6.2  15.1   12:35   1.7   00:40  12.1   0.0   0.0   0.8   4.7   06:22   ENE
26   5.2  14.9   12:55   0.0   05:42  13.0   0.0   0.0   0.6   3.9   01:37   NNW
27   7.4  16.6   13:30   0.6   07:04  10.9   0.0   0.0   1.1   5.5   22:09   NNE
28   4.7  14.5   13:49  -2.0   02:55  13.6   0.0   0.0   1.0  10.6   23:24   ENE
29   4.3  10.2   13:10  -0.1   22:17  14.0   0.0   0.0   1.0   5.6   23:58   ENE
30   2.3   9.9   13:04  -3.1   06:31  16.0   0.0   0.0   1.2   6.5   00:46    NE
31   2.8  12.5   12:49  -3.3   06:54  15.5   0.0   0.0   0.7   4.3   05:48     N
----------------------------------------------------------------------------------
     5.1  19.7    23    -4.7    21   410.2   0.1   0.0   1.0  11.6     2      NE

Max >=  27.0  0
Max <=   0.0  0
Min <=   0.0 16
Min <=  -5.0  0
Max Rain: 0.0 on day 0
Days of Rain: 0 (>= 0.2 mm)  0 (>= 2.0 mm)  0 (>= 20.0 mm)
Heat Base: 18.3  Cool Base: 18.3  Method: Integration