NOAA-Style Climate Reports


Report for 2017 January
                   Monthly Climatological Summary for Jan 2017

Name: AT165-Meteoredipuglia   City: Fogliano Redipuglia   State: Italy
Elevation: 14 m  Lat: N 45 50 38   Lon: E 013 29 20

                  Temperature (°C), Rain (mm), Wind Speed (m/s)

                                      Heat  Cool        Avg
    Mean                              Deg   Deg         Wind                 Dom
Day Temp  High   Time   Low    Time   Days  Days  Rain  Speed High   Time    Dir
----------------------------------------------------------------------------------
01   3.9  11.9   12:47  -1.3   23:03  14.4   0.0   0.0   0.8   5.9   02:30     E
02   4.2   9.6   13:16  -1.0   01:13  14.1   0.0   0.0   0.9   4.8   12:44     E
03   4.4   9.7   12:27  -1.6   21:43  13.9   0.0   0.0   2.0  10.4   02:46     E
04   2.6   7.4   12:12  -2.7   02:38  15.7   0.0   0.0   1.6   6.8   19:08     E
05   2.8   7.6   12:17  -2.0   06:53  15.5   0.0   0.2   2.4  12.4   11:13    NE
06  -0.9   2.8   13:55  -5.3   07:02  19.2   0.0   0.0   3.3  10.3   11:49     E
07  -3.1   3.2   13:47  -8.9   06:16  21.4   0.0   0.0   1.5   6.6   00:50     E
08  -1.6   5.5   12:39  -4.9   00:06  19.9   0.0   0.0   1.1   5.6   07:25    NE
09  -1.3   4.5   11:25  -5.5   04:38  19.6   0.0   0.2   1.5   7.2   01:34   ENE
10  -2.6   2.4   10:45  -7.7   22:58  20.9   0.0   0.0   2.5  10.0   16:30     E
11  -4.2   2.5   13:55 -10.1   05:07  22.5   0.0   0.0   0.9   4.0   23:54     N
12   0.4   2.5   23:43  -3.5   00:00  17.9   0.0   5.6   1.6   5.6   06:19   ENE
13   2.8   5.9   10:01   0.0   17:41  15.5   0.0  31.4   0.6   5.1   00:24    NE
14   2.8   9.0   13:12   0.0   06:14  15.5   0.0   0.7   1.2  14.9   14:24     E
15   2.8   7.8   11:46  -0.5   06:37  15.5   0.0   0.0   2.2  11.2   10:06   ENE
16   2.4   3.6   11:16   0.7   23:24  15.9   0.0   0.0   3.5  16.7   11:26   ENE
17   3.0   5.9   11:25   1.1   02:50  15.3   0.0   0.0   3.2  14.4   11:38   ENE
18   3.5   6.0   11:50   1.1   06:22  14.8   0.0   0.0   3.7  13.8   12:44   ENE
19   3.1   6.5   12:30  -1.6   22:23  15.2   0.0   9.3   5.6  21.1   09:45   ENE
20   1.0   7.6   11:39  -3.7   22:54  17.3   0.0   0.0   1.8  10.0   14:48     E
21   1.0  10.3   15:17  -5.0   03:29  17.3   0.0   0.0   0.7   3.2   12:44   WNW
22   2.4  12.1   11:24  -4.5   07:03  15.9   0.0   0.0   1.7  10.5   13:15   ESE
23   3.6   9.2   13:16  -1.7   02:52  14.7   0.0   0.0   1.2   6.9   20:23   ENE
24   4.3  11.9   11:07  -1.1   23:35  14.0   0.0   0.0   2.4  11.4   13:10   ENE
25   1.0   9.3   14:55  -4.3   23:16  17.3   0.0   0.0   1.0   5.5   04:51   ESE
26  -0.5   5.4   11:40  -5.0   03:03  18.8   0.0   0.0   1.7   9.9   11:35   ESE
27   1.1   8.1   11:57  -4.5   02:26  17.2   0.0   0.0   0.8   4.8   11:17   SSE
28   1.4   7.2   10:17  -2.7   23:56  16.9   0.0   0.0   0.7   4.5   13:23   SSE
29  -0.1   7.6   13:15  -4.6   03:20  17.6   0.0   0.0   0.5   3.6   12:11    SW
30   2.1   7.3   13:12  -3.9   03:20  16.2   0.0   0.0   0.9   4.3   12:25     S
31   4.1   5.0   10:25   2.3   01:45  14.2   0.0  21.7   0.3   2.6   01:08     W
----------------------------------------------------------------------------------
     1.5  12.1    22   -10.1    11   520.1   0.0  69.1   1.7  21.1    19       E

Max >=  27.0  0
Max <=   0.0  0
Min <=   0.0 27
Min <=  -5.0  7
Max Rain: 31.4 on day 13
Days of Rain: 7 (>= 0.2 mm)  4 (>= 2.0 mm)  2 (>= 20.0 mm)
Heat Base: 18.3  Cool Base: 18.3  Method: Integration