NOAA-Style Climate Reports


Report for 2017 February
                   Monthly Climatological Summary for Feb 2017

Name: AT165-Meteoredipuglia   City: Fogliano Redipuglia   State: Italy
Elevation: 14 m  Lat: N 45 50 39   Lon: E 013 29 22

                  Temperature (°C), Rain (mm), Wind Speed (m/s)

                                      Heat  Cool        Avg
    Mean                              Deg   Deg         Wind                 Dom
Day Temp  High   Time   Low    Time   Days  Days  Rain  Speed High   Time    Dir
----------------------------------------------------------------------------------
01   5.4   6.2   13:48   4.5   00:00  12.9   0.0  17.7   0.0   0.7   00:05   WNW
02   6.7   8.7   23:14   4.9   06:08  11.6   0.0   5.8   0.0   0.7   07:31     N
03   9.1  11.0   11:49   7.6   21:40   9.2   0.0  12.3   0.9   4.8   15:02   SSE
04   7.3   8.7   02:53   5.7   23:10  11.0   0.0  14.6   1.3   6.6   19:22   ESE
05   7.0   8.9   11:57   5.6   00:15  11.3   0.0  27.9   1.7   9.6   22:14    NE
06  10.0  13.0   12:22   7.2   23:00   8.3   0.0   5.8   2.2  11.6   02:48   ENE
07   8.2  13.1   14:58   5.9   06:10  10.1   0.0   0.0   1.5   5.7   10:05     E
08   6.0  10.4   12:51   2.3   19:05  12.3   0.0   0.0   1.8   7.9   14:28     E
09   4.4   7.1   11:13   0.0   03:09  13.9   0.0   0.0   5.0  16.7   10:12   ENE
10   6.0   8.8   11:35   3.6   02:17  12.3   0.0   0.0   2.4   9.0   07:33     E
11   5.9   7.9   11:34   3.6   05:09  12.4   0.0   1.1   1.0   5.8   02:11   ENE
12   0.1   4.4   23:53   3.8   23:24   0.5   0.0   0.0   1.0   2.6   23:52     N
13   1.5   9.1   11:59   2.5   22:41   3.9   0.0   0.0   0.8   7.9   12:02   ENE
14   6.1  14.7   13:44   0.8   01:56  12.2   0.0   0.0   0.8   3.6   14:42    NW
15   5.5  15.0   12:57  -0.8   06:18  12.7   0.0   0.0   0.8   3.5   13:57   SSE
16   6.2  17.0   13:04  -0.5   05:47  12.1   0.0   0.0   0.8   3.9   14:45     S
17   5.2   9.4   11:40  -1.6   05:55  13.1   0.0   1.0   0.8   5.8   20:39   NNE
18   8.5  14.6   13:26   2.3   03:06   9.8   0.0   4.3   1.1   4.6   13:39   NNW
19   6.8  12.3   14:27   2.6   22:33  11.4   0.0   0.0   0.4   2.9   12:01   WSW
20   6.6  14.0   12:00   2.3   02:32  11.7   0.0   0.0   0.8   3.9   10:57   WSW
21   6.5   8.6   12:53   3.4   00:00  11.8   0.0   0.0   0.5   2.8   11:07   SSE
22   7.3   8.4   09:44   6.7   03:08  11.0   0.0   0.0   0.6   3.5   21:08     S
23   8.1   9.9   14:09   6.7   00:31  10.1   0.0   1.0   0.1   2.7   01:35    NE
24   8.7  10.5   15:28   5.7   20:54   9.6   0.0 138.2   1.4  11.8   21:58   ESE
25   7.5  14.3   12:54   1.1   23:56  10.6   0.0   0.0   1.5   9.3   13:23     E
26   6.4  14.4   12:19  -0.5   04:41  11.9   0.0   0.0   0.9   3.8   11:32    SW
27   7.8  13.8   12:39   1.5   03:43  10.5   0.0   0.0   0.9   5.0   14:11   SSW
28  11.0  13.7   18:31   7.8   00:44   7.3   0.0   4.3   2.9  12.7   21:13     S
----------------------------------------------------------------------------------
     6.6  17.0    16    -1.6    17   295.5   0.0 234.0   1.2  16.7     9       E

Max >=  27.0  0
Max <=   0.0  0
Min <=   0.0  5
Min <=  -5.0  0
Max Rain: 138.2 on day 24
Days of Rain: 12 (>= 0.2 mm)  9 (>= 2.0 mm)  2 (>= 20.0 mm)
Heat Base: 18.3  Cool Base: 18.3  Method: Integration