NOAA-Style Climate Reports


Report for 2017 March
                   Monthly Climatological Summary for Mar 2017

Name: AT165-Meteoredipuglia   City: Fogliano Redipuglia   State: Italy
Elevation: 14 m  Lat: N 45 50 39   Lon: E 013 29 22

                  Temperature (°C), Rain (mm), Wind Speed (m/s)

                                      Heat  Cool        Avg
    Mean                              Deg   Deg         Wind                 Dom
Day Temp  High   Time   Low    Time   Days  Days  Rain  Speed High   Time    Dir
----------------------------------------------------------------------------------
01   8.8  14.1   12:56   4.7   20:41   9.5   0.0  22.1   1.8   8.3   06:11     S
02   9.2  14.1   14:01   4.2   05:12   9.1   0.0   0.0   1.2   4.9   12:40   SSE
03  11.1  17.7   13:55   6.3   04:17   7.2   0.0   0.0   0.8   4.8   01:19     N
04  10.9  12.0   10:15   9.1   05:14   7.4   0.0 136.1   1.4   7.7   17:39    SE
05  10.2  13.0   11:50   8.1   21:53   8.1   0.0  20.1   2.1   7.9   13:14   SSE
06   9.7  13.8   10:50   7.7   02:02   8.6   0.0   1.6   2.3   6.9   11:36   ESE
07  10.8  18.3   13:09   5.3   03:51   7.5   0.0   0.0   1.9   7.4   14:41    NE
08  10.1  18.7   13:38   1.4   05:13   8.2   0.0   0.0   1.1   5.5   12:34    NW
09  10.9  17.8   11:18   3.8   05:41   7.4   0.0   0.0   0.9   4.3   11:34    NW
10  12.3  18.9   12:00   5.4   00:54   6.0   0.0   0.0   2.1  11.5   09:56   NNE
11   9.1  16.6   14:29   1.9   05:15   9.2   0.0   0.0   1.4   5.9   13:16   WNW
12   9.1  16.7   12:37   2.3   05:17   9.2   0.0   0.0   1.4   6.1   21:50   SSW
13   8.4  15.9   13:34   1.2   05:23   9.9   0.0   0.0   1.3   6.0   14:50   WNW
14   8.8  16.2   11:05   2.4   05:26   9.5   0.0   0.0   0.9   3.8   12:28     S
15  10.7  16.7   11:15   4.5   05:25   7.6   0.0   0.0   1.3   5.4   13:22   WNW
16  10.4  16.7   09:33   4.8   23:40   7.9   0.0   0.0   1.1   5.4   13:04     S
17  10.4  18.3   13:22   3.5   05:15   7.9   0.0   0.0   1.0   4.4   10:34    SW
18  10.4  13.3   12:00   5.4   03:36   7.9   0.0   0.0   1.3   5.9   09:19   SSE
19  12.6  17.2   14:45   9.2   05:06   5.7   0.0   0.0   0.9   3.9   12:37   SSW
20  11.9  19.7   11:49   6.8   04:48   6.4   0.0   0.0   1.1   4.8   12:31    SW
21  11.7  16.4   13:21   8.8   23:39   6.6   0.0   0.0   0.7   3.8   12:11    SW
22  10.9  12.5   16:32   8.4   02:09   7.4   0.0   0.9   0.2   2.4   05:30     E
23  13.3  18.6   10:35   8.1   22:48   5.0   0.0   0.0   1.0   4.9   13:23   SSW
24  13.5  22.6   13:12   6.1   03:42   5.3   0.5   0.0   0.8   4.5   13:38   WSW
25  15.2  22.9   14:11   8.9   23:32   4.0   0.9   0.0   1.6   7.4   10:16    SE
26  11.4  15.9   10:21   8.0   01:51   6.9   0.0   0.0   3.6  15.4   12:50     E
27  11.4  19.6   13:55   2.8   04:31   7.0   0.0   0.0   1.4   7.7   00:07    NW
28  12.1  22.4   14:01   3.5   03:55   6.7   0.5   0.0   1.5   5.6   13:36    NW
29  15.5  25.6   14:43   5.1   03:58   4.6   1.9   0.0   1.3   5.3   13:50   WNW
30  16.3  24.7   11:07   8.7   04:04   3.7   1.7   0.0   1.5   6.0   12:40    SW
31  15.2  22.5   12:54   8.7   02:04   4.0   0.9   0.0   1.2   5.3   12:21     S
----------------------------------------------------------------------------------
    11.4  25.6    29     1.2    13   221.4   6.4 180.8   1.4  15.4    26       S

Max >=  27.0  0
Max <=   0.0  0
Min <=   0.0  0
Min <=  -5.0  0
Max Rain: 136.1 on day 4
Days of Rain: 5 (>= 0.2 mm)  3 (>= 2.0 mm)  3 (>= 20.0 mm)
Heat Base: 18.3  Cool Base: 18.3  Method: Integration