NOAA-Style Climate Reports


Report for 2017 April
                   Monthly Climatological Summary for Apr 2017

Name: AT165-Meteoredipuglia   City: Fogliano Redipuglia   State: Italy
Elevation: 14 m  Lat: N 45 50 39   Lon: E 013 29 22

                  Temperature (°C), Rain (mm), Wind Speed (m/s)

                                      Heat  Cool        Avg
    Mean                              Deg   Deg         Wind                 Dom
Day Temp  High   Time   Low    Time   Days  Days  Rain  Speed High   Time    Dir
----------------------------------------------------------------------------------
01  14.4  21.3   09:14   7.8   01:47   4.3   0.4   0.0   1.2   5.9   11:37   WSW
02  15.0  24.2   11:21   9.8   22:30   3.9   0.6   0.4   1.3   5.9   05:17     N
03  17.1  27.3   13:34   7.2   04:16   3.4   2.2   0.0   1.7   9.5   13:20   ENE
04  16.4  24.9   12:04   9.3   03:18   2.9   1.0   0.0   2.1  13.2   14:59    NE
05  15.3  20.8   11:07  12.1   03:58   3.4   0.4   0.0   1.7   6.4   12:33    SW
06  14.1  18.6   13:09  10.8   23:56   4.2   0.0   0.0   2.1   8.3   20:13   SSE
07  11.9  16.9   12:11   7.4   05:01   6.4   0.0   0.0   1.3   5.8   12:06    SW
08  13.3  21.6   13:18   5.5   04:17   5.3   0.3   0.0   1.3   4.6   14:29   SSW
09  15.0  22.1   11:25   7.9   01:50   4.2   0.9   0.0   1.3   5.8   11:48   SSW
10  14.9  22.5   13:33   7.7   04:21   4.3   0.9   0.0   1.3   5.6   12:14     S
11  15.7  23.7   12:56   7.7   04:16   3.5   0.9   0.0   1.8  10.9   20:52     E
12  15.5  22.1   14:09   9.9   23:22   3.4   0.6   0.0   1.8   8.3   01:44   ESE
13  15.1  20.5   11:37  11.1   00:07   3.3   0.2   0.0   0.9   3.9   12:34   SSW
14  16.5  23.1   11:50  10.6   03:05   2.7   0.9   0.0   1.6   6.1   07:42   SSE
15  14.7  19.0   10:48  11.3   23:20   3.6   0.0   0.5   1.8   8.3   02:40   ESE
16  13.2  22.9   12:23   8.2   23:57   4.3   0.4   5.8   2.0  13.4   18:52   ENE
17  12.0  18.8   12:41   4.9   04:42   6.3   0.0   0.0   1.3   6.1   13:01   WNW
18   8.6  11.5   06:44   5.2   23:21   9.8   0.0   2.9   2.3  11.9   13:55     E
19   9.0  14.6   14:38   2.4   04:23   9.3   0.0   0.0   1.8  11.0   12:21    NE
20   9.7  18.0   15:09   2.2   23:42   8.6   0.0   0.0   1.8   8.6   11:48    NE
21   8.5  15.2   11:58   0.1   04:37   9.8   0.0   0.0   1.8   7.3   12:29   WNW
22  10.8  17.4   13:47   3.2   04:33   7.5   0.0   0.0   1.3   5.4   13:49     S
23  12.4  20.3   13:01   4.8   03:44   5.9   0.1   0.0   2.0  10.2   09:45    SE
24  11.8  13.9   08:05  10.3   00:48   6.5   0.0   0.3   1.2   4.9   15:19   ENE
25  13.9  17.3   15:46  11.4   04:26   3.7   0.0   0.2   2.1   7.3   09:46     S
26  14.1  16.1   08:08  13.1   15:19   4.2   0.0  16.6   2.3   8.6   08:01   SSE
27  14.4  15.6   12:40  13.4   23:06   3.9   0.0  70.7   2.8   8.4   22:08   SSE
28  12.8  16.7   13:49   8.5   20:43   5.5   0.0   3.8   2.3   7.7   00:07     S
29  13.0  20.2   15:04   6.2   04:39   5.4   0.1   0.0   1.8   6.9   08:30     E
30  13.9  19.7   12:27   6.5   03:25   4.5   0.1   0.0   3.1   9.2   14:51     E
----------------------------------------------------------------------------------
    13.4  27.3     3     0.1    21   154.0  10.0 101.2   1.8  13.4    16      SE

Max >=  27.0  1
Max <=   0.0  0
Min <=   0.0  0
Min <=  -5.0  0
Max Rain: 70.7 on day 27
Days of Rain: 9 (>= 0.2 mm)  5 (>= 2.0 mm)  1 (>= 20.0 mm)
Heat Base: 18.3  Cool Base: 18.3  Method: Integration