NOAA-Style Climate Reports


Report for 2017 June
                   Monthly Climatological Summary for Jun 2017

Name: AT165-Meteoredipuglia   City: Fogliano Redipuglia   State: Italy
Elevation: 14 m  Lat: N 45 50 39   Lon: E 013 29 20

                  Temperature (°C), Rain (mm), Wind Speed (m/s)

                                      Heat  Cool        Avg
    Mean                              Deg   Deg         Wind                 Dom
Day Temp  High   Time   Low    Time   Days  Days  Rain  Speed High   Time    Dir
----------------------------------------------------------------------------------
01  22.4  29.2   12:05  17.6   02:31   0.0   4.1   0.0   1.6   5.5   14:48     S
02  23.3  30.3   10:43  16.4   03:24   0.2   5.2   0.0   1.6   5.9   23:15     S
03  23.8  31.2   10:11  16.1   02:09   0.3   5.7   0.0   1.5   7.4   09:24     S
04  23.1  28.3   12:59  18.5   01:19   0.0   4.8   0.0   1.9   7.8   23:50   SSE
05  22.1  30.2   14:29  16.8   03:12   0.1   4.0   6.5   2.7  10.9   03:47   ENE
06  19.4  23.8   13:30  16.7   15:06   0.3   1.4  35.5   2.2  10.7   14:41   ESE
07  17.9  22.6   08:16  10.3   23:36   1.5   1.1  10.4   3.3  12.3   19:44     E
08  18.5  26.7   12:19   9.6   03:29   2.2   2.4   0.0   1.2   7.0   09:40   NNW
09  20.8  28.8   12:11  12.1   03:19   1.2   3.7   0.0   1.3   5.5   13:02     W
10  22.3  30.6   16:01  14.0   02:31   0.7   4.8   0.0   1.3   4.9   10:40    NW
11  23.5  30.7   11:37  16.2   03:34   0.2   5.4   0.0   1.4   5.6   12:36    SW
12  23.2  30.4   12:27  16.1   03:00   0.2   5.2   0.0   1.3   4.8   11:57    SW
13  24.6  31.8   11:22  18.6   00:37   0.0   6.2   0.0   1.3   4.6   12:56    SW
14  23.7  30.3   11:04  19.2   01:20   0.0   5.4   0.0   1.8   8.5   15:14   ENE
15  24.4  30.0   11:43  18.7   03:09   0.0   6.1   0.0   1.9   7.0   08:33     S
16  24.1  30.3   14:59  19.1   23:22   0.0   5.8   2.0   1.7   8.7   20:12   ESE
17  23.8  31.5   12:42  17.8   23:59   0.0   5.5   0.0   1.8   8.9   19:42   ESE
18  23.2  30.7   12:43  14.3   03:35   0.5   5.4   0.0   1.6   5.4   08:32    NW
19  24.1  30.8   12:55  16.6   03:32   0.1   5.7   0.0   1.6   5.7   12:58   NNW
20  24.3  30.7   13:13  17.5   03:29   0.0   5.9   0.0   1.3   5.1   09:56     S
21  25.7  31.3   14:37  19.2   01:56   0.0   5.8   1.2   1.5   4.4   14:11   SSW
22  28.4  33.0   13:29  19.1   03:03   0.0   7.3   0.0   1.7   4.7   11:07   SSW
23  26.9  31.4   10:53  21.5   03:05   0.0   8.6   0.0   1.5  14.7   17:26     S
24  27.3  33.8   11:38  23.2   01:47   0.0   9.0   0.0   1.4   4.9   11:39   SSW
25  27.3  33.8   11:38  23.2   01:47   0.0   9.0   0.0   1.4   4.9   11:39   SSW
26  24.0  33.4   08:52  15.6   04:00   0.4   6.1   1.2   0.2   2.4   09:50     E
27  22.8  29.8   13:57  19.5   02:44   0.0   4.4   3.9   1.1   8.5   12:47    NE
28  21.0  28.6   11:51  14.8   20:28   0.6   3.2  38.1   2.5  17.0   14:26   ESE
29  21.5  27.4   17:31  14.8   00:21   0.5   3.7   0.9   2.6  13.0   13:45    SW
30  21.1  27.2   07:56  16.3   04:12   0.4   3.2   1.8   2.3  12.1   19:02    SE
----------------------------------------------------------------------------------
    23.3  33.8    24     9.6     8     9.4 154.1 101.5   1.7  17.0    28     SSE

Max >=  27.0 27
Max <=   0.0  0
Min <=   0.0  0
Min <=  -5.0  0
Max Rain: 38.1 on day 28
Days of Rain: 10 (>= 0.2 mm)  6 (>= 2.0 mm)  2 (>= 20.0 mm)
Heat Base: 18.3  Cool Base: 18.3  Method: Integration