NOAA-Style Climate Reports


Report for 2017 August
                   Monthly Climatological Summary for Aug 2017

Name: AT165-Meteoredipuglia   City: Fogliano Redipuglia   State: Italy
Elevation: 14 m  Lat: N 45 50 39   Lon: E 013 29 20

                  Temperature (°C), Rain (mm), Wind Speed (m/s)

                                      Heat  Cool        Avg
    Mean                              Deg   Deg         Wind                 Dom
Day Temp  High   Time   Low    Time   Days  Days  Rain  Speed High   Time    Dir
----------------------------------------------------------------------------------
01  29.2  36.7   14:31  22.7   01:26   0.0  10.9   0.0   1.5   6.1   04:11   WSW
02  29.6  36.8   14:16  23.6   01:23   0.0  11.3   0.0   1.4  11.2   18:49     W
03  30.3  37.4   13:12  23.1   03:37   0.0  12.0   0.0   1.6   7.4   13:56   WNW
04  30.3  36.9   09:41  24.2   03:29   0.0  12.0   0.0   1.5   6.9   15:59   WSW
05  31.6  39.0   13:39  23.5   04:07   0.0  13.3   0.0   2.1   8.6   08:38   WSW
06  28.9  36.6   13:13  18.7   23:46   0.0  10.6   9.0   6.2  21.6   18:07     E
07  25.0  29.6   13:58  18.9   00:43   0.0   6.7   0.0   5.4  18.2   07:57     E
08  27.1  33.0   13:18  20.7   04:16   0.0   8.8   0.0   2.1  11.7   00:08     E
09  29.7  36.3   14:31  23.0   01:30   0.0  11.4   0.0   1.5   6.9   12:34   SSW
10  25.6  34.9   12:57  20.2   15:56   0.0   7.3   4.5   2.0  28.4   14:42   NNE
11  23.6  28.1   14:32  18.1   23:59   0.0   5.3   1.2   2.4  10.4   13:49     S
12  22.0  28.6   15:50  17.4   00:21   0.1   3.7   1.2   1.6   9.5   14:30   ESE
13  23.6  29.8   15:13  15.0   02:44   0.4   5.7   0.0   1.6   9.5   13:02    NW
14  25.4  31.2   13:37  19.3   04:07   0.0   7.0   0.0   1.5   8.3   14:25    NW
15  25.9  31.8   15:19  18.4   01:30   0.0   7.5   0.0   1.9   8.6   13:39   WNW
16  26.8  33.0   10:09  20.3   04:29   0.0   8.4   0.0   2.1   9.9   16:33   NNE
17  28.4  35.1   13:02  22.1   03:06   0.0  10.0   0.0   2.2  12.1   10:17     N
18  28.1  35.8   13:02  21.4   02:34   0.0   9.7   0.0   1.7   7.4   12:10    SW
19  25.4  32.1   14:30  15.9   22:47   0.1   7.2  23.1   2.7  18.5   21:55     E
20  22.0  29.4   12:46  14.9   04:18   0.6   4.2   1.2   2.3  16.0   00:21   ENE
21  21.9  29.7   13:26  13.6   04:07   0.9   4.4   0.0   1.7  10.4   08:29   ENE
22  21.1  27.1   12:53  13.7   04:49   0.8   3.5   0.0   1.6   8.6   14:19   NNW
23  22.5  29.6   13:22  15.4   03:22   0.4   4.5   0.0   1.6   7.4   04:31    NW
24  23.4  30.3   12:25  16.0   02:45   0.3   5.4   0.0   1.2   6.9   12:44   WSW
25  25.2  32.4   14:12  18.6   02:27   0.0   6.8   0.0   1.6   6.9   05:01   SSE
26  25.7  32.2   13:30  18.5   03:15   0.0   7.4   0.0   1.2   6.5   13:05    SW
27  26.5  33.2   14:19  19.8   03:07   0.0   8.2   0.0   1.2   6.5   04:50    SW
28  24.5  33.0   10:10  16.4   23:05   0.1   6.3   2.7   2.0  16.9   16:31   SSE
29  24.2  33.5   16:07  15.5   03:25   0.4   6.3   0.0   1.9   9.9   05:53     E
30  24.2  30.7   12:21  16.3   03:26   0.2   6.1   0.0   1.4   6.5   12:59    SW
31  24.5  31.8   13:59  18.6   03:14   0.0   6.2   0.0   1.3   6.9   14:31    SW
----------------------------------------------------------------------------------
    25.9  39.0     5    13.6    21     4.3 238.1  42.9   2.0  28.4    10       E

Max >=  27.0 31
Max <=   0.0  0
Min <=   0.0  0
Min <=  -5.0  0
Max Rain: 23.1 on day 19
Days of Rain: 7 (>= 0.2 mm)  4 (>= 2.0 mm)  1 (>= 20.0 mm)
Heat Base: 18.3  Cool Base: 18.3  Method: Integration