NOAA-Style Climate Reports


Report for 2017 December
                   Monthly Climatological Summary for Dec 2017

Name: AT165-Meteoredipuglia   City: Fogliano Redipuglia   State: Italy
Elevation: 14 m  Lat: N 45 50 39   Lon: E 013 29 20

                  Temperature (°C), Rain (mm), Wind Speed (m/s)

                                      Heat  Cool        Avg
    Mean                              Deg   Deg         Wind                 Dom
Day Temp  High   Time   Low    Time   Days  Days  Rain  Speed High   Time    Dir
----------------------------------------------------------------------------------
01   5.3  10.0   12:35   1.5   05:33  13.0   0.0   0.0   3.7  16.9   22:18   ENE
02   5.9   7.9   09:18   3.9   20:26  12.4   0.0   0.0   6.7  25.0   10:31   ENE
03   3.0   8.5   11:54  -1.1   22:08  15.3   0.0   0.0   1.8   8.6   10:45     E
04   1.3   8.2   09:54  -2.6   03:11  17.0   0.0   0.0   1.0   8.6   05:49    NE
05   3.7  14.6   12:45  -2.1   05:15  14.6   0.0   0.0   0.9   9.0   01:54    NE
06   4.6  13.4   11:46  -1.6   02:27  13.7   0.0   0.0   0.5   3.9   05:59     E
07   5.7  10.5   11:22   3.4   00:54  12.6   0.0   0.0   0.9   4.7   00:39    SE
08   6.9   9.1   15:07   4.6   02:19  11.1   0.0  18.3   0.7   7.4   23:53   ENE
09   3.5  13.0   13:52  -0.6   23:48  14.8   0.0  12.3   1.7   9.0   00:47   ENE
10   1.8   4.8   08:57  -1.0   02:11  16.5   0.0  19.5   1.8   8.6   19:59   ENE
11  10.6  15.9   23:38   3.4   00:00   7.1   0.0  35.4   3.9  17.7   22:54   SSE
12  12.2  16.0   00:05  10.0   21:49   6.1   0.0  10.8   3.6  19.1   00:18   SSE
13   7.2  10.0   00:00   5.0   19:29  11.1   0.0   0.6   4.4  16.0   09:16     E
14   6.1   7.2   14:16   4.6   01:31  12.2   0.0   2.4   0.7   4.3   09:18   NNE
15   8.4  11.6   11:22   4.2   23:57   9.9   0.0  19.2   1.6  20.3   21:25     E
16   5.8  14.6   13:58   2.0   22:13  12.5   0.0   4.2   1.7  11.7   16:58    NE
17   3.7  11.3   13:37  -1.1   06:27  14.6   0.0   0.0   0.9   6.5   00:02    NW
18   3.1  12.7   12:46  -1.7   23:40  15.2   0.0   0.0   1.2   7.4   00:22    NE
19   1.8   9.2   12:33  -3.4   02:53  16.5   0.0   0.0   0.9   6.9   06:28     N
20   3.8  11.3   10:58  -1.2   23:31  14.5   0.0   0.0   1.6   8.3   20:43   ENE
21   3.3  11.3   11:54  -2.0   06:10  15.0   0.0   0.0   1.2   8.6   04:16    NE
22   3.6  13.1   10:47  -1.6   06:55  14.7   0.0   0.0   0.7   5.2   12:18   NNW
23   4.8  13.9   12:34  -0.6   04:04  13.5   0.0   0.0   0.6   3.9   14:11   WSW
24   4.7  14.2   13:48  -0.4   06:46  13.6   0.0   0.0   0.6   3.9   09:55    SW
25   4.7  10.8   12:43   0.5   00:11  13.6   0.0   0.0   0.5   4.7   12:04    SE
26   7.1   8.9   23:58   5.5   00:00  11.2   0.0   0.3   0.6   3.9   04:00     N
27  10.0  11.5   09:50   8.9   00:00   8.3   0.0  71.7   2.9  12.6   18:05   SSE
28   6.5   9.5   00:52   4.3   23:17  11.8   0.0   8.4   2.1  12.6   11:08     E
29   4.4   9.8   13:40   1.1   23:49  13.9   0.0   0.6   1.6  13.8   06:14     E
30   2.8   8.6   14:46   0.1   21:50  15.5   0.0   0.0   1.0   8.6   03:30   ENE
31   4.7  12.5   12:11  -0.7   03:46  13.6   0.0   0.0   0.4   3.4   07:29   NNW
----------------------------------------------------------------------------------
     5.2  16.0    12    -3.4    19   405.4   0.0 203.7   1.7  25.0     2       E

Max >=  27.0  0
Max <=   0.0  0
Min <=   0.0 15
Min <=  -5.0  0
Max Rain: 71.7 on day 27
Days of Rain: 13 (>= 0.2 mm)  10 (>= 2.0 mm)  2 (>= 20.0 mm)
Heat Base: 18.3  Cool Base: 18.3  Method: Integration