NOAA-Style Climate Reports


Report for 2018 January
                   Monthly Climatological Summary for Jan 2018

Name: AT165-Meteoredipuglia   City: Fogliano Redipuglia   State: Italy
Elevation: 14 m  Lat: N 45 50 39   Lon: E 013 29 20

                  Temperature (°C), Rain (mm), Wind Speed (m/s)

                                      Heat  Cool        Avg
    Mean                              Deg   Deg         Wind                 Dom
Day Temp  High   Time   Low    Time   Days  Days  Rain  Speed High   Time    Dir
----------------------------------------------------------------------------------
01   6.2   9.5   13:52   4.4   23:52  12.1   0.0  31.2   1.7  16.4   15:24    NE
02   4.9  12.6   11:56   1.6   21:26  13.4   0.0   0.0   0.8   7.7   22:10    NE
03   4.4   9.6   12:31   0.3   05:58  13.9   0.0   0.6   1.7  11.7   16:35   ENE
04   6.8  10.2   11:21   1.8   02:48  11.5   0.0   0.3   1.2   9.0   04:36   ENE
05   9.9  10.8   14:31   8.2   00:54   8.4   0.0   1.8   0.8   6.5   03:15     E
06  10.9  24.6   16:13   9.2   03:13   7.4   0.0   2.4   0.5   4.7   11:40   NNE
07  11.8  16.5   11:43  10.1   03:23   6.5   0.0   0.6   0.8   5.6   15:59    NE
08  13.3  20.3   11:28  10.9   00:20   5.0   0.0   0.0   1.0   7.7   05:08     E
09  12.0  14.3   05:09   9.5   13:51   6.2   0.0   9.6   3.6  13.8   22:59   ESE
10   8.6  11.2   12:52   4.7   23:07   9.7   0.0   6.9   1.6   8.3   02:46   ESE
11   6.4  14.5   10:44   2.8   03:47  11.9   0.0   0.0   1.5  10.4   14:23     E
12   8.0  16.6   13:08   2.2   07:07  10.3   0.0   0.0   1.5   7.7   15:16    NE
13   7.2  11.8   11:13   3.4   22:55  11.1   0.0   0.0   2.7  16.9   13:16     E
14   5.6   8.4   11:24   3.4   03:41  12.7   0.0   0.0   5.1  14.2   13:34     E
15   5.3  12.1   13:13   1.6   05:25  13.0   0.0   0.0   1.4  10.4   06:44   ENE
16   4.2   5.0   10:51   2.7   02:25  14.1   0.0   1.5   0.7   6.9   03:46   NNE
17   4.8  12.1   14:10   0.1   22:29  13.5   0.0   0.0   1.2   6.5   10:29   NNW
18   4.9  11.5   14:34  -2.5   04:35  13.4   0.0   0.0   1.7   9.5   13:41   SSE
19   7.1  10.2   13:50   2.1   23:31  11.2   0.0   0.0   1.0  10.8   19:42   ENE
20   5.0  12.4   12:13   0.0   02:32  13.3   0.0   0.0   1.2  11.2   08:32   ENE
21   7.3  14.0   12:43   2.4   06:56  11.0   0.0   0.0   1.8  10.8   22:22   NNE
22   5.0  11.8   12:33  -1.7   06:09  13.2   0.0   0.0   1.1   8.3   07:47     E
23   6.7  15.9   14:11   0.1   06:11  11.6   0.0   0.0   1.2   7.4   07:38   NNE
24   6.7  15.6   09:47   0.6   23:51  11.6   0.0   0.0   0.6   4.7   00:59     S
25   5.6   8.8   10:45   0.2   02:36  12.7   0.0   0.0   0.8   5.6   22:07     E
26   8.3  14.4   15:33   3.5   22:23  10.0   0.0   0.0   1.1   5.6   00:04    SE
27   8.5  14.9   10:16   3.4   06:10   9.8   0.0   0.0   0.4   3.0   23:17   NNW
28   8.0  13.5   12:58   3.3   22:53  10.3   0.0   0.0   1.0   4.7   13:39   SSE
29   5.4   7.7   12:03   2.0   02:32  12.9   0.0   0.0   0.8   5.2   23:42   ENE
30   6.8   7.7   11:31   5.7   04:17  11.5   0.0   0.6   0.9   5.6   01:20   ESE
31   6.6   7.5   11:07   6.0   23:33  11.7   0.0   2.1   0.9   6.9   11:45   ENE
----------------------------------------------------------------------------------
     7.2  24.6     6    -2.5    18   344.9   0.0  57.6   1.4  16.9    13       E

Max >=  27.0  0
Max <=   0.0  0
Min <=   0.0  3
Min <=  -5.0  0
Max Rain: 31.2 on day 1
Days of Rain: 11 (>= 0.2 mm)  5 (>= 2.0 mm)  1 (>= 20.0 mm)
Heat Base: 18.3  Cool Base: 18.3  Method: Integration