NOAA-Style Climate Reports


Report for 2018 February
                   Monthly Climatological Summary for Feb 2018

Name: AT165-Meteoredipuglia   City: Fogliano Redipuglia   State: Italy
Elevation: 14 m  Lat: N 45 50 39   Lon: E 013 29 20

                  Temperature (°C), Rain (mm), Wind Speed (m/s)

                                      Heat  Cool        Avg
    Mean                              Deg   Deg         Wind                 Dom
Day Temp  High   Time   Low    Time   Days  Days  Rain  Speed High   Time    Dir
----------------------------------------------------------------------------------
01   8.6  11.2   11:22   6.0   01:38   9.7   0.0  29.4   2.4  13.0   11:41     S
02   6.1   8.8   00:00   4.4   21:53  12.2   0.0  21.6   3.2  18.2   11:22   ENE
03   5.2   8.7   14:42   2.9   23:50  13.1   0.0   0.6   3.8  22.5   06:24   ENE
04   5.3  11.7   10:12   1.4   22:16  13.0   0.0   0.0   1.3   7.4   13:18     N
05   4.6  11.6   14:21   0.5   02:12  13.7   0.0   0.0   1.8  10.4   20:13     E
06   5.1  11.1   11:55   0.6   02:29  13.2   0.0   4.8   3.8  16.4   23:08   ENE
07   5.3   7.3   13:59   4.1   01:23  12.9   0.0   5.7   4.3  17.3   06:22     E
08   7.1  11.6   12:23   4.1   02:51  10.9   0.0   0.0   1.3   6.5   22:13     E
09   7.2  13.2   14:08   4.2   23:29  11.1   0.0   3.0   1.9   8.3   20:28   ENE
10   5.4  10.4   12:40   0.9   05:35  12.9   0.0   0.0   3.0  14.2   11:51     E
11   3.8  10.3   10:27  -1.4   04:28  14.5   0.0   0.0   1.5   7.7   22:34     N
12   3.7   6.4   23:07   1.3   07:17  14.6   0.0   1.5   2.1  13.0   23:57   ENE
13   5.0   8.7   12:32  -0.5   23:42  13.3   0.0   0.0   3.2  14.7   02:04   ENE
14   3.6  11.2   14:39  -2.2   05:22  14.7   0.0   0.0   1.3   7.7   22:28     N
15   2.8  10.6   12:28  -3.7   05:07  15.5   0.0   0.0   1.0   6.9   13:38    NW
16   4.1  12.4   14:54  -1.7   03:13  14.2   0.0   0.0   1.3  12.1   23:42     E
17   7.0  13.9   08:59   0.5   05:42  11.3   0.0   0.9   1.9  13.3   00:23    SE
18   6.1   7.8   10:55   4.9   04:41  12.2   0.0   6.6   5.9  19.1   23:50     E
19   4.3   6.8   12:14  -0.3   23:41  14.0   0.0   0.0   8.1  23.7   06:06     E
20   3.2   7.8   11:47  -1.6   01:49  15.1   0.0   0.0   1.7   8.6   13:38   ENE
21   4.7   9.4   15:08  -1.0   06:10  13.6   0.0   0.0   3.7  19.8   21:33   ENE
22   5.6   6.7   00:24   4.8   19:10  12.7   0.0   0.0   6.2  25.5   08:39     E
23   5.9   9.9   13:10   0.6   04:41  12.4   0.0   2.1   8.0  24.1   14:23     E
24   5.6   9.9   10:09  -0.3   23:14  12.7   0.0   0.0   7.7  24.6   21:17     E
25  -1.0   1.8   12:56  -4.0   22:53  19.3   0.0   0.0   7.8  22.5   10:13     E
26  -3.6  -1.8   11:48  -5.3   04:52  19.2   0.0   0.0   4.8  19.4   00:57   ENE
27  -2.9  -0.2   13:11  -5.9   23:59  21.2   0.0   0.0   3.9  12.1   09:23     E
28  -2.7   3.8   13:48  -8.2   04:29  21.0   0.0   0.0   1.9   9.0   09:15     E
----------------------------------------------------------------------------------
     4.1  13.9    17    -8.2    28   394.2   0.0  76.2   3.5  25.5    22       E

Max >=  27.0  0
Max <=   0.0  2
Min <=   0.0 13
Min <=  -5.0  3
Max Rain: 29.4 on day 1
Days of Rain: 10 (>= 0.2 mm)  7 (>= 2.0 mm)  2 (>= 20.0 mm)
Heat Base: 18.3  Cool Base: 18.3  Method: Integration