NOAA-Style Climate Reports


Report for 2018 March
                   Monthly Climatological Summary for Mar 2018

Name: AT165-Meteoredipuglia   City: Fogliano Redipuglia   State: Italy
Elevation: 14 m  Lat: N 45 50 39   Lon: E 013 29 20

                  Temperature (°C), Rain (mm), Wind Speed (m/s)

                                      Heat  Cool        Avg
    Mean                              Deg   Deg         Wind                 Dom
Day Temp  High   Time   Low    Time   Days  Days  Rain  Speed High   Time    Dir
----------------------------------------------------------------------------------
01  -1.2   1.4   15:37  -3.3   05:32  19.5   0.0   0.0   1.3   9.0   00:00   ENE
02   2.7   5.8   10:17   0.5   02:08  15.6   0.0   6.9   0.9   7.4   08:36   ESE
03   3.5   5.2   15:39   2.0   01:53  14.8   0.0   1.2   1.6   9.5   06:06   ENE
04   6.9  15.4   13:59   1.8   03:48  11.4   0.0   0.0   1.8   9.5   09:19     E
05   6.5  11.2   13:52   3.6   00:00  11.8   0.0   4.2   3.3  14.7   17:07     E
06   5.3   7.8   15:07   3.9   05:10  13.0   0.0  10.5   1.7  10.4   09:17     E
07   7.6  12.3   13:27   5.4   00:00  10.7   0.0   1.2   1.0   7.4   13:16     E
08   8.9  14.8   12:58   4.8   21:48   9.3   0.0   0.0   1.6   6.5   10:45   SSW
09   9.0  14.8   14:47   4.4   05:30   9.3   0.0   0.0   1.5   6.9   10:36     S
10   9.7  12.0   08:42   7.3   05:38   8.6   0.0   0.3   1.7   7.7   10:34   SSE
11  10.7  12.3   21:37   9.2   00:00   7.6   0.0  32.1   2.3  13.8   21:34   ESE
12  10.6  14.5   15:38   7.7   21:34   7.7   0.0   3.6   2.0   7.7   08:23   SSE
13  10.5  16.7   11:19   6.7   03:30   7.8   0.0   2.1   1.5   9.9   19:08    SE
14  10.9  16.1   12:17   6.5   04:11   7.4   0.0   0.0   2.0   8.6   02:37   SSE
15   9.6  14.5   09:55   6.8   01:55   8.6   0.0   9.6   2.3  10.4   22:02   ESE
16   8.8  10.5   05:55   5.9   22:31   9.5   0.0  17.4   1.8   9.5   00:02   ESE
17   8.9  11.9   11:38   5.7   00:12   9.4   0.0   5.1   4.7  15.1   12:17     E
18   7.1  11.7   09:45   1.7   23:30  10.6   0.0  12.3   9.5  29.0   22:28     E
19   3.9   8.7   12:48   1.1   06:08  14.3   0.0   1.2   6.5  27.2   00:20     E
20   5.0  10.4   10:49   1.5   05:12  13.3   0.0   0.0   3.2  18.2   14:55     E
21   5.6  10.3   13:34   1.1   03:07  12.7   0.0   0.0   4.9  23.4   11:32     E
22   5.8  11.5   14:29  -0.1   01:39  12.5   0.0   0.0   5.8  21.6   13:53     E
23   6.5  13.3   13:48   0.7   02:45  11.6   0.0   0.0   2.2  10.8   06:29   NNE
24   8.4  13.9   09:47   1.8   05:24   9.9   0.0   0.0   1.6   9.0   19:33    SE
25   8.4  17.2   14:17   1.2   05:11   9.9   0.0   0.0   2.1  11.7   07:33     E
26  10.4  17.8   15:00   2.6   04:20   7.9   0.0   0.0   1.6   9.5   00:17    NW
27  10.0  15.2   11:37   6.9   22:58   8.3   0.0   0.3   2.6  13.0   14:13   ESE
28  11.2  17.3   13:15   6.1   02:12   7.1   0.0   0.3   2.2   9.0   14:07    SE
29  11.2  12.7   09:27   9.0   00:19   7.1   0.0  23.7   2.3  10.8   01:22   ESE
30  13.9  18.4   13:53  11.2   00:31   4.4   0.0   3.3   3.4   9.9   14:42   SSE
31  11.3  14.4   14:23   8.5   23:49   7.0   0.0  13.8   3.0  13.0   06:29    SE
----------------------------------------------------------------------------------
     8.0  18.4    30    -3.3     1   318.6   0.0 149.1   2.7  29.0    18     ESE

Max >=  27.0  0
Max <=   0.0  0
Min <=   0.0  2
Min <=  -5.0  0
Max Rain: 32.1 on day 11
Days of Rain: 19 (>= 0.2 mm)  13 (>= 2.0 mm)  2 (>= 20.0 mm)
Heat Base: 18.3  Cool Base: 18.3  Method: Integration