NOAA-Style Climate Reports


Report for 2018 April
                   Monthly Climatological Summary for Apr 2018

Name: AT165-Meteoredipuglia   City: Fogliano Redipuglia   State: Italy
Elevation: 14 m  Lat: N 45 50 39   Lon: E 013 29 20

                  Temperature (°C), Rain (mm), Wind Speed (m/s)

                                      Heat  Cool        Avg
    Mean                              Deg   Deg         Wind                 Dom
Day Temp  High   Time   Low    Time   Days  Days  Rain  Speed High   Time    Dir
----------------------------------------------------------------------------------
01  11.4  15.7   10:07   7.4   02:16   6.9   0.0   0.0   2.6  12.1   18:34    SE
02  12.6  18.7   12:48   7.2   04:07   5.7   0.0   0.0   2.0   7.4   10:57   SSW
03  12.7  16.9   11:30   9.1   03:25   5.5   0.0   0.0   2.0   9.5   08:54     S
04  11.8  14.3   12:22   9.9   05:24   6.5   0.0   4.2   1.7   8.6   12:29     S
05  12.8  17.9   11:27   8.0   23:57   5.5   0.0  10.5   2.0  12.1   02:37     S
06  14.2  21.9   11:59   7.1   05:08   4.7   0.6   0.0   1.8   8.6   13:59    NW
07  13.7  21.6   14:34   6.7   04:43   5.1   0.5   0.0   2.1  11.2   06:24     S
08  14.4  22.3   13:46   6.8   02:07   4.5   0.6   0.0   1.5   6.9   11:07     S
09  14.8  23.4   10:37   9.8   02:43   4.0   0.5   9.6   2.6  16.0   12:41   ESE
10  13.3  17.6   14:17  11.2   03:24   4.9   0.0   7.8   2.5   9.9   11:50     S
11  14.7  20.4   12:00  11.5   00:56   3.8   0.2   3.3   1.6   6.9   01:21     E
12  12.7  14.2   11:35  11.2   23:54   5.6   0.0  33.0   2.5  10.4   04:57     E
13  13.9  19.4   14:07   8.6   23:24   4.5   0.1   2.4   2.3   9.0   11:13     S
14  16.7  23.7   16:32   6.3   03:54   3.1   1.5   0.0   2.1  11.2   22:47     N
15  20.2  25.3   09:36  15.2   21:50   0.4   2.4   3.0   3.8  11.7   06:56     E
16  18.2  24.5   08:23  14.3   19:04   1.2   1.1   0.0   1.6  10.4   00:42     E
17  18.1  25.8   15:28  12.3   23:24   1.8   1.7   0.0   1.0   5.2   12:56   WNW
18  20.4  27.9   15:05  11.4   03:34   1.3   3.3   0.0   2.7  13.3   21:56   ENE
19  20.9  28.4   16:32  11.3   04:36   1.1   3.7   0.0   2.5  12.1   13:04     E
20  21.6  32.2   15:42  11.5   02:23   1.4   4.6   0.0   1.4   9.0   11:04    NW
21  19.8  27.7   11:41  12.4   23:57   1.7   3.2   0.0   1.8   8.6   13:17     W
22  17.8  24.4   14:10  10.6   04:37   2.6   2.1   0.0   1.5   7.7   12:24   SSW
23  17.6  24.5   10:44   9.5   03:54   2.9   2.2   0.0   1.4   6.9   11:33   SSW
24  18.6  25.6   11:19  10.7   04:07   2.1   2.4   0.0   1.6   6.9   04:22     S
25  18.9  24.5   10:21  11.6   04:13   1.5   2.1   0.0   1.8   7.4   12:45     S
26  19.9  24.5   10:19  14.2   02:43   1.1   2.7   3.9   3.4  22.0   23:18    SE
27  19.7  28.1   15:13  14.9   02:55   1.2   2.6   0.0   4.7  21.2   00:19     E
28  20.8  27.7   13:05  14.7   02:33   0.9   3.5   0.0   1.8   8.3   03:21    SE
29  20.9  28.1   13:29  12.9   04:13   1.0   3.7   0.0   1.5   7.4   12:35     S
30  18.3  22.7   13:08  12.8   23:51   1.2   1.1   0.0   2.5  10.4   12:46     S
----------------------------------------------------------------------------------
    16.7  32.2    20     6.3    14    93.7  46.4  77.7   2.1  22.0    26      SE

Max >=  27.0  7
Max <=   0.0  0
Min <=   0.0  0
Min <=  -5.0  0
Max Rain: 33.0 on day 12
Days of Rain: 9 (>= 0.2 mm)  9 (>= 2.0 mm)  1 (>= 20.0 mm)
Heat Base: 18.3  Cool Base: 18.3  Method: Integration