NOAA-Style Climate Reports


Report for 2018 June
                   Monthly Climatological Summary for Jun 2018

Name: AT165-Meteoredipuglia   City: Fogliano Redipuglia   State: Italy
Elevation: 14 m  Lat: N 45 50 39   Lon: E 013 29 20

                  Temperature (°C), Rain (mm), Wind Speed (m/s)

                                      Heat  Cool        Avg
    Mean                              Deg   Deg         Wind                 Dom
Day Temp  High   Time   Low    Time   Days  Days  Rain  Speed High   Time    Dir
----------------------------------------------------------------------------------
01  23.6  28.0   14:36  18.6   22:28   0.0   5.3   0.0   2.3   9.0   14:10   SSE
02  23.7  28.4   12:37  17.9   01:21   0.0   5.4   0.0   2.5   9.0   12:46   SSE
03  24.4  30.2   14:53  17.9   01:58   0.0   6.1   0.0   2.0   7.7   12:31    SW
04  24.9  30.0   10:23  17.8   03:47   0.0   6.6   0.0   2.0   9.0   11:46   SSW
05  21.7  29.9   09:54  16.6   23:01   0.1   3.5   5.7   2.1  16.4   12:46     E
06  23.3  29.5   12:35  15.7   02:27   0.3   5.3   0.0   1.9   8.3   11:19   SSW
07  22.3  27.5   08:57  18.7   03:48   0.0   4.0   1.5   2.0  10.4   03:33     E
08  21.6  29.1   14:35  17.4   07:37   0.1   3.4   9.0   2.8  12.1   09:25   NNE
09  24.2  30.7   12:50  16.4   01:30   0.2   6.2   0.0   2.0   7.7   14:57    NW
10  24.7  29.1   14:20  19.0   02:10   0.0   6.4   0.0   1.9   7.7   12:29   SSE
11  25.8  31.9   11:22  20.4   03:43   0.0   7.5   0.0   1.7   7.7   15:49   SSW
12  25.2  30.9   11:22  16.4   20:47   0.0   7.0   6.9   2.2  13.3   20:23   SSE
13  21.6  26.8   15:44  17.6   03:52   0.0   3.3   1.2   1.5   6.5   04:08   ENE
14  22.4  28.6   13:06  17.3   23:56   0.0   4.2   0.0   2.5  13.3   20:58   ESE
15  22.2  28.8   15:47  16.2   03:35   0.3   4.2   0.0   2.4  12.6   13:53   ESE
16  24.3  30.7   13:22  16.4   03:44   0.1   6.1   0.0   1.5   8.3   09:45    NE
17  25.0  31.5   16:35  17.3   02:59   0.0   6.7   0.0   1.6  11.7   16:40   SSE
18  24.5  33.6   13:05  18.3   23:58   0.0   6.1   0.0   1.7   9.9   16:51   NNE
19  26.0  32.3   16:46  16.6   03:45   0.1   7.8   0.0   1.6   9.9   12:59   WSW
20  26.7  33.7   14:51  19.3   03:50   0.0   8.4   0.0   2.3  14.2   07:58   ESE
21  25.9  30.4   13:35  19.3   03:15   0.0   7.6   0.0   2.2   9.0   12:54     S
22  19.0  23.6   14:49  13.0   23:50   0.6   1.4  18.0   3.9  16.9   17:22     E
23  19.8  25.3   13:41  10.8   03:24   1.4   3.0   0.0   1.6   7.7   11:46   WNW
24  20.2  25.3   13:22  16.0   23:43   0.5   2.4   0.3   2.4  12.6   22:45    SE
25  18.9  24.5   13:59  14.5   04:43   1.2   1.8  10.8   3.6  12.6   10:24     E
26  21.8  29.3   15:26  12.5   03:11   0.8   4.3   0.0   2.2  13.0   09:35   ENE
27  21.0  28.4   11:29  14.9   03:46   0.5   3.2   5.4   1.5  21.2   12:37     N
28  20.8  25.8   14:18  15.4   01:58   0.5   3.0   0.0   0.8   5.2   11:57     N
29  22.4  30.3   15:14  15.8   01:54   0.3   4.3   0.0   1.0   6.5   14:27    SW
30  25.5  30.3   12:34  18.2   00:55   0.0   7.0   0.0   2.6  13.8   22:31    SE
----------------------------------------------------------------------------------
    23.1  33.7    20    10.8    23     7.0 151.5  58.8   2.1  21.2    27      SE

Max >=  27.0 24
Max <=   0.0  0
Min <=   0.0  0
Min <=  -5.0  0
Max Rain: 18.0 on day 22
Days of Rain: 9 (>= 0.2 mm)  6 (>= 2.0 mm)  0 (>= 20.0 mm)
Heat Base: 18.3  Cool Base: 18.3  Method: Integration