NOAA-Style Climate Reports


Report for 2018 July
                   Monthly Climatological Summary for Jul 2018

Name: AT165-Meteoredipuglia   City: Fogliano Redipuglia   State: Italy
Elevation: 14 m  Lat: N 45 50 39   Lon: E 013 29 20

                  Temperature (°C), Rain (mm), Wind Speed (m/s)

                                      Heat  Cool        Avg
    Mean                              Deg   Deg         Wind                 Dom
Day Temp  High   Time   Low    Time   Days  Days  Rain  Speed High   Time    Dir
----------------------------------------------------------------------------------
01  23.5  27.6   13:24  20.4   04:21   0.0   5.2   0.0   4.3  13.3   01:07   ESE
02  24.6  29.7   14:43  21.0   03:48   0.0   6.3   0.0   2.2  13.0   00:13     E
03  26.0  30.6   09:54  21.6   02:34   0.0   7.6   0.0   1.9  12.1   23:51     S
04  25.4  32.0   12:31  19.8   02:40   0.0   7.1   0.0   2.1  15.1   00:14   ESE
05  24.9  29.8   11:55  18.5   23:59   0.0   6.6   3.3   2.0   8.6   22:42   SSW
06  23.3  31.1   14:54  17.2   03:28   0.1   5.0   0.6   2.1  11.2   15:51    NE
07  24.6  30.0   11:55  18.7   21:58   0.0   6.3   6.9   1.7  14.2   20:35   SSW
08  22.2  29.6   12:39  17.1   22:37   0.2   4.1  10.2   1.5  12.1   17:30   WNW
09  23.4  28.9   16:26  16.8   02:30   0.2   5.0   0.0   1.4   6.5   00:50   WSW
10  24.7  30.4   09:53  17.9   03:36   0.0   6.4   5.4   2.1   9.5   23:18   NNW
11  20.0  23.0   13:02  17.6   02:18   0.1   1.8   9.6   3.1  10.8   11:36   ENE
12  23.8  29.9   12:51  18.4   03:37   0.0   5.5   0.0   1.8   8.6   02:41    SE
13  24.9  30.9   14:38  19.8   04:58   0.0   6.6   0.3   1.9   7.7   02:29   NNE
14  26.3  32.4   15:06  20.5   00:32   0.0   8.0   0.0   1.6   7.4   13:39   WNW
15  25.0  31.9   15:54  19.9   23:47   0.0   6.6   0.3   1.8  11.7   22:35   ENE
16  24.5  30.2   08:52  19.5   03:05   0.0   6.2   0.0   1.5   6.9   13:42    SW
17  24.4  30.4   13:54  19.6   23:58   0.0   6.1   0.0   1.9   9.9   15:47     S
18  25.5  31.5   14:14  18.5   03:27   0.0   7.2   0.0   1.9   7.7   02:46     S
19  26.4  32.7   13:15  19.3   02:35   0.0   8.1   0.0   1.8   8.6   03:05    SW
20  24.9  31.3   09:55  20.0   01:54   0.0   6.6   0.3   2.1  11.2   14:58     E
21  25.0  30.7   14:38  20.1   03:55   0.0   6.7   0.3   2.3  10.4   04:45     E
22  22.8  29.6   11:42  19.6   03:45   0.0   4.5   5.1   1.5  22.0   12:03   ENE
23  24.6  33.2   16:46  18.2   03:44   0.0   6.3   0.3   1.9  16.9   14:11    NE
24  26.1  32.1   13:58  17.6   04:13   0.0   7.8   0.0   1.7   8.6   12:22     W
25  27.7  33.4   14:31  20.5   03:07   0.0   9.3   0.6   2.0   9.0   13:44     W
26  25.7  33.3   14:17  20.4   03:34   0.0   7.3   1.8   1.6  10.8   13:01   ENE
27  26.0  32.5   13:25  19.7   02:37   0.0   7.7   0.0   2.2  16.0   13:43   ENE
28  26.1  31.1   13:58  19.7   02:47   0.0   7.8   0.0   1.9   8.3   13:25     S
29  28.4  34.8   12:26  20.9   03:45   0.0  10.1   0.0   1.9   7.4   13:11   SSW
30  29.3  36.5   13:07  22.2   01:38   0.0  11.0   0.0   2.1  14.2   13:31   ENE
31  29.9  34.8   13:35  23.5   03:11   0.0  11.6   0.0   1.8   9.9   12:12     W
----------------------------------------------------------------------------------
    25.2  36.5    30    16.8     9     0.6 212.4  45.0   2.0  22.0    22     ESE

Max >=  27.0 30
Max <=   0.0  0
Min <=   0.0  0
Min <=  -5.0  0
Max Rain: 10.2 on day 8
Days of Rain: 14 (>= 0.2 mm)  6 (>= 2.0 mm)  0 (>= 20.0 mm)
Heat Base: 18.3  Cool Base: 18.3  Method: Integration