NOAA-Style Climate Reports


Report for 2018 August
                   Monthly Climatological Summary for Aug 2018

Name: AT165-Meteoredipuglia   City: Fogliano Redipuglia   State: Italy
Elevation: 14 m  Lat: N 45 50 39   Lon: E 013 29 20

                  Temperature (°C), Rain (mm), Wind Speed (m/s)

                                      Heat  Cool        Avg
    Mean                              Deg   Deg         Wind                 Dom
Day Temp  High   Time   Low    Time   Days  Days  Rain  Speed High   Time    Dir
----------------------------------------------------------------------------------
01  29.5  36.2   14:06  23.9   02:07   0.0  11.2   0.0   2.6  14.7   15:22   NNE
02  27.7  34.2   10:57  23.1   03:34   0.0   9.4   0.0   1.8  12.6   12:12     E
03  28.2  37.3   15:26  23.0   23:50   0.0   9.9   1.2   2.1  18.5   16:22     E
04  29.2  37.1   13:50  21.2   03:14   0.0  10.9   0.0   2.8  13.0   11:07   ESE
05  27.9  35.4   14:07  21.4   03:42   0.0   9.6   0.0   1.9  16.0   15:14   NNW
06  28.9  36.3   12:20  22.3   02:27   0.0  10.6   0.0   1.8   8.3   13:33    SW
07  28.9  34.1   13:13  22.0   03:14   0.0  10.5   0.0   2.1   7.4   11:18    SW
08  27.7  33.3   13:32  21.4   03:47   0.0   9.4   0.0   1.6   6.9   11:59    SW
09  28.3  34.4   13:33  22.2   04:13   0.0  10.0   0.0   1.7   8.3   23:49   SSW
10  27.7  33.7   14:29  22.4   04:27   0.0   9.4   0.0   1.8   9.0   00:08   SSW
11  27.2  34.9   11:57  21.6   03:39   0.0   8.9   0.0   3.3  19.8   15:40     E
12  27.7  33.3   14:07  22.5   23:24   0.0   9.4   0.0   4.0  17.7   06:08     E
13  25.8  31.4   14:21  19.7   22:50   0.0   7.5   5.1   2.3  10.4   22:05   SSW
14  22.3  30.1   12:52  19.3   22:30   0.0   4.0  18.0   1.6  16.4   15:07   NNE
15  25.1  32.0   13:08  19.3   00:39   0.0   6.8   0.0   2.2   8.3   14:36   ENE
16  26.0  31.4   15:18  19.7   23:50   0.0   7.7   0.0   3.6  13.8   11:42     E
17  26.0  32.1   14:22  18.6   04:20   0.0   7.7   0.0   1.9   7.7   13:59   SSW
18  26.8  33.2   12:37  19.4   04:16   0.0   8.5   0.0   3.2  12.1   10:35   ENE
19  28.3  33.9   13:06  23.0   05:07   0.0  10.0   0.0   3.8  15.1   08:59   ENE
20  28.8  36.6   14:51  20.1   03:49   0.0  10.5   0.0   2.7  12.6   11:02     E
21  29.1  36.8   13:28  22.5   05:03   0.0  10.8   0.0   2.0   9.9   10:37     E
22  27.7  35.5   11:27  20.4   13:04   0.0   8.4  14.7   1.7  32.8   12:51     E
23  28.7  34.8   13:27   0.0   00:04   0.0   8.2   0.0   1.7   9.0   12:11   SSW
24  24.6  31.5   10:31  19.9   22:14   0.0   6.0   0.0   2.6  13.8   14:08   ENE
25  21.5  26.9   10:33  18.6   03:07   0.0   3.2  19.2   3.1  13.8   23:46     E
26  16.4  20.8   01:25  12.7   22:34   2.3   0.4  20.1   2.2  15.5   00:31    NE
27  20.3  29.2   16:17  11.1   04:39   1.5   3.5   0.0   1.4   7.7   13:41   NNW
28  23.5  33.4   13:31  14.8   04:40   0.5   5.6   0.0   1.3   7.7   14:09    NW
29  23.7  31.8   13:39  16.0   02:09   0.3   5.8   0.0   1.2   6.1   13:58    SW
30  24.3  30.6   14:09  17.4   03:48   0.0   6.1   0.0   1.4   8.3   02:37   SSW
----------------------------------------------------------------------------------
    26.3  37.3     3     0.0    23     4.6 239.9  78.3   2.3  32.8    22       E

Max >=  27.0 28
Max <=   0.0  0
Min <=   0.0  1
Min <=  -5.0  0
Max Rain: 20.1 on day 26
Days of Rain: 6 (>= 0.2 mm)  5 (>= 2.0 mm)  1 (>= 20.0 mm)
Heat Base: 18.3  Cool Base: 18.3  Method: Integration