NOAA-Style Climate Reports


Report for 2018 September
                   Monthly Climatological Summary for Sep 2018

Name: AT165-Meteoredipuglia   City: Fogliano Redipuglia   State: Italy
Elevation: 14 m  Lat: N 45 50 39   Lon: E 013 29 20

                  Temperature (°C), Rain (mm), Wind Speed (m/s)

                                      Heat  Cool        Avg
    Mean                              Deg   Deg         Wind                 Dom
Day Temp  High   Time   Low    Time   Days  Days  Rain  Speed High   Time    Dir
----------------------------------------------------------------------------------
01  20.3  25.6   15:53  16.7   23:47   0.2   2.1  54.9   2.9  13.3   05:44   ENE
02  21.4  28.0   13:07  15.2   04:03   0.5   3.6   0.3   2.4  10.4   08:14     E
03  20.6  28.2   13:59  16.9   02:15   0.3   2.6   0.3   1.6   8.3   15:04    NE
04  21.1  27.3   13:39  16.5   04:19   0.3   3.1   0.0   1.5   6.5   13:23   SSE
05  22.9  29.6   11:55  16.4   03:28   0.3   4.9   0.0   1.4   6.5   13:04   WSW
06  22.7  28.8   13:39  17.9   23:59   0.0   4.4   0.0   1.3   6.1   14:18     S
07  21.6  28.4   14:53  17.1   04:52   0.2   3.4   0.0   1.0   6.9   02:31   SSE
08  23.5  31.8   13:01  18.5   05:27   0.0   5.2   0.0   1.8  10.8   09:47     E
09  23.5  31.1   11:29  16.6   03:35   0.1   5.3   0.0   1.4   6.1   12:25    SW
10  23.8  31.8   12:11  17.1   03:34   0.1   5.6   0.0   1.2   6.5   12:58    SW
11  24.1  31.5   11:03  18.2   01:15   0.0   5.8   0.0   1.2   6.5   03:15     S
12  23.8  31.9   11:45  17.3   03:07   0.1   5.6   0.0   1.0   6.5   12:51   SSW
13  23.8  30.5   12:24  18.5   02:51   0.0   5.5   0.0   1.3   7.4   13:11   SSE
14  23.3  30.0   09:59  16.8   05:01   0.1   5.1   0.0   1.3   6.1   10:25    SE
15  23.4  30.3   13:41  18.0   04:48   0.0   5.1   0.9   1.2   6.5   14:34    SE
16  23.3  30.3   15:04  16.7   03:28   0.2   5.2   0.0   1.4   7.7   08:40     S
17  23.9  30.8   14:08  18.7   23:42   0.0   5.6   0.0   1.9   8.6   04:36   ESE
18  23.6  30.1   11:43  17.9   05:12   0.0   5.3   0.0   1.2   6.9   11:47     S
19  23.7  31.7   12:14  17.7   04:23   0.0   5.5   0.0   1.5  11.2   17:42   WSW
20  24.9  32.9   15:33  18.2   04:07   0.0   6.6   0.0   1.5  10.4   09:03     E
21  23.9  30.4   11:18  17.6   05:14   0.0   5.6   0.0   1.6   7.4   13:14     S
22  20.1  26.3   10:55  15.0   23:19   0.3   2.1   0.6   4.2  17.3   14:35     E
23  20.3  28.1   13:19  15.0   02:47   0.7   2.7   0.3   1.6   8.6   01:07     E
24  19.3  22.7   11:25  10.8   23:52   1.0   1.9   0.0   4.5  19.4   12:51     E
25  15.1  21.7   10:08   8.1   04:48   3.7   0.5   0.0   3.7  17.3   20:31     E
26  14.1  22.4   14:41   6.1   05:04   4.8   0.6   0.0   1.9  13.3   01:39    NE
27  15.6  28.0   13:19   8.0   03:03   3.4   1.4   0.0   0.9   5.6   14:07    SE
28  20.7  32.7   13:03  10.4   04:07   2.0   4.4   0.0   1.2  10.8   23:35    NE
29  20.1  24.4   10:39  14.4   22:15   0.6   2.4   0.0   5.8  21.2   20:30     E
30  16.6  24.5   14:11   8.7   23:24   2.9   1.2   0.0   1.8  16.0   00:00     E
----------------------------------------------------------------------------------
    21.5  32.9    20     6.1    26    21.8 118.3  57.3   1.9  21.2    29     ESE

Max >=  27.0 23
Max <=   0.0  0
Min <=   0.0  0
Min <=  -5.0  0
Max Rain: 54.9 on day 1
Days of Rain: 6 (>= 0.2 mm)  1 (>= 2.0 mm)  1 (>= 20.0 mm)
Heat Base: 18.3  Cool Base: 18.3  Method: Integration