NOAA-Style Climate Reports


Report for 2018 October
                   Monthly Climatological Summary for Oct 2018

Name: AT165-Meteoredipuglia   City: Fogliano Redipuglia   State: Italy
Elevation: 14 m  Lat: N 45 50 39   Lon: E 013 29 20

                  Temperature (°C), Rain (mm), Wind Speed (m/s)

                                      Heat  Cool        Avg
    Mean                              Deg   Deg         Wind                 Dom
Day Temp  High   Time   Low    Time   Days  Days  Rain  Speed High   Time    Dir
----------------------------------------------------------------------------------
01  12.9  17.6   13:50   7.8   04:09   5.4   0.0  12.3   1.8  11.2   19:25    NE
02  14.3  21.6   10:48   7.7   23:54   4.3   0.3   0.3   2.2  10.8   11:00     E
03  15.2  25.6   13:27   7.0   04:08   4.4   1.3   0.0   1.1   6.1   13:46     W
04  16.9  24.5   15:01   8.8   03:24   2.9   1.5   0.0   3.5  14.7   07:46   ENE
05  18.6  25.8   12:36   9.9   05:28   1.8   2.2   0.0   2.1  10.8   09:28     E
06  17.6  20.4   12:13  15.0   05:36   0.9   0.2  42.6   1.7   8.3   04:09   ENE
07  18.3  24.5   13:57  15.4   23:18   1.1   1.1   1.8   0.9   5.6   12:12   SSE
08  19.5  25.6   11:38  15.7   00:00   0.8   2.0   0.0   1.4   8.6   12:29     E
09  20.7  25.5   12:41  13.9   04:30   0.5   2.9   0.0   4.7  14.7   09:06     E
10  21.3  25.6   13:11  18.6   04:40   0.0   3.0   0.0   5.0  15.5   09:26     E
11  18.9  27.8   13:18  12.3   05:05   2.0   2.5   0.0   1.3   6.5   11:29   SSW
12  19.2  29.2   14:43  12.4   02:21   1.9   2.9   0.0   1.2   7.4   05:32   NNE
13  19.3  25.3   11:24  10.2   04:26   1.7   2.7   0.0   4.4  15.5   16:53     E
14  19.5  26.3   12:39  13.7   05:42   1.0   2.2   0.0   1.9   9.5   03:07   ESE
15  16.8  20.0   12:11  13.2   02:32   1.7   0.2   0.0   1.2  10.4   19:37   ENE
16  17.5  21.8   12:20  13.9   03:30   1.7   0.9   0.0   0.9   6.9   06:37    NE
17  17.8  21.0   13:10  15.1   01:08   1.0   0.5   0.6   1.1   6.5   14:28     N
18  18.4  26.8   14:14  13.3   23:24   1.8   2.0   0.0   0.7   4.3   10:59   NNW
19  19.1  25.5   13:59  12.6   03:52   1.5   2.3   0.0   2.9  14.2   11:56     E
20  17.5  26.7   12:20  10.4   05:29   2.8   2.1   0.0   1.1   6.1   07:18     N
21  13.8  19.5   09:37   8.0   23:33   4.6   0.1   0.0   3.6  19.1   13:50     E
22  13.8  22.2   12:34   6.4   04:07   4.8   0.3   0.0   2.4  11.2   10:23     E
23  14.1  23.0   13:27   7.3   05:30   4.7   0.5   0.0   1.4   6.5   13:28   NNW
24  14.6  22.5   13:05   9.9   21:49   4.3   0.6   0.0   1.6   6.9   10:41    SE
25  14.3  19.8   12:52  10.0   03:54   4.0   0.0   0.0   1.0   8.3   01:37   ENE
26  14.8  17.8   11:17  12.2   00:00   3.5   0.0   0.0   0.9   6.1   17:42     E
27  18.3  20.9   11:37  14.1   00:34   1.0   1.0   2.4   3.6  13.3   17:48    SE
28  17.8  19.8   00:38  15.6   22:43   0.8   0.2  36.3   4.6  16.4   05:20    SE
29  18.3  21.5   14:28  14.9   21:09   1.1   1.1  21.6   5.0  22.0   20:51    SE
30  15.1  17.9   14:58  11.0   23:53   3.2   0.0   0.6   4.7  17.3   11:47     S
31  14.6  22.2   14:14   9.6   01:25   4.2   0.5   0.0   1.2   6.1   02:27   ENE
----------------------------------------------------------------------------------
    17.1  29.2    12     6.4    22    75.4  37.1 118.5   2.3  22.0    29       E

Max >=  27.0  2
Max <=   0.0  0
Min <=   0.0  0
Min <=  -5.0  0
Max Rain: 42.6 on day 6
Days of Rain: 9 (>= 0.2 mm)  5 (>= 2.0 mm)  3 (>= 20.0 mm)
Heat Base: 18.3  Cool Base: 18.3  Method: Integration