NOAA-Style Climate Reports


Report for 2018 November
                   Monthly Climatological Summary for Nov 2018

Name: AT165-Meteoredipuglia   City: Fogliano Redipuglia   State: Italy
Elevation: 14 m  Lat: N 45 50 39   Lon: E 013 29 20

                  Temperature (°C), Rain (mm), Wind Speed (m/s)

                                      Heat  Cool        Avg
    Mean                              Deg   Deg         Wind                 Dom
Day Temp  High   Time   Low    Time   Days  Days  Rain  Speed High   Time    Dir
----------------------------------------------------------------------------------
01  15.0  17.0   09:30  12.0   00:06   3.2   0.0  17.1   2.9  13.0   07:46   ESE
02  15.0  16.0   16:13  13.2   03:45   3.3   0.0  59.7   2.4  13.3   04:58   ENE
03  17.4  23.3   10:40  14.3   03:07   1.7   0.8   0.0   1.2   9.9   21:57   NNE
04  18.1  26.8   10:46  13.1   22:26   1.6   1.4   0.0   1.5   9.9   00:20     E
05  16.4  20.5   12:11  12.5   00:54   2.1   0.2   3.0   2.1   9.0   02:56     E
06  16.6  20.2   10:54  14.9   20:39   1.8   0.2  32.4   1.9   7.4   08:01   ESE
07  16.6  21.9   11:39  13.0   23:59   2.3   0.6   4.8   1.4   4.7   02:56    SE
08  14.9  21.6   14:03  11.3   20:59   3.7   0.3   0.3   0.9   4.7   10:41   SSE
09  12.0  17.8   09:15   8.2   04:48   6.3   0.0   0.6   1.0   5.2   10:41     S
10  13.2  17.1   09:46  11.2   00:00   5.1   0.0   0.0   0.8   4.7   14:17   ESE
11  14.7  18.4   13:31  11.5   03:35   3.6   0.0   0.0   1.0   6.5   12:23    SE
12  15.1  20.6   09:41  12.6   16:47   3.4   0.2   0.0   0.9   4.7   11:27   SSW
13  13.6  15.2   11:57  10.3   23:55   4.7   0.0   0.3   0.8   4.7   12:51   WSW
14  13.5  21.1   14:04   8.5   04:09   5.1   0.3   0.3   1.7   9.5   11:17     E
15  12.1  20.9   13:11   7.5   06:16   6.3   0.0   0.0   1.8  10.4   09:59   ENE
16  11.2  14.9   12:22   9.2   21:54   7.1   0.0   0.0   5.4  19.8   08:40     E
17   8.9  13.4   08:57   4.2   23:59   9.4   0.0   0.0   3.6  14.2   18:38     E
18   6.2  13.9   11:47   0.5   03:30  12.1   0.0   0.0   2.8  21.2   09:16   ENE
19   5.7   8.5   10:59   1.9   00:30  12.6   0.0   2.1   6.6  24.6   22:29     E
20   6.0   7.9   20:33   3.2   06:18  12.3   0.0  14.1   3.9  25.5   01:43   ENE
21   8.5  11.3   11:43   6.5   03:47   9.8   0.0   0.3   1.0   8.3   16:05   NNE
22   8.9  10.0   14:06   8.4   05:29   9.4   0.0   0.0   1.0   6.5   10:17     E
23  10.9  15.1   11:57   8.3   00:28   7.3   0.0   4.5   1.6   8.3   20:23    NE
24  13.1  15.4   08:12  10.0   00:00   5.2   0.0  44.4   2.0  11.7   07:42   SSE
25  11.0  12.8   10:02   9.2   23:45   7.3   0.0   5.1   0.9   6.9   13:42    NE
26  10.0  12.7   12:09   8.1   17:11   8.3   0.0   2.1   1.2   9.5   21:10   ENE
27  10.0  15.8   12:56   7.2   21:30   8.3   0.0   0.0   2.6  13.0   16:10     E
28   5.7  11.8   13:31  -0.7   22:59  12.6   0.0   0.0   2.5  15.1   09:27     E
29   3.1  12.8   12:34  -2.3   06:23  15.2   0.0   0.0   1.4   9.5   08:22   ENE
30   4.1   7.4   11:14   1.0   03:28  14.2   0.0   0.0   1.7  10.8   09:15   ENE
----------------------------------------------------------------------------------
    11.6  26.8     4    -2.3    29   205.3   4.0 191.1   2.0  25.5    20       E

Max >=  27.0  0
Max <=   0.0  0
Min <=   0.0  2
Min <=  -5.0  0
Max Rain: 59.7 on day 2
Days of Rain: 16 (>= 0.2 mm)  11 (>= 2.0 mm)  3 (>= 20.0 mm)
Heat Base: 18.3  Cool Base: 18.3  Method: Integration