NOAA-Style Climate Reports


Report for 2018 December
                   Monthly Climatological Summary for Dec 2018

Name: AT165-Meteoredipuglia   City: Fogliano Redipuglia   State: Italy
Elevation: 14 m  Lat: N 45 50 39   Lon: E 013 29 20

                  Temperature (°C), Rain (mm), Wind Speed (m/s)

                                      Heat  Cool        Avg
    Mean                              Deg   Deg         Wind                 Dom
Day Temp  High   Time   Low    Time   Days  Days  Rain  Speed High   Time    Dir
----------------------------------------------------------------------------------
01   7.9  15.5   13:42   3.8   06:15  10.4   0.0   0.0   0.9   8.6   01:07     N
02   7.7   9.5   12:37   6.5   03:39  10.6   0.0   0.0   0.7   6.1   20:00     E
03   8.3   9.1   21:19   7.1   05:42  10.0   0.0   1.5   0.6   3.4   00:58   NNW
04   8.7  16.4   12:18   5.0   20:45   9.6   0.0   0.0   0.8   5.2   23:51    NW
05  10.1  15.2   10:51   7.0   00:35   8.2   0.0   0.3   2.1  10.8   20:36   ENE
06   7.7  15.9   13:11   4.3   22:36  10.6   0.0   7.2   0.8   6.5   00:50    NE
07   8.0  13.1   10:43   3.9   00:35  10.3   0.0   0.0   1.0   6.1   01:33    SE
08   8.6  14.9   13:43   2.9   23:26   9.7   0.0  21.6   1.8  11.2   07:42   NNE
09   7.9  17.5   13:52   1.9   01:50  10.4   0.0   0.0   1.6   6.9   04:45     E
10   6.1  11.7   13:07   0.1   23:59  12.2   0.0   0.0   1.3   7.4   07:14    NE
11   4.9  14.9   12:33  -0.8   21:18  13.4   0.0   0.0   1.0   7.4   04:47     N
12   4.3  15.2   13:13  -1.7   02:58  14.0   0.0   0.0   1.1   7.7   00:58   ENE
13   4.7   7.5   10:10   2.6   01:45  13.6   0.0   0.0   6.7  21.2   16:37     E
14   4.2   6.5   12:08   1.6   23:48  14.1   0.0   0.0   7.9  22.0   05:51     E
15   2.0   9.1   13:41  -2.1   06:44  16.3   0.0   0.0   1.5   8.6   01:10    NE
16   2.9   8.1   13:15  -1.4   02:55  15.4   0.0   0.0   1.8   9.0   04:23   ENE
17   4.7  10.0   14:37  -0.1   23:07  13.6   0.0   0.0   1.1   7.7   12:03    NE
18   5.1  13.7   12:25  -0.7   05:44  13.2   0.0   0.0   1.7   9.5   19:08   ENE
19   4.7  10.5   11:59   0.1   05:55  13.6   0.0   0.0   1.3   7.4   19:54    NE
20   5.9   8.3   12:16   4.3   03:20  12.4   0.0   8.4   1.2   9.0   08:26    NE
21   3.6   5.3   00:00   0.9   06:56  14.7   0.0   0.3   0.6   3.4   15:21   WNW
22   5.5   6.6   19:45   4.3   02:42  12.8   0.0   0.3   0.4   2.5   12:01    NW
23   7.3  10.0   11:32   5.1   01:56  11.0   0.0   0.9   0.6   3.9   13:27     S
24   6.4  14.8   13:58   0.6   23:24  11.9   0.0   0.6   0.8   5.6   08:19     N
25   4.2  12.3   10:38  -0.2   02:03  14.1   0.0   0.3   1.1   4.7   13:09     S
26   3.1  11.0   12:00  -0.8   01:13  15.2   0.0   0.3   0.6   3.9   09:49    NW
27   1.6   8.1   13:38  -2.4   22:37  16.7   0.0   0.0   1.0   4.7   00:39   NNW
28   1.1   6.7   13:05  -1.6   00:00  17.2   0.0   0.6   0.4   2.5   09:07   WNW
29   1.6   9.7   12:35  -3.4   06:42  16.7   0.0   0.3   0.5   5.2   23:49    SW
30   5.2  13.7   11:48   0.1   06:46  13.1   0.0   0.0   0.8   6.1   05:10   ESE
31   4.4  14.6   12:43  -0.8   05:55  13.9   0.0   0.0   0.8   6.9   22:06    NE
----------------------------------------------------------------------------------
     5.4  17.5     9    -3.4    29   398.9   0.0  42.6   1.4  22.0    14     ENE

Max >=  27.0  0
Max <=   0.0  0
Min <=   0.0 12
Min <=  -5.0  0
Max Rain: 21.6 on day 8
Days of Rain: 13 (>= 0.2 mm)  3 (>= 2.0 mm)  1 (>= 20.0 mm)
Heat Base: 18.3  Cool Base: 18.3  Method: Integration