NOAA-Style Climate Reports


Report for 2019 January
                   Monthly Climatological Summary for Jan 2019

Name: AT165-Meteoredipuglia   City: Fogliano Redipuglia   State: Italy
Elevation: 14 m  Lat: N 45 50 39   Lon: E 013 29 20

                  Temperature (°C), Rain (mm), Wind Speed (m/s)

                                      Heat  Cool        Avg
    Mean                              Deg   Deg         Wind                 Dom
Day Temp  High   Time   Low    Time   Days  Days  Rain  Speed High   Time    Dir
----------------------------------------------------------------------------------
01   5.7  11.4   10:49   2.2   04:46  12.6   0.0   0.0   1.0   7.7   01:56   NNE
02   4.5  12.8   11:48  -0.5   06:50  13.8   0.0   0.0   2.0  15.5   12:58     N
03   2.3  10.0   13:37  -3.8   04:57  16.0   0.0   0.0   1.3   8.6   14:16    NW
04   1.2   7.6   14:23  -4.4   06:54  17.1   0.0   0.0   1.3   9.9   01:28   ENE
05   1.6  11.4   13:36  -2.4   04:07  16.7   0.0   0.0   0.6   5.2   23:47   ENE
06   3.1  11.9   11:59  -2.6   02:59  15.2   0.0   0.0   1.2   8.3   03:11     E
07   4.1   7.9   11:31  -0.6   01:29  14.2   0.0   0.0   0.6   6.5   04:43   ENE
08   4.4   5.8   13:40   2.5   20:26  13.9   0.0   0.0   1.5   9.5   13:09   ENE
09   3.5   9.0   10:47  -0.5   06:19  14.8   0.0   0.0   0.9   6.9   07:51     N
10   3.2  12.8   14:05  -2.4   06:39  15.1   0.0   0.0   0.9   5.2   14:20   NNW
11   2.4  11.4   12:55  -2.0   02:56  15.8   0.0   0.0   0.8   6.5   08:10   NNE
12   3.0  10.5   11:50  -1.3   05:40  15.3   0.0   0.0   0.8   5.2   18:28     E
13   5.6  13.8   10:16   0.8   06:30  12.7   0.0   0.0   1.3   7.7   07:07     E
14   6.9  13.8   10:14   2.4   01:19  11.4   0.0   0.0   1.7   9.0   19:59     N
15   6.4  12.8   12:01   1.2   21:56  11.9   0.0   0.0   1.7  10.8   07:30   ENE
16   5.9  10.8   13:17   1.3   00:36  12.4   0.0   0.0   1.4   8.6   09:17   SSE
17   7.3  10.0   12:38   4.8   04:15  11.0   0.0   3.6   0.7   4.7   13:34   SSE
18   6.4   8.5   04:26   4.8   22:59  11.9   0.0  42.9   4.6  22.0   23:45     E
19   3.8   5.8   11:13   0.2   23:09  14.5   0.0   0.0   5.4  22.0   00:47     E
20   2.8   8.9   12:56  -1.8   05:38  15.5   0.0   0.0   1.2   7.4   20:59     N
21   4.1   7.9   10:44   0.7   22:57  14.2   0.0   0.0   2.7  13.0   10:52     E
22   3.7   9.2   12:26  -1.3   06:34  14.6   0.0   0.0   2.6  14.7   09:12     E
23   1.1   2.5   20:19  -0.6   23:28  17.2   0.0   4.2   3.5  13.8   20:57   ENE
24   3.4  11.6   11:53  -2.0   23:33  14.9   0.0   0.0   1.5  13.0   11:30    NE
25   1.3   9.3   14:09  -3.2   05:55  17.0   0.0   0.0   1.9  15.1   17:42     E
26   1.5   8.6   13:28  -4.2   03:55  16.8   0.0   0.0   1.0   6.9   05:30   NNE
27   4.0   9.8   21:52  -2.4   03:40  14.3   0.0   5.1   1.3  14.7   21:44     E
28   5.6   7.8   13:31   3.4   23:35  12.7   0.0   3.9   1.1   6.9   17:59   ENE
29   4.7  12.1   12:23   0.6   20:26  13.6   0.0   0.3   2.0  11.2   13:17   ENE
30   4.0   9.2   09:50  -0.5   03:25  14.3   0.0   0.0   1.4   8.3   00:13    NE
31   5.2  12.1   13:21   1.5   04:30  13.1   0.0   2.1   2.1  11.7   09:50   ESE
----------------------------------------------------------------------------------
     4.0  13.8    13    -4.4     4   444.5   0.0  62.1   1.7  22.0    18     ENE

Max >=  27.0  0
Max <=   0.0  0
Min <=   0.0 18
Min <=  -5.0  0
Max Rain: 42.9 on day 18
Days of Rain: 7 (>= 0.2 mm)  6 (>= 2.0 mm)  1 (>= 20.0 mm)
Heat Base: 18.3  Cool Base: 18.3  Method: Integration