NOAA-Style Climate Reports


Report for 2019 February
                   Monthly Climatological Summary for Feb 2019

Name: AT165-Meteoredipuglia   City: Fogliano Redipuglia   State: Italy
Elevation: 14 m  Lat: N 45 50 39   Lon: E 013 29 20

                  Temperature (°C), Rain (mm), Wind Speed (m/s)

                                      Heat  Cool        Avg
    Mean                              Deg   Deg         Wind                 Dom
Day Temp  High   Time   Low    Time   Days  Days  Rain  Speed High   Time    Dir
----------------------------------------------------------------------------------
01   8.3  12.1   18:45   3.3   02:38  10.0   0.0  42.9   4.1  14.2   14:56    SE
02  10.0  12.2   04:50   7.8   18:57   8.3   0.0  47.1   3.9  16.4   06:16   ESE
03   9.3  14.4   12:08   6.8   23:17   9.0   0.0   4.2   2.0  13.0   00:03    SE
04   6.9  13.2   12:03   1.7   05:59  11.4   0.0   0.0   2.4  15.5   14:27   ENE
05   6.1  16.7   13:09   0.3   01:25  12.2   0.0   0.0   1.5   9.9   04:02     N
06   7.5  17.4   14:47   0.9   23:59  10.8   0.0   0.0   1.6   9.0   09:09     N
07   6.0  14.7   11:40  -1.1   06:22  12.3   0.0   0.0   1.1   7.4   23:11    SW
08   8.1  14.9   11:42   2.7   23:27  10.2   0.0   0.0   3.2  16.0   11:46     E
09   6.7  12.0   12:14   1.3   04:47  11.6   0.0   0.0   1.6   6.9   12:48    SE
10   7.7  10.7   23:41   5.0   01:47  10.6   0.0   3.9   1.0  12.1   23:12    SE
11   8.1  12.4   11:28   3.5   23:59  10.2   0.0  10.2   1.9  16.9   05:08    NE
12   6.1  13.5   13:20   0.8   06:16  12.2   0.0   0.0   1.4   7.7   04:02    SE
13   4.8  12.1   13:36  -0.8   03:07  13.5   0.0   0.0   1.1   7.4   14:07     W
14   5.9  16.4   14:07   0.1   05:16  12.4   0.0   0.0   0.9   5.2   12:06    SW
15   8.6  20.7   14:39   1.0   05:41   9.7   0.0   0.0   1.2   7.7   15:31    NE
16   7.9  19.1   14:57   1.5   01:33  10.4   0.0   0.0   1.2   6.1   06:13   NNW
17   7.2  17.7   12:26  -0.3   05:19  11.1   0.0   0.0   0.9   4.3   11:20   SSE
18   6.7  16.4   12:37  -1.1   05:34  11.6   0.0   0.0   0.7   5.2   12:08     S
19   5.4   9.5   12:29  -0.4   05:07  12.9   0.0   0.0   1.0   8.6   22:50     E
20   8.0  13.7   13:38   3.5   22:30  10.3   0.0   0.0   0.8   5.2   12:35     W
21   6.8  14.8   11:50   1.2   05:56  11.5   0.0   0.0   0.8   5.6   12:24   SSE
22   7.1  17.2   12:40   1.3   00:35  11.2   0.0   0.0   2.1  22.9   23:59   ESE
23   6.6  12.6   14:23   2.0   23:46  11.7   0.0   0.0   7.2  28.1   02:47     E
24   5.0  11.3   13:56  -1.5   06:19  13.3   0.0   0.0   1.8  10.8   00:11   NNE
25   9.0  18.1   13:51   1.0   03:59   9.3   0.0   0.0   1.3   6.1   08:27    NW
26   9.9  18.1   13:39   5.1   05:57   8.3   0.0   0.0   0.9   5.6   00:30   SSW
27  10.2  21.5   10:17   3.7   03:53   8.2   0.1   0.0   1.6   9.0   12:58   SSE
28   9.7  19.4   09:51   1.3   05:43   8.7   0.0   0.0   1.2   8.3   12:39    SW
----------------------------------------------------------------------------------
     7.5  21.5    27    -1.5    24   302.9   0.1 108.3   1.8  28.1    23       E

Max >=  27.0  0
Max <=   0.0  0
Min <=   0.0  6
Min <=  -5.0  0
Max Rain: 47.1 on day 2
Days of Rain: 5 (>= 0.2 mm)  5 (>= 2.0 mm)  2 (>= 20.0 mm)
Heat Base: 18.3  Cool Base: 18.3  Method: Integration