NOAA-Style Climate Reports


Report for 2019 March
                   Monthly Climatological Summary for Mar 2019

Name: AT165-Meteoredipuglia   City: Fogliano Redipuglia   State: Italy
Elevation: 14 m  Lat: N 45 50 39   Lon: E 013 29 20

                  Temperature (°C), Rain (mm), Wind Speed (m/s)

                                      Heat  Cool        Avg
    Mean                              Deg   Deg         Wind                 Dom
Day Temp  High   Time   Low    Time   Days  Days  Rain  Speed High   Time    Dir
----------------------------------------------------------------------------------
01   8.9  17.3   09:41   2.7   06:09   9.4   0.0   0.0   1.0   8.6   14:51   NNE
02   8.7  17.7   13:07   1.4   04:36   9.6   0.0   0.0   1.0   6.9   13:59     S
03  10.5  18.2   12:55   4.2   00:57   7.8   0.0   0.0   1.5   6.9   12:22     S
04   8.6  16.8   09:24   2.4   05:47   9.7   0.0   5.1   1.5   8.6   18:59    SW
05   9.6  16.1   13:12   5.7   21:35   8.7   0.0   0.0   1.6   8.3   14:16   SSE
06  10.3  18.0   11:52   3.7   03:35   8.0   0.0   0.0   1.6   7.7   14:55   SSE
07  12.6  17.0   11:41   8.3   05:52   5.7   0.0   0.0   2.0   9.0   12:28   SSE
08  13.1  17.9   13:09   9.6   19:56   5.2   0.0   0.0   2.2   8.6   14:08   SSE
09  11.3  14.2   10:52   8.6   21:24   7.0   0.0   0.0   2.4   8.3   08:06   SSE
10  11.0  14.1   10:08   8.2   05:33   7.3   0.0   0.0   1.8   8.6   10:52   SSE
11   9.9  17.6   10:21   2.0   23:49   8.4   0.0   1.2   2.8  20.3   14:02     E
12   7.6  15.6   13:10  -0.9   03:40  10.7   0.0   0.0   2.0   9.9   13:20   SSW
13   7.6  12.8   10:25   3.3   01:18  10.6   0.0   0.0   2.6  10.8   13:24    SE
14   7.2  13.8   10:13   1.1   04:54  11.1   0.0   0.0   1.5   7.4   22:55   SSW
15   9.8  18.2   13:22   2.3   03:59   8.5   0.0   0.0   1.9   7.4   05:42    SE
16  11.6  18.1   12:18   4.4   01:50   6.7   0.0   0.0   1.8   6.9   04:22    SE
17  12.8  16.6   11:15  10.7   04:13   5.5   0.0   0.0   2.2  10.8   10:52     S
18   8.6  12.5   07:37   5.5   12:39   9.7   0.0  12.9   2.2  12.6   09:46     E
19   8.9  12.3   14:49   6.0   01:46   9.4   0.0   0.0   4.1  15.5   16:21     E
20   9.8  14.6   12:38   6.1   01:50   8.5   0.0   0.0   5.3  16.4   09:25     E
21  11.5  19.6   13:48   5.7   23:37   6.9   0.0   0.0   3.7  16.9   08:07     E
22  13.2  24.0   13:13   2.3   04:58   6.2   1.1   0.0   1.5   9.0   08:34    NW
23  15.3  25.7   13:41   7.2   00:00   4.7   1.7   0.0   2.1  10.8   13:45   ESE
24  15.3  23.1   13:57   7.2   23:40   4.3   1.3   0.0   1.6   7.7   14:27   SSW
25  12.4  20.1   11:07   5.4   22:27   6.1   0.2  12.6   2.4  18.2   18:57    SE
26  11.6  16.8   15:00   6.6   00:00   6.7   0.0   0.3   5.9  20.7   08:30     E
27  10.0  17.5   13:47   2.9   03:05   8.3   0.0   0.0   4.4  16.9   19:59     E
28  12.0  17.9   14:53   6.6   03:54   6.3   0.0   0.0   4.6  15.1   10:08     E
29  13.5  19.8   16:24   7.3   05:07   5.0   0.2   0.0   3.0  14.2   09:49     E
30  12.9  22.2   14:12   4.8   05:07   6.1   0.6   0.0   1.4   7.4   14:33   WSW
31  13.8  24.5   14:11   3.8   05:03   5.5   0.9   0.0   1.4   6.9   16:31   SSW
----------------------------------------------------------------------------------
    11.0  25.7    23    -0.9    12   233.6   6.0  32.1   2.4  20.7    26     ESE

Max >=  27.0  0
Max <=   0.0  0
Min <=   0.0  1
Min <=  -5.0  0
Max Rain: 12.9 on day 18
Days of Rain: 5 (>= 0.2 mm)  3 (>= 2.0 mm)  0 (>= 20.0 mm)
Heat Base: 18.3  Cool Base: 18.3  Method: Integration