NOAA-Style Climate Reports


Report for 2019 May
                   Monthly Climatological Summary for May 2019

Name: AT165-Meteoredipuglia   City: Fogliano Redipuglia   State: Italy
Elevation: 14 m  Lat: N 45 50 39   Lon: E 013 29 20

                  Temperature (°C), Rain (mm), Wind Speed (m/s)

                                      Heat  Cool        Avg
    Mean                              Deg   Deg         Wind                 Dom
Day Temp  High   Time   Low    Time   Days  Days  Rain  Speed High   Time    Dir
----------------------------------------------------------------------------------
01  15.1  20.3   09:54   7.7   04:07   3.7   0.4   0.0   1.6   7.4   12:44     S
02  15.7  20.7   14:16   8.3   02:48   3.0   0.4   0.9   2.3   9.0   10:37     S
03  13.6  16.8   11:12  11.6   19:33   4.7   0.0  15.0   2.2   9.9   08:20    SE
04  13.8  18.4   13:42  11.4   03:44   4.5   0.0   3.0   1.7   9.9   22:28     E
05   9.9  14.6   12:44   7.0   22:58   8.4   0.0  12.6   2.0  10.8   15:52    NE
06  11.0  15.6   12:53   6.4   02:51   7.3   0.0   0.0   2.0   8.3   11:47     S
07  10.4  17.0   12:31   5.0   02:24   7.9   0.0   0.0   1.1   8.3   13:44    NW
08  12.9  18.5   09:09   8.0   00:33   5.4   0.0   5.1   1.8   7.4   10:49   SSW
09  12.8  19.1   13:21   9.0   23:43   5.5   0.0  27.9   1.7   8.6   01:16    SE
10  15.1  20.9   08:56   7.7   03:01   3.8   0.6   0.0   1.7   8.3   12:27   SSW
11  16.6  23.0   12:07  10.4   00:00   2.5   0.8   3.6   2.0  15.5   22:31    SE
12  13.7  17.8   21:52  10.9   04:26   4.6   0.0  15.9   3.3  17.3   19:01    NE
13  16.3  18.0   12:59  12.9   22:57   2.0   0.0   0.3   4.4  18.5   01:37    NE
14  11.9  15.5   13:16   7.0   23:29   6.4   0.0   0.6   4.2  18.5   12:26     E
15  10.9  17.9   14:34   6.7   01:40   7.4   0.0   0.3   1.5   7.4   11:37    NE
16  14.7  20.6   14:58   8.7   23:59   3.8   0.3   0.0   2.1  14.2   08:46   ESE
17  15.3  20.9   17:05   8.0   03:41   3.5   0.5   0.0   1.5   8.3   12:40   SSW
18  14.6  20.5   09:53  10.6   00:00   3.8   0.1  10.2   2.0   9.5   08:19   ENE
19  14.3  17.1   06:51  12.5   03:20   4.0   0.0  14.1   0.7   4.7   12:13    NE
20  13.8  16.3   12:09  12.4   00:07   4.5   0.0  15.6   2.7  12.6   12:09     S
21  14.2  16.5   14:16  12.3   03:19   4.1   0.0  15.3   1.8   6.9   10:10    SE
22  16.9  21.7   13:39  13.5   03:12   2.1   0.6   0.0   1.5   6.9   12:23   SSE
23  18.2  24.5   11:23  11.4   03:08   2.0   1.9   0.0   1.4   9.0   13:07   SSW
24  19.5  25.3   13:39  13.6   23:25   1.3   2.5   8.1   1.6   8.3   00:55   SSW
25  19.8  26.4   13:05  13.2   02:30   1.3   2.8   0.0   1.5   6.9   11:59   SSW
26  19.2  25.9   09:56  13.3   01:43   1.1   2.0   0.6   1.4   6.5   03:38    SE
27  15.5  16.7   13:10  14.7   07:06   2.8   0.0  17.7   1.2   8.3   12:12    NE
28  16.8  21.6   12:46  14.3   00:58   1.8   0.3  33.3   2.1  11.7   23:36   SSE
29  14.2  16.9   14:36  12.0   05:18   4.1   0.0  12.6   1.2  11.7   00:36   NNE
30  16.5  21.8   16:59  12.2   03:53   2.3   0.5   0.0   0.7   4.3   13:29    SW
31  18.1  25.3   14:18  10.9   03:34   2.2   2.0   0.0   1.3   6.1   13:14    SW
----------------------------------------------------------------------------------
    14.9  26.4    25     5.0     7   121.8  15.7 212.7   1.9  18.5    13      SE

Max >=  27.0  0
Max <=   0.0  0
Min <=   0.0  0
Min <=  -5.0  0
Max Rain: 33.3 on day 28
Days of Rain: 20 (>= 0.2 mm)  15 (>= 2.0 mm)  2 (>= 20.0 mm)
Heat Base: 18.3  Cool Base: 18.3  Method: Integration