NOAA-Style Climate Reports

Select a Year or Month report
2020: Gen Feb Mar Apr Mag Giu Lug Ago Set Ott Nov Dic
2019: Gen Feb Mar Apr Mag Giu Lug Ago Set Ott Nov Dic
2018: Gen Feb Mar Apr Mag Giu Lug Ago Set Ott Nov Dic
2017: Gen Feb Mar Apr Mag Giu Lug Ago Set Ott Nov Dic
2016: Gen Feb Mar Apr Mag Giu Lug Ago Set Ott Nov Dic
2015: Gen Feb Mar Apr Mag Giu Lug Ago Set Ott Nov Dic
2014: Gen Feb Mar Apr Mag Giu Lug Ago Set Ott Nov Dic
2013: Gen Feb Mar Apr Mag Giu Lug Ago Set Ott Nov Dic
2012: Gen Feb Mar Apr Mag Giu Lug Ago Set Ott Nov Dic
2011: Gen Feb Mar Apr Mag Giu Lug Ago Set Ott Nov Dic

Report for 2019 Luglio
                   Monthly Climatological Summary for Jul 2019

Name: AT165-Meteoredipuglia   City: Fogliano Redipuglia   State: Italy
Elevation: 14 m  Lat: N 45 50 39   Lon: E 013 29 20

                  Temperature (°C), Rain (mm), Wind Speed (m/s)

                                      Heat  Cool        Avg
    Mean                              Deg   Deg         Wind                 Dom
Day Temp  High   Time   Low    Time   Days  Days  Rain  Speed High   Time    Dir
----------------------------------------------------------------------------------
01  26.4  33.6   12:15  17.9   03:14   0.0   8.1   0.0   1.6   8.3   13:42   SSW
02  27.0  34.7   14:51  21.6   00:42   0.0   8.7   0.0   2.6  19.8   20:08     E
03  25.4  35.4   13:55  18.4   16:31   0.0   7.1   6.0   2.8  21.6   16:05   ENE
04  24.7  29.7   16:23  18.7   00:51   0.0   6.4   0.0   4.9  18.2   07:57     E
05  26.1  31.3   10:16  18.6   03:05   0.0   7.8   0.0   1.5   7.4   12:35   SSW
06  26.3  32.1   11:07  19.8   20:16   0.0   8.0  10.2   2.1  14.7   19:23   SSE
07  24.7  30.4   10:21  19.7   23:39   0.0   6.3   0.6   1.6   8.6   11:56   ESE
08  24.7  30.8   12:09  18.7   02:39   0.0   6.4   3.6   2.2   8.3   23:09    SE
09  22.2  26.3   13:39  18.0   01:09   0.0   3.9   1.8   2.5  10.4   19:39     E
10  23.2  27.1   15:09  17.5   23:28   0.0   4.9   0.0   3.5  14.7   02:09     E
11  22.0  27.3   09:47  15.9   04:11   0.2   3.9   0.0   1.6  10.4   00:36    NW
12  22.8  28.0   12:10  16.0   03:43   0.3   4.7   0.0   1.9   7.7   12:50     S
13  20.7  26.8   10:13  15.9   23:39   0.2   2.6  10.8   2.2  10.4   14:24   ESE
14  21.9  28.9   14:45  14.2   03:37   0.6   4.2   0.0   1.8  12.6   15:59   NNW
15  23.2  28.5   15:10  18.2   00:20   0.0   4.9   0.0   4.1  15.5   07:31     E
16  24.7  30.6   13:12  18.7   02:44   0.0   6.4   0.0   2.3   9.0   03:13     N
17  24.6  29.6   12:39  17.8   00:40   0.0   6.3   0.0   2.3   9.0   13:18     S
18  23.7  29.5   13:07  18.5   02:07   0.0   5.4   2.1   2.1   8.6   02:54     N
19  25.1  30.9   12:44  19.2   00:00   0.0   6.8   0.0   2.0   8.6   13:38   SSW
20  25.3  30.4   10:48  17.8   02:31   0.0   7.0   0.0   1.6   7.4   11:21   SSW
21  26.6  33.3   15:59  20.9   04:10   0.0   8.3   0.0   1.5   7.4   12:50   SSW
22  28.7  34.7   14:27  20.8   03:33   0.0  10.4   0.0   1.9   8.6   12:15     W
23  29.3  35.0   13:46  22.4   03:13   0.0  11.0   0.0   2.2   8.3   12:56    SW
24  29.0  34.2   15:16  22.5   01:39   0.0  10.7   0.0   1.8   8.3   10:40   SSW
25  29.7  35.7   12:36  23.3   02:21   0.0  11.4   0.0   1.6   8.3   13:29   WSW
26  27.9  32.9   12:33  21.7   22:36   0.0   9.6   0.6   2.3  12.6   18:48   SSW
27  24.9  30.8   10:45  19.6   23:05   0.0   6.6  13.8   2.5  11.7   13:07   ESE
28  21.5  25.3   16:17  18.7   07:28   0.0   3.2   9.6   2.2  11.7   01:26   ENE
29  25.3  30.6   15:01  19.9   04:12   0.0   7.0   0.0   1.6   7.7   13:26    SW
30  27.0  31.8   17:14  21.7   03:52   0.0   8.7   0.0   1.9   7.7   04:20   SSW
31  27.3  33.0   12:33  21.8   04:25   0.0   9.0   0.0   2.0   7.7   13:20   SSE
----------------------------------------------------------------------------------
    25.2  35.7    25    14.2    14     1.3 215.7  59.1   2.2  21.6     3      SE

Max >=  27.0 28
Max <=   0.0  0
Min <=   0.0  0
Min <=  -5.0  0
Max Rain: 13.8 on day 27
Days of Rain: 10 (>= 0.2 mm)  7 (>= 2.0 mm)  0 (>= 20.0 mm)
Heat Base: 18.3  Cool Base: 18.3  Method: Integration