NOAA-Style Climate Reports

Select a Year or Month report
2020: Gen Feb Mar Apr Mag Giu Lug Ago Set Ott Nov Dic
2019: Gen Feb Mar Apr Mag Giu Lug Ago Set Ott Nov Dic
2018: Gen Feb Mar Apr Mag Giu Lug Ago Set Ott Nov Dic
2017: Gen Feb Mar Apr Mag Giu Lug Ago Set Ott Nov Dic
2016: Gen Feb Mar Apr Mag Giu Lug Ago Set Ott Nov Dic
2015: Gen Feb Mar Apr Mag Giu Lug Ago Set Ott Nov Dic
2014: Gen Feb Mar Apr Mag Giu Lug Ago Set Ott Nov Dic
2013: Gen Feb Mar Apr Mag Giu Lug Ago Set Ott Nov Dic
2012: Gen Feb Mar Apr Mag Giu Lug Ago Set Ott Nov Dic
2011: Gen Feb Mar Apr Mag Giu Lug Ago Set Ott Nov Dic

Report for 2019 Agosto
                   Monthly Climatological Summary for Aug 2019

Name: AT165-Meteoredipuglia   City: Fogliano Redipuglia   State: Italy
Elevation: 14 m  Lat: N 45 50 39   Lon: E 013 29 20

                  Temperature (°C), Rain (mm), Wind Speed (m/s)

                                      Heat  Cool        Avg
    Mean                              Deg   Deg         Wind                 Dom
Day Temp  High   Time   Low    Time   Days  Days  Rain  Speed High   Time    Dir
----------------------------------------------------------------------------------
01  26.9  31.8   09:56  21.2   03:14   0.0   8.6   0.0   2.5  10.8   06:52   SSE
02  22.5  28.7   14:38  17.6   23:49   0.0   4.2  19.8   2.7  23.4   19:36   ENE
03  23.5  29.6   15:56  16.3   02:45   0.3   5.5   0.3   1.6  13.0   18:47     W
04  24.1  29.8   12:56  17.4   01:53   0.1   5.9   0.0   1.8   7.7   03:03    SW
05  24.8  30.8   15:08  19.7   00:11   0.0   6.5   0.0   1.6   6.9   02:44    SE
06  25.4  32.4   14:54  19.4   02:53   0.0   7.1   3.9   1.3  12.1   21:58     S
07  25.5  30.8   10:52  19.7   03:48   0.0   7.2   0.3   1.6   7.4   00:38     S
08  26.2  31.0   10:52  22.2   23:12   0.0   7.9   0.0   2.3  10.4   12:58    SE
09  26.8  33.5   13:41  20.5   03:54   0.0   8.5   0.0   1.4   6.5   11:36   WSW
10  27.3  33.0   12:57  21.3   03:51   0.0   9.0   0.0   1.4   6.9   10:58     S
11  29.0  36.5   15:21  22.6   02:32   0.0  10.7   0.0   2.2  10.8   07:52   ESE
12  29.4  34.8   10:27  23.7   01:50   0.0  11.1   0.0   1.8  10.8   19:44   SSE
13  26.8  33.8   09:28  20.9   19:32   0.0   8.5   0.3   4.1  19.4   19:24     E
14  23.5  28.2   14:27  17.9   05:27   0.0   5.3   0.3   3.6  13.3   11:21     E
15  24.1  29.3   11:06  19.9   20:12   0.0   5.8   0.0   2.6  10.4   12:56   ESE
16  23.4  29.7   10:33  17.3   04:12   0.1   5.2   1.8   2.2   9.9   00:07     E
17  23.9  29.5   14:28  17.2   03:29   0.0   5.6   0.0   1.9   9.9   04:14   SSE
18  24.5  30.3   13:24  17.2   03:08   0.1   6.3   0.0   1.5   8.6   11:42   SSW
19  25.8  32.2   13:40  18.6   03:01   0.0   7.5   0.0   1.3   7.7   03:33   SSW
20  27.5  34.2   13:28  21.3   00:32   0.0   9.2   0.0   1.8   8.3   04:21     S
21  26.6  32.6   12:12  21.2   00:42   0.0   8.3   0.0   4.7  19.4   15:20     E
22  24.7  29.1   13:20  20.9   04:08   0.0   6.4   0.0   3.1  18.2   01:36     E
23  25.8  30.7   11:54  19.9   03:36   0.0   7.5   3.0   3.6  14.7   04:44     E
24  26.3  33.4   11:43  21.0   23:38   0.0   8.0   0.0   2.5   9.9   02:37     E
25  26.6  33.5   13:13  19.1   02:13   0.0   8.4   0.0   2.6  10.4   07:39   ESE
26  25.2  33.2   11:43  20.7   03:56   0.0   6.9  11.1   2.3  19.4   12:40   ENE
27  26.4  33.1   14:18  20.4   01:24   0.0   8.1   0.0   1.6   9.9   16:48    SW
28  26.8  34.3   13:15  20.7   01:56   0.0   8.5   0.0   1.5   6.5   11:49    SW
29  26.7  32.8   14:57  21.8   02:27   0.0   8.4   0.0   1.7   7.7   23:04   SSE
30  28.2  34.2   13:50  22.5   02:55   0.0   9.9   0.0   2.9  11.2   09:50     E
31  28.5  35.9   13:46  22.5   04:42   0.0  10.2   0.0   2.1  15.1   14:09     E
----------------------------------------------------------------------------------
    25.9  36.5    11    16.3     3     0.6 236.2  40.8   2.2  23.4     2     ESE

Max >=  27.0 31
Max <=   0.0  0
Min <=   0.0  0
Min <=  -5.0  0
Max Rain: 19.8 on day 2
Days of Rain: 9 (>= 0.2 mm)  4 (>= 2.0 mm)  0 (>= 20.0 mm)
Heat Base: 18.3  Cool Base: 18.3  Method: Integration