NOAA-Style Climate Reports

Select a Year or Month report
2020: Gen Feb Mar Apr Mag Giu Lug Ago Set Ott Nov Dic
2019: Gen Feb Mar Apr Mag Giu Lug Ago Set Ott Nov Dic
2018: Gen Feb Mar Apr Mag Giu Lug Ago Set Ott Nov Dic
2017: Gen Feb Mar Apr Mag Giu Lug Ago Set Ott Nov Dic
2016: Gen Feb Mar Apr Mag Giu Lug Ago Set Ott Nov Dic
2015: Gen Feb Mar Apr Mag Giu Lug Ago Set Ott Nov Dic
2014: Gen Feb Mar Apr Mag Giu Lug Ago Set Ott Nov Dic
2013: Gen Feb Mar Apr Mag Giu Lug Ago Set Ott Nov Dic
2012: Gen Feb Mar Apr Mag Giu Lug Ago Set Ott Nov Dic
2011: Gen Feb Mar Apr Mag Giu Lug Ago Set Ott Nov Dic

Report for 2019 Settembre
                   Monthly Climatological Summary for Sep 2019

Name: AT165-Meteoredipuglia   City: Fogliano Redipuglia   State: Italy
Elevation: 14 m  Lat: N 45 50 39   Lon: E 013 29 20

                  Temperature (°C), Rain (mm), Wind Speed (m/s)

                                      Heat  Cool        Avg
    Mean                              Deg   Deg         Wind                 Dom
Day Temp  High   Time   Low    Time   Days  Days  Rain  Speed High   Time    Dir
----------------------------------------------------------------------------------
01  27.4  33.4   13:47  21.0   04:53   0.0   9.1   0.0   1.6   8.3   22:33     S
02  24.8  31.9   11:56  19.0   23:44   0.0   6.5   5.4   2.8  20.7   13:09   ENE
03  22.4  29.3   13:28  16.0   04:36   0.2   4.3   0.9   2.9  11.7   14:26     E
04  22.3  32.7   15:36  14.1   04:08   0.6   4.5   0.0   1.7   6.9   11:13   ENE
05  23.5  30.4   14:18  13.3   04:07   0.8   6.0   0.0   3.9  16.4   14:45     E
06  20.5  23.7   00:00  15.4   23:53   0.4   2.6   7.5   7.2  25.5   09:08     E
07  19.7  25.6   12:20  14.8   01:21   0.9   2.3   1.2   2.1  10.4   13:29    SE
08  16.9  22.2   12:31  13.8   22:58   1.9   0.5  39.0   3.8  17.7   10:41     E
09  16.9  24.1   13:10  12.5   03:09   2.4   0.9   0.6   2.3   9.9   04:57    SE
10  20.4  29.6   15:26  13.7   03:45   1.3   3.4   0.0   1.9   9.9   04:31     E
11  20.5  26.8   13:46  12.6   04:53   1.1   3.3   0.0   3.1  12.6   08:26     E
12  22.6  31.0   12:38  14.8   03:41   0.6   4.9   0.0   1.8   9.5   12:58     E
13  23.1  30.7   12:45  15.5   04:07   0.3   5.1   0.0   1.3   6.1   09:59    NW
14  23.7  32.4   15:26  15.8   03:59   0.2   5.6   0.0   1.7  10.4   09:19     E
15  23.5  30.8   13:29  18.1   22:11   0.0   5.2   0.0   1.4   6.9   07:46   SSE
16  22.4  28.7   13:37  16.3   04:49   0.3   4.4   0.0   1.2   6.9   12:27   SSW
17  22.2  27.3   14:27  18.1   00:41   0.0   3.9   0.0   0.9   5.2   14:21   SSE
18  19.9  23.7   07:43  16.7   19:57   0.2   1.9   0.0   4.9  18.2   11:59     E
19  19.2  23.9   12:33  15.2   23:45   0.4   1.4   0.0   7.9  22.5   01:57     E
20  16.6  24.5   14:30  11.5   22:36   2.5   0.8   0.0   4.7  17.3   01:05     E
21  17.0  24.4   14:29   9.4   04:48   2.9   1.6   0.0   2.2   9.0   00:17   ESE
22  15.3  21.0   08:48  10.5   04:37   3.4   0.4   1.2   1.9   8.6   00:40     E
23  16.2  19.4   09:21  14.2   02:49   2.1   0.1  11.4   0.8   6.1   18:09   WNW
24  18.8  26.7   13:42  14.9   04:17   1.4   1.9   0.3   1.0   6.5   10:52   WNW
25  16.8  21.6   15:34  12.6   03:06   1.8   0.3   4.5   1.3  10.4   20:49     E
26  18.7  28.0   14:54  11.4   05:08   2.2   2.5   0.0   0.9   5.6   12:33    NW
27  19.0  26.7   11:33  11.7   04:43   1.5   2.2   0.0   1.1   6.1   12:34   SSE
28  20.1  25.5   12:43  16.9   00:50   0.2   2.0   0.6   1.7   7.4   11:23   SSE
29  20.8  25.8   10:14  17.9   22:42   0.0   2.6   0.0   2.5   8.3   12:30   SSE
30  20.6  25.3   13:20  18.0   20:53   0.0   2.3   0.0   2.1   7.7   09:33    SE
----------------------------------------------------------------------------------
    20.4  33.4     1     9.4    21    29.6  92.5  72.6   2.5  25.5     6       E

Max >=  27.0 13
Max <=   0.0  0
Min <=   0.0  0
Min <=  -5.0  0
Max Rain: 39.0 on day 8
Days of Rain: 11 (>= 0.2 mm)  5 (>= 2.0 mm)  1 (>= 20.0 mm)
Heat Base: 18.3  Cool Base: 18.3  Method: Integration