NOAA-Style Climate Reports

Select a Year or Month report
2020: Gen Feb Mar Apr Mag Giu Lug Ago Set Ott Nov Dic
2019: Gen Feb Mar Apr Mag Giu Lug Ago Set Ott Nov Dic
2018: Gen Feb Mar Apr Mag Giu Lug Ago Set Ott Nov Dic
2017: Gen Feb Mar Apr Mag Giu Lug Ago Set Ott Nov Dic
2016: Gen Feb Mar Apr Mag Giu Lug Ago Set Ott Nov Dic
2015: Gen Feb Mar Apr Mag Giu Lug Ago Set Ott Nov Dic
2014: Gen Feb Mar Apr Mag Giu Lug Ago Set Ott Nov Dic
2013: Gen Feb Mar Apr Mag Giu Lug Ago Set Ott Nov Dic
2012: Gen Feb Mar Apr Mag Giu Lug Ago Set Ott Nov Dic
2011: Gen Feb Mar Apr Mag Giu Lug Ago Set Ott Nov Dic

Report for 2019 Novembre
                   Monthly Climatological Summary for Nov 2019

Name: AT165-Meteoredipuglia   City: Fogliano Redipuglia   State: Italy
Elevation: 14 m  Lat: N 45 50 39   Lon: E 013 29 20

                  Temperature (°C), Rain (mm), Wind Speed (m/s)

                                      Heat  Cool        Avg
    Mean                              Deg   Deg         Wind                 Dom
Day Temp  High   Time   Low    Time   Days  Days  Rain  Speed High   Time    Dir
----------------------------------------------------------------------------------
01   9.7  15.9   13:13   3.1   04:29   8.6   0.0   0.0   1.8   8.6   08:57     E
02  11.1  12.5   23:20   9.7   05:07   7.2   0.0   9.3   1.0   5.6   06:37     N
03  16.5  21.3   12:18  11.7   00:23   2.2   0.3  26.4   3.3  17.3   16:28   SSE
04  14.1  18.1   08:31  12.3   06:25   4.2   0.0   0.9   1.3   6.9   00:13   SSE
05  15.3  19.0   09:53  12.8   18:32   3.0   0.0  39.0   2.9  17.3   10:05   SSE
06  11.6  18.6   09:40   9.0   23:27   6.7   0.0  10.2   1.5  12.6   13:50   ESE
07  11.1  17.5   12:10   7.4   03:22   7.2   0.0   0.3   1.6   6.9   21:52   ESE
08  11.3  14.6   13:52   8.9   00:08   7.0   0.0  53.7   3.6  13.8   08:15     E
09  10.1  18.4   14:38   4.9   23:50   8.2   0.0   8.1   1.3   9.5   05:07   ENE
10   9.7  19.2   14:06   3.3   05:07   8.6   0.0   0.0   1.4   9.5   18:35     E
11   9.8  11.3   22:13   7.1   04:27   8.5   0.0   2.4   1.9  11.2   17:06   ENE
12  11.2  12.9   20:21  10.0   03:28   5.9   0.0  23.4   5.4  22.9   15:51   ENE
13  10.2  12.0   08:51   6.6   22:33   8.1   0.0  13.5   2.5  13.8   04:09   ENE
14  10.4  14.5   10:13   6.2   06:01   7.9   0.0   0.3   2.1  10.8   08:32   ENE
15  13.9  16.8   18:55  10.7   00:23   4.4   0.0  39.9   3.9  15.1   20:32    SE
16  12.5  15.5   12:29  10.2   21:41   5.8   0.0   6.3   1.9  16.4   23:59    NE
17  14.4  17.4   09:31  10.1   23:43   3.9   0.0  47.7   5.3  20.7   00:13   ESE
18  11.0  19.5   13:31   6.1   06:28   7.3   0.0  18.9   1.8  10.4   22:52    NE
19  11.6  14.7   09:08   9.4   00:00   6.7   0.0  69.9   3.0  12.1   06:51   NNE
20  11.1  14.4   11:36   8.2   05:25   7.2   0.0   0.6   1.1   7.4   09:51   ENE
21  10.7  15.0   11:55   8.1   21:37   7.6   0.0   0.0   0.7   4.3   00:52    SE
22  11.7  17.4   14:34   6.8   02:33   6.6   0.0   5.7   1.4  12.1   23:24     E
23  13.9  17.2   13:20  10.4   00:58   4.4   0.0   4.2   2.6  10.4   05:56     E
24  14.0  16.3   10:08  10.7   23:22   4.3   0.0   0.3   3.2  11.7   00:37   ENE
25  12.8  22.3   12:07   7.2   22:35   6.0   0.6   0.0   1.5   9.5   14:18    NE
26  10.9  16.9   10:55   5.9   06:19   7.4   0.0   0.0   2.2   9.5   16:25     E
27  12.0  13.0   09:41  10.7   00:08   6.3   0.0  41.4   1.3   6.9   22:48     E
28  11.1  12.9   09:18  10.1   22:30   7.2   0.0   0.0   0.5   3.9   01:25   WNW
29  10.5  14.2   11:22   5.8   23:46   7.8   0.0   0.0   0.6   5.2   16:44   NNE
30   8.9  14.3   09:29   5.2   00:31   9.4   0.0   0.3   3.8  15.5   20:30     E
----------------------------------------------------------------------------------
    11.8  22.3    25     3.1     1   195.6   0.9 422.7   2.2  22.9    12       E

Max >=  27.0  0
Max <=   0.0  0
Min <=   0.0  0
Min <=  -5.0  0
Max Rain: 69.9 on day 19
Days of Rain: 23 (>= 0.2 mm)  17 (>= 2.0 mm)  8 (>= 20.0 mm)
Heat Base: 18.3  Cool Base: 18.3  Method: Integration