NOAA-Style Climate Reports

Select a Year or Month report
2020: Gen Feb Mar Apr Mag Giu Lug Ago Set Ott Nov Dic
2019: Gen Feb Mar Apr Mag Giu Lug Ago Set Ott Nov Dic
2018: Gen Feb Mar Apr Mag Giu Lug Ago Set Ott Nov Dic
2017: Gen Feb Mar Apr Mag Giu Lug Ago Set Ott Nov Dic
2016: Gen Feb Mar Apr Mag Giu Lug Ago Set Ott Nov Dic
2015: Gen Feb Mar Apr Mag Giu Lug Ago Set Ott Nov Dic
2014: Gen Feb Mar Apr Mag Giu Lug Ago Set Ott Nov Dic
2013: Gen Feb Mar Apr Mag Giu Lug Ago Set Ott Nov Dic
2012: Gen Feb Mar Apr Mag Giu Lug Ago Set Ott Nov Dic
2011: Gen Feb Mar Apr Mag Giu Lug Ago Set Ott Nov Dic

Report for 2019 Dicembre
                   Monthly Climatological Summary for Dec 2019

Name: AT165-Meteoredipuglia   City: Fogliano Redipuglia   State: Italy
Elevation: 14 m  Lat: N 45 50 39   Lon: E 013 29 20

                  Temperature (°C), Rain (mm), Wind Speed (m/s)

                                      Heat  Cool        Avg
    Mean                              Deg   Deg         Wind                 Dom
Day Temp  High   Time   Low    Time   Days  Days  Rain  Speed High   Time    Dir
----------------------------------------------------------------------------------
01   8.0  10.2   13:14   5.6   00:05  10.3   0.0   9.6   2.0   9.5   15:19   ENE
02   9.4  11.9   11:24   6.0   23:55   8.9   0.0  15.3   2.2  16.0   17:27     E
03   5.6  10.6   13:12   0.5   22:58  12.7   0.0   0.0   2.8  13.3   11:56     E
04   4.5  13.3   14:41  -0.7   05:31  13.8   0.0   0.0   2.2  10.8   10:56   ENE
05   5.4  16.9   13:23   1.1   01:37  12.9   0.0   0.0   1.3  10.8   07:10     E
06   7.0  11.7   10:48   3.8   00:00  11.3   0.0   0.0   0.7   4.3   02:36    NW
07   7.7  13.2   12:43   4.8   05:34  10.6   0.0   0.0   0.5   4.7   13:34     W
08   7.8  12.2   12:17   4.6   04:13  10.5   0.0   0.0   0.6   3.9   10:01   SSE
09   8.0   9.6   13:28   5.7   23:36  10.3   0.0   0.9   0.8   5.6   13:33     N
10   7.8  16.7   12:59   2.0   06:12  10.5   0.0   0.6   2.0  11.7   19:16   ENE
11   4.2  13.9   12:38  -1.7   05:56  14.1   0.0   0.0   1.6   9.5   07:20    NE
12   3.9   6.8   11:12   0.3   00:13  14.4   0.0   8.7   4.2  16.0   06:25   ENE
13   4.4   7.9   14:45   2.1   06:13  13.9   0.0  21.3   3.6  18.2   15:37   ENE
14   7.4  16.2   12:45   2.3   04:42  10.9   0.0   0.0   1.6   7.4   03:14   ENE
15   9.4  15.4   13:29   5.2   00:51   8.9   0.0   0.0   1.2   9.0   01:59     E
16  11.0  14.9   13:13   7.8   01:21   7.3   0.0   0.0   0.3   3.0   23:17     N
17  12.7  15.5   13:31  10.5   01:40   5.6   0.0   0.0   0.7   6.9   15:32     N
18  14.0  19.0   13:07  11.3   07:12   4.3   0.0   0.6   1.2   6.9   20:58   ESE
19  13.7  16.7   09:59  12.0   03:58   4.6   0.0   9.9   2.3   9.0   15:32   ESE
20  12.2  14.0   11:38  11.3   20:17   6.1   0.0  11.1   2.5  11.2   23:31   SSE
21  12.9  16.2   12:59   9.7   20:25   5.4   0.0  28.5   4.3  16.0   10:54   SSE
22   9.1  11.2   04:08   7.4   20:31   9.1   0.0  34.8   2.8  11.7   08:09    NE
23   8.3  15.9   13:49   3.5   23:44  10.0   0.0   0.0   0.6   5.6   00:21   ENE
24   6.8  13.3   09:30   1.5   06:31  11.5   0.0   0.3   1.2   7.7   22:33     E
25   6.6  16.3   11:35   1.6   04:45  11.7   0.0   0.0   0.7   6.9   19:31   NNW
26   7.0  16.7   12:04   0.9   01:31  11.3   0.0   0.0   0.6   5.2   05:24    NW
27   7.6  16.6   11:54   2.0   23:12  10.7   0.0   0.0   1.3   8.3   07:32   ENE
28   4.7  15.1   14:04  -0.8   23:07  13.6   0.0   0.0   1.2   7.7   07:32    NE
29   3.6  10.5   12:37   0.3   06:56  14.7   0.0   0.0   2.9  12.1   04:02     E
30   2.7  10.5   14:24  -2.9   05:31  15.6   0.0   0.0   0.9   6.5   00:20   NNW
31   3.9  13.7   12:48  -1.4   03:53  14.4   0.0   0.0   0.6   7.4   00:31   WSW
----------------------------------------------------------------------------------
     7.7  19.0    18    -2.9    30   329.9   0.0 141.6   1.6  18.2    13     ENE

Max >=  27.0  0
Max <=   0.0  0
Min <=   0.0  5
Min <=  -5.0  0
Max Rain: 34.8 on day 22
Days of Rain: 12 (>= 0.2 mm)  8 (>= 2.0 mm)  3 (>= 20.0 mm)
Heat Base: 18.3  Cool Base: 18.3  Method: Integration