NOAA-Style Climate Reports


Report for 2020
                   Annual Climatological Summary for 2020

Name: AT165-Meteoredipuglia   City: Fogliano Redipuglia   State: Italy
Elevation: 14 m  Lat: N 45 50 39   Lon: E 013 29 20

                  Temperature (°C), Heat Base: 18.3  Cool Base: 18.3
                          Dep.  Heat  Cool                       Max  Max  Min  Min
        Mean  Mean        From  Deg   Deg                        >=   <=   <=   <=
 YR MO  Max   Min   Mean  Norm  Days  Days  Hi  Date  Low  Date 27.0  0.0  0.0  -5.0
------------------------------------------------------------------------------------
 20  1  13.1   0.9   6.0   1.5   383     0  17.4  11  -2.7    7    0    0   14    0
 20  2  14.5   3.1   8.3   2.5   289     0  20.1  12  -0.8    6    0    0    6    0
 20  3  15.6   4.4   9.7   1.1   268     3  24.5  18  -0.2   24    0    0    1    0
 20  4  21.5   7.6  14.9   2.9   127    24  26.8  10  -1.0    2    0    0    1    0
 20  5  24.1  12.1  18.3   1.8    56    55  28.0  21   8.2    5    3    0    0    0
 20  6  26.8  16.2  21.3   1.0    16   106  32.4  22  12.6   12   15    0    0    0
 20  7  31.0  19.8  25.5   3.1     0    36  32.8   5  17.7    4    5    0    0    0
 20  8
 20  9
 20 10
 20 11
 20 12
------------------------------------------------------------------------------------
        21.0   9.1  14.8   2.0  1139   224  32.8 Jul  -2.7  Jan   23    0   22    0

                                Precipitation (mm)

              Dep.   Max        Days of Rain
              From   Obs.           >=
 YR MO Total  Norm   Day Date  0.2  2.0 20.0
---------------------------------------------
 20  1  13.8 -65.2   5.7  28     5    3    0
 20  2  23.1 -55.9   7.2   4     9    4    0
 20  3 133.5  61.5  73.8   1    11    6    2
 20  4  13.2 -93.8   6.0  29     4    2    0
 20  5  53.1 -40.9  10.2   2    14    8    0
 20  6 134.7  23.7  36.0   4    15   10    2
 20  7   0.0 -79.0   0.0   0     0    0    0
---------------------------------------------
       371.4-249.6  73.8  Mar   58   33    4

                                Wind Speed (m/s)
                          Dom
 YR MO   Avg.  Hi   Date  Dir
------------------------------
 20  1   1.1  18.5   20   ENE
 20  2   1.4  18.5   26    SE
 20  3   3.4  32.4   26     E
 20  4   3.1  25.0   21   ESE
 20  5   2.6  24.6   19   ESE
 20  6   2.1  13.3    4   SSE
 20  7   2.1  19.1    3   ENE
 20  8
 20  9
 20 10
 20 11
 20 12
------------------------------
         2.2  32.4  Mar   ESE