NOAA-Style Climate Reports

Select a Year or Month report
2020: Gen Feb Mar Apr Mag Giu Lug Ago Set Ott Nov Dic
2019: Gen Feb Mar Apr Mag Giu Lug Ago Set Ott Nov Dic
2018: Gen Feb Mar Apr Mag Giu Lug Ago Set Ott Nov Dic
2017: Gen Feb Mar Apr Mag Giu Lug Ago Set Ott Nov Dic
2016: Gen Feb Mar Apr Mag Giu Lug Ago Set Ott Nov Dic
2015: Gen Feb Mar Apr Mag Giu Lug Ago Set Ott Nov Dic
2014: Gen Feb Mar Apr Mag Giu Lug Ago Set Ott Nov Dic
2013: Gen Feb Mar Apr Mag Giu Lug Ago Set Ott Nov Dic
2012: Gen Feb Mar Apr Mag Giu Lug Ago Set Ott Nov Dic
2011: Gen Feb Mar Apr Mag Giu Lug Ago Set Ott Nov Dic

Report for 2020 Gennaio
                   Monthly Climatological Summary for Jan 2020

Name: AT165-Meteoredipuglia   City: Fogliano Redipuglia   State: Italy
Elevation: 14 m  Lat: N 45 50 39   Lon: E 013 29 20

                  Temperature (°C), Rain (mm), Wind Speed (m/s)

                                      Heat  Cool        Avg
    Mean                              Deg   Deg         Wind                 Dom
Day Temp  High   Time   Low    Time   Days  Days  Rain  Speed High   Time    Dir
----------------------------------------------------------------------------------
01   6.6  16.6   12:07  -0.7   04:33  11.7   0.0   0.0   1.0   8.3   21:10   NNE
02   6.2  14.6   12:13   0.3   23:03  12.1   0.0   0.0   1.1   7.4   01:20    NE
03   4.2  13.2   13:07  -1.0   06:23  14.1   0.0   0.0   0.5   3.9   11:53    NW
04   4.3  12.6   11:30  -0.6   05:45  14.0   0.0   0.0   0.8   7.7   18:44     N
05   6.5  17.0   14:30  -0.2   06:32  11.8   0.0   0.0   1.4   6.9   17:54     N
06   3.6  11.3   10:22  -1.8   23:53  14.7   0.0   0.0   0.8   5.6   08:21   ENE
07   2.4  10.8   10:55  -2.7   06:07  15.9   0.0   0.0   0.6   7.7   04:20   NNW
08   6.0  16.2   12:31  -0.9   00:26  12.3   0.0   0.0   0.8   5.6   22:14   NNW
09   6.3  15.6   13:48   0.4   22:44  12.0   0.0   0.0   0.6   3.9   11:43   SSE
10   4.4   9.0   14:11   0.9   00:00  13.9   0.0   0.0   0.7   3.9   01:43    SE
11   7.8  17.4   12:14  -0.3   05:59  10.5   0.0   0.0   3.0  16.4   17:44     E
12   5.3  12.5   12:13  -0.2   05:41  13.0   0.0   0.0   1.2   6.9   03:20   NNW
13   6.4  13.5   10:52   1.3   06:59  11.9   0.0   0.0   1.4   9.0   03:20     E
14   3.5  10.9   10:51  -0.1   07:08  14.8   0.0   0.0   0.6   4.7   12:32   SSE
15   4.6   8.6   13:14   0.5   01:40  13.7   0.0   0.0   0.4   2.5   13:46    NW
16   7.7  15.9   10:52   1.5   06:36  10.6   0.0   0.0   1.2   6.9   19:14   NNE
17   6.9  15.4   10:33   0.9   05:43  11.4   0.0   0.0   0.9   5.2   12:36   SSE
18   6.4   9.4   11:07   2.8   02:49  11.9   0.0   0.3   1.3   8.3   13:15    NE
19   6.9  14.3   13:29   2.4   21:13  11.4   0.0   0.0   1.6   8.6   14:01   ENE
20   6.1  13.0   09:15   0.4   23:55  12.2   0.0   0.0   3.4  18.5   14:26     E
21   3.7  12.3   13:16  -1.8   05:16  14.6   0.0   0.0   0.6   5.2   13:55    NW
22   3.9  11.9   12:54  -1.1   06:30  14.4   0.0   0.0   0.6   4.7   13:22   SSW
23   5.1  14.8   14:18  -2.4   03:54  13.2   0.0   0.0   1.5   8.6   13:22   ENE
24   5.3  14.5   13:48  -0.5   03:33  13.0   0.0   0.0   0.8   6.1   01:45     E
25   7.1  11.0   12:04   1.4   00:29  11.2   0.0   3.6   1.0  11.7   05:22    NE
26   8.1   9.3   11:36   6.9   01:28  10.2   0.0   3.6   0.6   4.7   14:55    SE
27   8.0  11.6   12:51   6.5   20:00  10.3   0.0   0.6   0.3   3.0   10:20   SSW
28   8.5  11.1   11:07   6.7   00:35   9.8   0.0   5.7   1.4   9.0   11:17    SE
29   8.0  15.8   12:56   5.1   23:37  10.3   0.0   0.0   1.7   6.5   06:14    SE
30   7.7  16.4   12:54   0.7   04:59  10.6   0.0   0.0   1.3   6.9   05:46   NNE
31   7.1  11.0   10:48   3.1   05:08  11.2   0.0   0.0   0.7   5.2   12:37     S
----------------------------------------------------------------------------------
     6.0  17.4    11    -2.7     7   382.7   0.0  13.8   1.1  18.5    20     ENE

Max >=  27.0  0
Max <=   0.0  0
Min <=   0.0 14
Min <=  -5.0  0
Max Rain: 5.7 on day 28
Days of Rain: 5 (>= 0.2 mm)  3 (>= 2.0 mm)  0 (>= 20.0 mm)
Heat Base: 18.3  Cool Base: 18.3  Method: Integration