NOAA-Style Climate Reports
Select a Year or Month report
2024: Gen Feb Mar Apr Mag Giu Lug Ago Set Ott Nov Dic
2023: Gen Feb Mar Apr Mag Giu Lug Ago Set Ott Nov Dic
2022: Gen Feb Mar Apr Mag Giu Lug Ago Set Ott Nov Dic
2021: Gen Feb Mar Apr Mag Giu Lug Ago Set Ott Nov Dic
2020: Gen Feb Mar Apr Mag Giu Lug Ago Set Ott Nov Dic
2019: Gen Feb Mar Apr Mag Giu Lug Ago Set Ott Nov Dic
2018: Gen Feb Mar Apr Mag Giu Lug Ago Set Ott Nov Dic
2017: Gen Feb Mar Apr Mag Giu Lug Ago Set Ott Nov Dic
2016: Gen Feb Mar Apr Mag Giu Lug Ago Set Ott Nov Dic
2015: Gen Feb Mar Apr Mag Giu Lug Ago Set Ott Nov Dic
2014: Gen Feb Mar Apr Mag Giu Lug Ago Set Ott Nov Dic
2013: Gen Feb Mar Apr Mag Giu Lug Ago Set Ott Nov Dic
2012: Gen Feb Mar Apr Mag Giu Lug Ago Set Ott Nov Dic
2011: Gen Feb Mar Apr Mag Giu Lug Ago Set Ott Nov Dic
2024: Gen Feb Mar Apr Mag Giu Lug Ago Set Ott Nov Dic
2023: Gen Feb Mar Apr Mag Giu Lug Ago Set Ott Nov Dic
2022: Gen Feb Mar Apr Mag Giu Lug Ago Set Ott Nov Dic
2021: Gen Feb Mar Apr Mag Giu Lug Ago Set Ott Nov Dic
2020: Gen Feb Mar Apr Mag Giu Lug Ago Set Ott Nov Dic
2019: Gen Feb Mar Apr Mag Giu Lug Ago Set Ott Nov Dic
2018: Gen Feb Mar Apr Mag Giu Lug Ago Set Ott Nov Dic
2017: Gen Feb Mar Apr Mag Giu Lug Ago Set Ott Nov Dic
2016: Gen Feb Mar Apr Mag Giu Lug Ago Set Ott Nov Dic
2015: Gen Feb Mar Apr Mag Giu Lug Ago Set Ott Nov Dic
2014: Gen Feb Mar Apr Mag Giu Lug Ago Set Ott Nov Dic
2013: Gen Feb Mar Apr Mag Giu Lug Ago Set Ott Nov Dic
2012: Gen Feb Mar Apr Mag Giu Lug Ago Set Ott Nov Dic
2011: Gen Feb Mar Apr Mag Giu Lug Ago Set Ott Nov Dic
Report for 2020 Marzo
Monthly Climatological Summary for Mar 2020 Name: AT165-Meteoredipuglia City: Fogliano Redipuglia State: Italy Elevation: 14 m Lat: N 45 50 39 Lon: E 013 29 20 Temperature (°C), Rain (mm), Wind Speed (m/s) Heat Cool Avg Mean Deg Deg Wind Dom Day Temp High Time Low Time Days Days Rain Speed High Time Dir ---------------------------------------------------------------------------------- 01 9.8 10.9 16:49 8.3 22:40 8.5 0.0 73.8 2.6 11.2 10:09 SSE 02 9.9 12.2 16:33 7.4 06:44 8.4 0.0 27.3 2.9 13.8 16:48 SE 03 11.1 16.9 13:13 7.3 23:43 7.2 0.0 3.6 2.5 11.7 17:33 SE 04 7.7 15.2 15:06 3.0 21:40 10.6 0.0 4.5 1.0 7.7 12:51 ENE 05 7.3 14.1 11:30 0.6 05:13 11.0 0.0 3.3 1.4 8.6 03:14 NE 06 7.1 13.3 14:31 4.8 03:38 11.2 0.0 16.8 2.5 11.7 03:39 NE 07 10.3 18.7 15:39 3.5 23:59 8.0 0.0 1.2 1.7 16.0 18:11 NNE 08 8.2 15.6 11:55 1.8 03:51 10.1 0.0 0.0 1.5 8.6 13:44 NW 09 8.5 14.5 11:28 2.7 01:24 9.8 0.0 0.0 1.0 6.5 13:10 WNW 10 9.1 17.4 15:31 3.3 03:47 9.2 0.0 0.0 0.9 5.6 02:21 N 11 9.8 16.9 12:00 3.9 05:44 8.5 0.0 0.0 1.4 7.4 14:25 SSE 12 10.8 17.8 11:53 3.5 04:32 7.5 0.0 0.0 1.2 6.5 12:40 SSW 13 11.5 12.8 15:28 10.0 07:07 6.8 0.0 0.3 2.0 15.1 23:47 E 14 11.5 14.3 09:47 8.4 18:53 6.8 0.0 0.3 6.4 23.4 08:21 E 15 10.2 14.9 15:33 4.1 23:59 8.1 0.0 0.0 3.7 12.1 12:52 E 16 8.8 17.6 14:07 0.7 05:19 9.5 0.0 0.0 1.5 6.5 14:57 SSW 17 9.5 16.9 13:17 1.5 04:17 8.8 0.0 0.0 1.1 6.5 14:36 WSW 18 14.5 24.5 14:40 4.9 04:26 5.1 1.3 0.0 1.6 9.9 12:33 E 19 14.1 21.3 09:21 7.5 05:11 4.9 0.7 0.0 1.7 8.3 10:45 SSW 20 11.3 18.4 08:01 5.5 04:46 7.0 0.0 0.0 1.2 6.5 10:12 SSW 21 12.6 19.9 14:16 6.8 05:26 5.8 0.1 0.0 2.3 19.4 22:52 E 22 9.1 13.6 11:13 4.4 23:42 9.2 0.0 0.0 7.9 27.2 17:35 E 23 6.2 12.0 14:46 1.1 03:49 12.1 0.0 0.0 6.7 24.1 01:27 ENE 24 6.2 11.6 11:38 -0.2 04:46 12.1 0.0 0.0 3.8 16.9 09:40 ENE 25 4.6 7.4 12:43 1.7 01:34 13.7 0.0 1.5 9.5 30.6 11:10 ENE 26 7.3 10.4 22:52 4.5 04:16 11.0 0.0 0.9 11.0 32.4 14:43 ENE 27 12.3 17.6 14:22 6.7 01:45 6.0 0.0 0.0 6.1 25.5 04:33 ENE 28 12.5 21.0 14:47 4.9 04:30 6.2 0.4 0.0 1.8 10.4 09:31 SSW 29 13.3 20.9 12:09 4.7 04:10 5.2 0.2 0.0 2.0 11.7 23:34 ESE 30 9.6 14.3 00:00 5.6 23:05 8.7 0.0 0.0 8.6 22.0 06:31 E 31 7.0 11.7 13:38 3.4 22:26 11.3 0.0 0.0 5.1 20.3 11:54 E ---------------------------------------------------------------------------------- 9.7 24.5 18 -0.2 24 268.3 2.7 133.5 3.4 32.4 26 E Max >= 27.0 0 Max <= 0.0 0 Min <= 0.0 1 Min <= -5.0 0 Max Rain: 73.8 on day 1 Days of Rain: 11 (>= 0.2 mm) 6 (>= 2.0 mm) 2 (>= 20.0 mm) Heat Base: 18.3 Cool Base: 18.3 Method: Integration