NOAA-Style Climate Reports
Select a Year or Month report
2024: Gen Feb Mar Apr Mag Giu Lug Ago Set Ott Nov Dic
2023: Gen Feb Mar Apr Mag Giu Lug Ago Set Ott Nov Dic
2022: Gen Feb Mar Apr Mag Giu Lug Ago Set Ott Nov Dic
2021: Gen Feb Mar Apr Mag Giu Lug Ago Set Ott Nov Dic
2020: Gen Feb Mar Apr Mag Giu Lug Ago Set Ott Nov Dic
2019: Gen Feb Mar Apr Mag Giu Lug Ago Set Ott Nov Dic
2018: Gen Feb Mar Apr Mag Giu Lug Ago Set Ott Nov Dic
2017: Gen Feb Mar Apr Mag Giu Lug Ago Set Ott Nov Dic
2016: Gen Feb Mar Apr Mag Giu Lug Ago Set Ott Nov Dic
2015: Gen Feb Mar Apr Mag Giu Lug Ago Set Ott Nov Dic
2014: Gen Feb Mar Apr Mag Giu Lug Ago Set Ott Nov Dic
2013: Gen Feb Mar Apr Mag Giu Lug Ago Set Ott Nov Dic
2012: Gen Feb Mar Apr Mag Giu Lug Ago Set Ott Nov Dic
2011: Gen Feb Mar Apr Mag Giu Lug Ago Set Ott Nov Dic
2024: Gen Feb Mar Apr Mag Giu Lug Ago Set Ott Nov Dic
2023: Gen Feb Mar Apr Mag Giu Lug Ago Set Ott Nov Dic
2022: Gen Feb Mar Apr Mag Giu Lug Ago Set Ott Nov Dic
2021: Gen Feb Mar Apr Mag Giu Lug Ago Set Ott Nov Dic
2020: Gen Feb Mar Apr Mag Giu Lug Ago Set Ott Nov Dic
2019: Gen Feb Mar Apr Mag Giu Lug Ago Set Ott Nov Dic
2018: Gen Feb Mar Apr Mag Giu Lug Ago Set Ott Nov Dic
2017: Gen Feb Mar Apr Mag Giu Lug Ago Set Ott Nov Dic
2016: Gen Feb Mar Apr Mag Giu Lug Ago Set Ott Nov Dic
2015: Gen Feb Mar Apr Mag Giu Lug Ago Set Ott Nov Dic
2014: Gen Feb Mar Apr Mag Giu Lug Ago Set Ott Nov Dic
2013: Gen Feb Mar Apr Mag Giu Lug Ago Set Ott Nov Dic
2012: Gen Feb Mar Apr Mag Giu Lug Ago Set Ott Nov Dic
2011: Gen Feb Mar Apr Mag Giu Lug Ago Set Ott Nov Dic
Report for 2020 Aprile
Monthly Climatological Summary for Apr 2020 Name: AT165-Meteoredipuglia City: Fogliano Redipuglia State: Italy Elevation: 14 m Lat: N 45 50 39 Lon: E 013 29 20 Temperature (°C), Rain (mm), Wind Speed (m/s) Heat Cool Avg Mean Deg Deg Wind Dom Day Temp High Time Low Time Days Days Rain Speed High Time Dir ---------------------------------------------------------------------------------- 01 7.3 14.0 13:38 1.2 23:27 11.0 0.0 0.0 2.6 10.8 12:51 ENE 02 7.8 15.7 15:00 -1.0 03:57 10.5 0.0 0.0 1.6 9.5 10:47 WNW 03 9.4 16.3 12:20 0.7 04:37 8.9 0.0 0.0 1.6 9.5 11:17 WSW 04 14.6 21.0 14:12 6.1 01:40 4.0 0.3 0.0 3.5 13.0 07:32 E 05 16.5 21.1 15:20 10.7 02:29 2.4 0.5 0.0 5.5 16.4 21:36 E 06 17.4 23.5 14:48 8.0 04:22 2.0 1.2 0.0 5.6 17.3 08:33 E 07 16.5 24.5 11:42 5.9 04:45 3.6 1.8 0.0 2.6 12.6 13:10 E 08 15.7 24.5 14:19 6.1 03:37 4.0 1.4 0.0 3.7 17.3 08:12 E 09 15.6 24.5 10:44 6.5 04:27 4.4 1.7 0.0 1.6 8.6 13:44 SW 10 17.0 26.8 13:39 6.3 04:23 4.0 2.7 0.0 1.5 9.5 12:51 WSW 11 17.5 25.8 14:42 8.5 02:37 3.3 2.5 0.0 1.2 7.7 12:53 SW 12 16.8 25.3 09:48 8.1 04:25 3.6 2.1 0.0 1.6 8.3 05:17 SSW 13 15.2 21.6 08:18 8.7 04:29 3.7 0.6 0.0 1.9 9.9 12:40 S 14 11.4 17.9 08:37 4.6 23:15 6.9 0.0 0.9 4.8 24.1 11:00 ESE 15 11.5 19.0 14:50 5.4 04:49 6.8 0.0 0.0 3.0 11.7 03:06 E 16 12.3 19.8 12:25 3.4 04:07 6.1 0.1 0.0 1.7 7.7 12:39 SSW 17 13.3 21.4 14:59 5.0 04:19 5.4 0.4 0.0 1.4 6.5 12:39 SSW 18 14.8 23.1 13:48 5.7 02:30 4.5 1.0 0.0 1.4 7.4 11:39 S 19 16.1 23.5 12:19 7.1 04:07 3.4 1.2 0.0 1.6 9.9 23:58 SSW 20 16.1 18.1 12:04 14.2 06:54 2.2 0.0 0.0 10.5 23.4 12:04 E 21 16.3 20.6 14:33 12.5 23:55 2.3 0.2 0.0 8.4 25.0 09:59 E 22 17.0 21.9 14:34 10.6 02:50 2.1 0.8 0.0 6.5 23.4 08:59 E 23 17.2 24.5 14:59 10.1 03:38 2.7 1.6 0.0 3.8 16.9 07:24 ESE 24 15.7 21.6 13:58 8.5 02:15 3.3 0.7 0.0 2.3 9.0 12:54 SSE 25 15.9 20.7 10:14 8.5 02:59 3.0 0.6 0.0 2.0 9.0 12:53 SSW 26 17.1 22.0 11:58 11.5 22:34 2.2 1.0 0.3 1.9 8.6 03:40 S 27 16.2 22.4 11:25 10.0 04:07 2.9 0.8 0.0 1.7 7.7 11:32 S 28 16.9 21.4 13:46 13.7 04:49 1.8 0.4 0.0 2.4 10.4 16:18 S 29 15.3 21.7 14:54 10.7 23:23 3.1 0.1 6.0 2.1 9.9 10:20 SSE 30 16.3 21.7 09:10 10.6 03:54 2.8 0.7 6.0 2.0 8.6 20:22 S ---------------------------------------------------------------------------------- 14.9 26.8 10 -1.0 2 126.9 24.4 13.2 3.1 25.0 21 ESE Max >= 27.0 0 Max <= 0.0 0 Min <= 0.0 1 Min <= -5.0 0 Max Rain: 6.0 on day 29 Days of Rain: 4 (>= 0.2 mm) 2 (>= 2.0 mm) 0 (>= 20.0 mm) Heat Base: 18.3 Cool Base: 18.3 Method: Integration